{"id":97,"date":"2020-03-23T14:28:03","date_gmt":"2020-03-23T13:28:03","guid":{"rendered":"https:\/\/wordpress.nibis.de\/gsisolde\/?page_id=97"},"modified":"2020-08-18T11:16:03","modified_gmt":"2020-08-18T09:16:03","slug":"unsere-regeln","status":"publish","type":"page","link":"https:\/\/wordpress.nibis.de\/gsisolde\/unsere-regeln\/","title":{"rendered":"Unsere Regeln"},"content":{"rendered":"\n<p style=\"text-align: justify\"><span style=\"color: #000000\">Einfach anklicken, um unsere Regeln lesen zu k\u00f6nnen.<\/span><\/p>\n<ul>\n<li style=\"text-align: justify\"><span style=\"text-decoration: underline;color: #ffffff\"><span><a style=\"color: #ffffff;text-decoration: underline\" href=\"https:\/\/wordpress.nibis.de\/gsisolde\/files\/2020\/08\/B\u00fcchereiregeln.pdf\" target=\"_blank\" rel=\"noopener noreferrer\">B\u00fcchereiregeln<\/a><\/span><\/span><\/li>\n<li style=\"text-align: justify\"><span style=\"text-decoration: underline;color: #ffffff\"><a style=\"color: #ffffff;text-decoration: underline\" href=\"https:\/\/wordpress.nibis.de\/gsisolde\/files\/2020\/07\/Sportregeln.pdf\" target=\"_blank\" rel=\"noopener noreferrer\">Sportregeln<\/a><\/span><\/li>\n<li style=\"text-align: justify\"><span style=\"text-decoration: underline;color: #ffffff\"><a style=\"color: #ffffff;text-decoration: underline\" href=\"https:\/\/wordpress.nibis.de\/gsisolde\/files\/2020\/08\/Computerregeln.pdf\" target=\"_blank\" rel=\"noopener noreferrer\">Computerregeln<\/a><\/span><\/li>\n<li style=\"text-align: justify\"><span style=\"color: #ffffff\"><a style=\"color: #ffffff;text-decoration: underline\" href=\"https:\/\/wordpress.nibis.de\/gsisolde\/files\/2020\/08\/Hausaufgaben-Sch\u00fclerinfo.pdf\" target=\"_blank\" rel=\"noopener noreferrer\">Hausaufgaben Sch\u00fclerinfo<\/a><\/span><\/li>\n<li style=\"text-align: justify\"><span style=\"text-decoration: underline;color: #ffffff\"><a style=\"color: #ffffff;text-decoration: underline\" href=\"https:\/\/wordpress.nibis.de\/gsisolde\/files\/2020\/08\/Verhalten-nach-der-Pause.pdf\" target=\"_blank\" rel=\"noopener noreferrer\">Verhalten nach der Pause<\/a><\/span><\/li>\n<li style=\"text-align: justify\"><span style=\"color: #ffffff\"><span style=\"text-decoration: underline\"><span><a style=\"color: #ffffff;text-decoration: underline\" href=\"https:\/\/wordpress.nibis.de\/gsisolde\/files\/2020\/08\/Toilettenregeln.pdf\" target=\"_blank\" rel=\"noopener noreferrer\">Toilettenregeln<\/a><\/span><\/span><\/span><\/li>\n<\/ul>\n","protected":false},"excerpt":{"rendered":"<p>Einfach anklicken, um unsere Regeln lesen zu k\u00f6nnen. B\u00fcchereiregeln Sportregeln Computerregeln Hausaufgaben Sch\u00fclerinfo Verhalten nach der Pause Toilettenregeln<\/p>\n","protected":false},"author":9193454,"featured_media":0,"parent":0,"menu_order":0,"comment_status":"closed","ping_status":"closed","template":"","meta":{"footnotes":""},"class_list":["post-97","page","type-page","status-publish","hentry"],"_links":{"self":[{"href":"https:\/\/wordpress.nibis.de\/gsisolde\/wp-json\/wp\/v2\/pages\/97","targetHints":{"allow":["GET"]}}],"collection":[{"href":"https:\/\/wordpress.nibis.de\/gsisolde\/wp-json\/wp\/v2\/pages"}],"about":[{"href":"https:\/\/wordpress.nibis.de\/gsisolde\/wp-json\/wp\/v2\/types\/page"}],"author":[{"embeddable":true,"href":"https:\/\/wordpress.nibis.de\/gsisolde\/wp-json\/wp\/v2\/users\/9193454"}],"replies":[{"embeddable":true,"href":"https:\/\/wordpress.nibis.de\/gsisolde\/wp-json\/wp\/v2\/comments?post=97"}],"version-history":[{"count":14,"href":"https:\/\/wordpress.nibis.de\/gsisolde\/wp-json\/wp\/v2\/pages\/97\/revisions"}],"predecessor-version":[{"id":627,"href":"https:\/\/wordpress.nibis.de\/gsisolde\/wp-json\/wp\/v2\/pages\/97\/revisions\/627"}],"wp:attachment":[{"href":"https:\/\/wordpress.nibis.de\/gsisolde\/wp-json\/wp\/v2\/media?parent=97"}],"curies":[{"name":"wp","href":"https:\/\/api.w.org\/{rel}","templated":true}]}}