{"id":1372,"date":"2021-05-24T15:00:15","date_gmt":"2021-05-24T13:00:15","guid":{"rendered":"https:\/\/wordpress.nibis.de\/gsjb\/?page_id=1372"},"modified":"2025-09-28T13:39:39","modified_gmt":"2025-09-28T11:39:39","slug":"schulvorstand","status":"publish","type":"page","link":"https:\/\/wordpress.nibis.de\/gsjb\/schulvorstand\/","title":{"rendered":"Schulvorstand"},"content":{"rendered":"<p>Am 09.09.2025 fand die konstituierende Sitzung des Schulelternrats statt. Der Schulelternrat w\u00e4hlt die Elternvertreter im Schulvorstand.<\/p>\n<p><u>Wahlergebnis:<\/u><\/p>\n<table style=\"width: 99.3092%;height: 251px\" width=\"640\">\n<tbody>\n<tr>\n<td style=\"width: 1.20192%\"><\/td>\n<td style=\"width: 63.4724%\">Mitglieder im Schulvorstand<\/td>\n<td style=\"width: 34.1237%\">Tanja Sandker\u00a0 \u00a0 \u00a0 \u00a0 \u00a0 2b<\/p>\n<p>Jana Scheibel-Viola\u00a0 \u00a0 1a\/3a<\/p>\n<p>Linda Treude\u00a0 \u00a0 \u00a0 \u00a0 \u00a0 \u00a0 \u00a04a<\/p>\n<p>Heidi L\u00f6scher\u00a0 \u00a0 \u00a0 \u00a0 \u00a0 \u00a01b\/4a<\/td>\n<\/tr>\n<tr>\n<td style=\"width: 1.20192%\"><\/td>\n<td style=\"width: 63.4724%\"><\/td>\n<td style=\"width: 34.1237%\"><\/td>\n<\/tr>\n<\/tbody>\n<\/table>\n<p><strong>sind die gew\u00e4hlten Elternvertreter im Schulvorstand.<\/strong><\/p>\n<p><strong>Die Gesamtkonferenz w\u00e4hlt die Lehrervertreterinnen im Schulvorstand:<\/strong><\/p>\n<table style=\"width: 100%\" width=\"640\">\n<tbody>\n<tr>\n<td style=\"width: 63.0952%\">Mitglieder im Schulvorstand<\/td>\n<td style=\"width: 35.9524%\">Iris Claa\u00dfen\u00a0 \u00a0 \u00a0 \u00a0 \u00a0Vorsitz<\/p>\n<p>Heike Buggenthin<\/p>\n<p>Pia Dau<\/p>\n<p>Regine Weber<\/td>\n<\/tr>\n<tr>\n<td style=\"width: 63.0952%\"><\/td>\n<td style=\"width: 35.9524%\"><\/td>\n<\/tr>\n<\/tbody>\n<\/table>\n<p>Den Vorsitz hat die Schulleitung Iris Claa\u00dfen.<\/p>\n","protected":false},"excerpt":{"rendered":"<p>Am 09.09.2025 fand die konstituierende Sitzung des Schulelternrats statt. Der Schulelternrat w\u00e4hlt die Elternvertreter im Schulvorstand. Wahlergebnis: Mitglieder im Schulvorstand Tanja Sandker\u00a0 \u00a0 \u00a0 \u00a0 \u00a0 2b Jana Scheibel-Viola\u00a0 \u00a0 1a\/3a Linda Treude\u00a0 \u00a0 \u00a0 \u00a0 \u00a0 \u00a0 \u00a04a Heidi L\u00f6scher\u00a0 \u00a0 \u00a0 \u00a0 \u00a0 \u00a01b\/4a sind die gew\u00e4hlten Elternvertreter im Schulvorstand. Die Gesamtkonferenz w\u00e4hlt die Lehrervertreterinnen im Schulvorstand: Mitglieder im Schulvorstand Iris Claa\u00dfen\u00a0 \u00a0 \u00a0 \u00a0 \u00a0Vorsitz Heike Buggenthin Pia Dau Regine Weber Den Vorsitz hat die Schulleitung Iris&#8230;<\/p>\n<p class=\"read-more\"><a class=\"btn btn-default\" href=\"https:\/\/wordpress.nibis.de\/gsjb\/schulvorstand\/\">Weiterlesen<span class=\"screen-reader-text\"> Weiterlesen<\/span><\/a><\/p>\n","protected":false},"author":9193791,"featured_media":0,"parent":0,"menu_order":0,"comment_status":"closed","ping_status":"closed","template":"","meta":{"footnotes":""},"class_list":["post-1372","page","type-page","status-publish","hentry"],"_links":{"self":[{"href":"https:\/\/wordpress.nibis.de\/gsjb\/wp-json\/wp\/v2\/pages\/1372","targetHints":{"allow":["GET"]}}],"collection":[{"href":"https:\/\/wordpress.nibis.de\/gsjb\/wp-json\/wp\/v2\/pages"}],"about":[{"href":"https:\/\/wordpress.nibis.de\/gsjb\/wp-json\/wp\/v2\/types\/page"}],"author":[{"embeddable":true,"href":"https:\/\/wordpress.nibis.de\/gsjb\/wp-json\/wp\/v2\/users\/9193791"}],"replies":[{"embeddable":true,"href":"https:\/\/wordpress.nibis.de\/gsjb\/wp-json\/wp\/v2\/comments?post=1372"}],"version-history":[{"count":9,"href":"https:\/\/wordpress.nibis.de\/gsjb\/wp-json\/wp\/v2\/pages\/1372\/revisions"}],"predecessor-version":[{"id":2166,"href":"https:\/\/wordpress.nibis.de\/gsjb\/wp-json\/wp\/v2\/pages\/1372\/revisions\/2166"}],"wp:attachment":[{"href":"https:\/\/wordpress.nibis.de\/gsjb\/wp-json\/wp\/v2\/media?parent=1372"}],"curies":[{"name":"wp","href":"https:\/\/api.w.org\/{rel}","templated":true}]}}

<p>Am 09.09.2025 fand die konstituierende Sitzung des Schulelternrats statt. Der Schulelternrat wählt die Elternvertreter im Schulvorstand.</p>
<p><u>Wahlergebnis:</u></p>
<table style="width: 99.3092%;height: 251px" width="640">
<tbody>
<tr>
<td style="width: 1.20192%"></td>
<td style="width: 63.4724%">Mitglieder im Schulvorstand</td>
<td style="width: 34.1237%">Tanja Sandker          2b</p>
<p>Jana Scheibel-Viola    1a/3a</p>
<p>Linda Treude             4a</p>
<p>Heidi Löscher           1b/4a</td>
</tr>
<tr>
<td style="width: 1.20192%"></td>
<td style="width: 63.4724%"></td>
<td style="width: 34.1237%"></td>
</tr>
</tbody>
</table>
<p><strong>sind die gewählten Elternvertreter im Schulvorstand.</strong></p>
<p><strong>Die Gesamtkonferenz wählt die Lehrervertreterinnen im Schulvorstand:</strong></p>
<table style="width: 100%" width="640">
<tbody>
<tr>
<td style="width: 63.0952%">Mitglieder im Schulvorstand</td>
<td style="width: 35.9524%">Iris Claaßen         Vorsitz</p>
<p>Heike Buggenthin</p>
<p>Pia Dau</p>
<p>Regine Weber</td>
</tr>
<tr>
<td style="width: 63.0952%"></td>
<td style="width: 35.9524%"></td>
</tr>
</tbody>
</table>
<p>Den Vorsitz hat die Schulleitung Iris Claaßen.</p>

<p>Am 09.09.2025 fand die konstituierende Sitzung des Schulelternrats statt. Der Schulelternrat wählt die Elternvertreter im Schulvorstand. Wahlergebnis: Mitglieder im Schulvorstand Tanja Sandker          2b Jana Scheibel-Viola    1a/3a Linda Treude             4a Heidi Löscher           1b/4a sind die gewählten Elternvertreter im Schulvorstand. Die Gesamtkonferenz wählt die Lehrervertreterinnen im Schulvorstand: Mitglieder im Schulvorstand Iris Claaßen         Vorsitz Heike Buggenthin Pia Dau Regine Weber Den Vorsitz hat die Schulleitung Iris&#8230;</p>
<p class="read-more"><a class="btn btn-default" href="https://wordpress.nibis.de/gsjb/schulvorstand/">Weiterlesen<span class="screen-reader-text"> Weiterlesen</span></a></p>
