{"id":1638,"date":"2023-09-26T18:36:00","date_gmt":"2023-09-26T16:36:00","guid":{"rendered":"https:\/\/wordpress.nibis.de\/gsjb\/?page_id=1638"},"modified":"2024-01-04T15:32:59","modified_gmt":"2024-01-04T14:32:59","slug":"gemeindeelternrat","status":"publish","type":"page","link":"https:\/\/wordpress.nibis.de\/gsjb\/gemeindeelternrat\/","title":{"rendered":"Gemeindeelternrat\/Kreiselternrat"},"content":{"rendered":"<p>In der Sitzung des Gemeindeelternrates am 30.11.2023 wurde folgender Vorstand gew\u00e4hlt:<\/p>\n<p>Vorsitzende: Frau Doreen H\u00fcppe (Grundschule Jaderberg)<\/p>\n<p>Stellvertreter: Herr Michael Hartsuijker (Jade Gymnasium)<\/p>\n<p>Beisitzer\/in: Fau Carina von Deetzen; Frau Jaquline Fortkamp; Frau Birgit Fercho<\/p>\n<p><strong>Frau Doreen H\u00fcppe ist, bis zum Ablauf der Wahlperiode der Vertretungsk\u00f6rperschaft des Schultr\u00e4gers, die Elternvertreterin im Ausschuss f\u00fcr Bildung, Kultur und Soziales der Gemeinde Jade.<\/strong><\/p>\n\n\n<p><strong>Vertreter der Grundschule Jaderberg im Kreiselternrat sind:<\/strong><\/p>\n\n\n\n<p>Doreen H\u00fcppe<\/p>\n\n\n\n<p>Courtney Hoppe<\/p>\n","protected":false},"excerpt":{"rendered":"<p>In der Sitzung des Gemeindeelternrates am 30.11.2023 wurde folgender Vorstand gew\u00e4hlt: Vorsitzende: Frau Doreen H\u00fcppe (Grundschule Jaderberg) Stellvertreter: Herr Michael Hartsuijker (Jade Gymnasium) Beisitzer\/in: Fau Carina von Deetzen; Frau Jaquline Fortkamp; Frau Birgit Fercho Frau Doreen H\u00fcppe ist, bis zum Ablauf der Wahlperiode der Vertretungsk\u00f6rperschaft des Schultr\u00e4gers, die Elternvertreterin im Ausschuss f\u00fcr Bildung, Kultur und Soziales der Gemeinde Jade. Vertreter der Grundschule Jaderberg im Kreiselternrat sind: Doreen H\u00fcppe Courtney Hoppe<\/p>\n","protected":false},"author":9193791,"featured_media":0,"parent":0,"menu_order":0,"comment_status":"closed","ping_status":"closed","template":"","meta":{"footnotes":""},"class_list":["post-1638","page","type-page","status-publish","hentry"],"_links":{"self":[{"href":"https:\/\/wordpress.nibis.de\/gsjb\/wp-json\/wp\/v2\/pages\/1638","targetHints":{"allow":["GET"]}}],"collection":[{"href":"https:\/\/wordpress.nibis.de\/gsjb\/wp-json\/wp\/v2\/pages"}],"about":[{"href":"https:\/\/wordpress.nibis.de\/gsjb\/wp-json\/wp\/v2\/types\/page"}],"author":[{"embeddable":true,"href":"https:\/\/wordpress.nibis.de\/gsjb\/wp-json\/wp\/v2\/users\/9193791"}],"replies":[{"embeddable":true,"href":"https:\/\/wordpress.nibis.de\/gsjb\/wp-json\/wp\/v2\/comments?post=1638"}],"version-history":[{"count":6,"href":"https:\/\/wordpress.nibis.de\/gsjb\/wp-json\/wp\/v2\/pages\/1638\/revisions"}],"predecessor-version":[{"id":2011,"href":"https:\/\/wordpress.nibis.de\/gsjb\/wp-json\/wp\/v2\/pages\/1638\/revisions\/2011"}],"wp:attachment":[{"href":"https:\/\/wordpress.nibis.de\/gsjb\/wp-json\/wp\/v2\/media?parent=1638"}],"curies":[{"name":"wp","href":"https:\/\/api.w.org\/{rel}","templated":true}]}}