{"id":237,"date":"2018-01-06T19:36:24","date_gmt":"2018-01-06T18:36:24","guid":{"rendered":"http:\/\/wordpress.nibis.de\/gsjohannes\/?page_id=237"},"modified":"2026-01-24T14:12:08","modified_gmt":"2026-01-24T13:12:08","slug":"seiten-fuer-eltern","status":"publish","type":"page","link":"https:\/\/wordpress.nibis.de\/gsjohannes\/weblinks\/seiten-fuer-eltern\/","title":{"rendered":"Seiten f\u00fcr Eltern"},"content":{"rendered":"\n<p><strong>Tipps f\u00fcr Erziehungsberechtigte gegen Stress zu Hause finden Sie hier:<\/strong><strong><a href=\"https:\/\/www.mk.niedersachsen.de\/startseite\/aktuelles\/covid_19_corona_informationen_fur_schulen_kitas_eltern_sowie_schuler_und_schulerinnen\/tipps_fur_eltern_und_erziehungsberechtigte_in_der_corona_krise\/tipps-fur-eltern-und-erziehungsberechtigte-in-der-corona-krise-186928.html\"><\/a><\/strong><\/p>\n\n\n\n<hr class=\"wp-block-separator has-css-opacity\" \/>\n\n\n\n<p><a href=\"https:\/\/www.caritas.de\/\" target=\"_blank\" rel=\"noreferrer noopener\">Caritas<\/a><\/p>\n\n\n\n<p>Caritas hei\u00dft \u00fcbersetzt N\u00e4chstenliebe. Sie ist ein Auftrag an die Kirche und k\u00fcmmert sich als professionelle Organisation um die professionelle Hilfe f\u00fcr Menschen in Not.<\/p>\n\n\n\n<hr class=\"wp-block-separator has-css-opacity\" \/>\n\n\n\n<p>Ihre Kinder sollen die Chance haben, in der aktuelle Situation auch zu Hause in Bewegung und fit zu bleiben. Daf\u00fcr gibt es das Trainingsprogramm \u201eHenriettas bewegte Schule\u201c ab dem 30. M\u00e4rz auch t\u00e4glich online!<\/p>\n\n\n\n<p><a href=\"http:\/\/www.youtube.com\/c\/HenriettaCo\">http:\/\/www.youtube.com\/c\/HenriettaCo<\/a><\/p>\n\n\n\n<hr class=\"wp-block-separator has-css-opacity\" \/>\n\n\n\n<p><a href=\"https:\/\/www.schau-hin.info\/\" target=\"_blank\" rel=\"noreferrer noopener\">Elternratgeber SCHAU HIN!<\/a><\/p>\n\n\n\n<p>Der Medienratgeber f\u00fcr Familien informiert Eltern und Erziehende \u00fcber aktuelle Entwicklungen der Medienwelt.<\/p>\n\n\n\n<hr class=\"wp-block-separator has-css-opacity\" \/>\n\n\n\n<p><a href=\"https:\/\/www.bke.de\/\" target=\"_blank\" rel=\"noreferrer noopener\">Beratungsstellen<\/a><\/p>\n\n\n\n<p>Die Bundeskonferenz f\u00fcr Erziehungsberatung (bke) bietet professionelle Beratungsangebote \u00fcber das Internet an. Die Online-Beratung ist wie die Beratung in den Erziehungs- und Familienberatungsstellen kostenfrei.<\/p>\n\n\n\n<hr class=\"wp-block-separator has-css-opacity\" \/>\n","protected":false},"excerpt":{"rendered":"<p>Tipps f\u00fcr Erziehungsberechtigte gegen Stress zu Hause finden Sie hier: Caritas Caritas hei\u00dft \u00fcbersetzt N\u00e4chstenliebe. Sie ist ein Auftrag an die Kirche und k\u00fcmmert sich als professionelle Organisation um die professionelle Hilfe f\u00fcr Menschen in Not. Ihre Kinder sollen die &hellip; <a href=\"https:\/\/wordpress.nibis.de\/gsjohannes\/weblinks\/seiten-fuer-eltern\/\">Weiterlesen <span class=\"meta-nav\">&rarr;<\/span><\/a><\/p>\n","protected":false},"author":9192482,"featured_media":0,"parent":41,"menu_order":2,"comment_status":"closed","ping_status":"closed","template":"page-templates\/child-menu.php","meta":{"footnotes":""},"class_list":["post-237","page","type-page","status-publish","hentry"],"_links":{"self":[{"href":"https:\/\/wordpress.nibis.de\/gsjohannes\/wp-json\/wp\/v2\/pages\/237","targetHints":{"allow":["GET"]}}],"collection":[{"href":"https:\/\/wordpress.nibis.de\/gsjohannes\/wp-json\/wp\/v2\/pages"}],"about":[{"href":"https:\/\/wordpress.nibis.de\/gsjohannes\/wp-json\/wp\/v2\/types\/page"}],"author":[{"embeddable":true,"href":"https:\/\/wordpress.nibis.de\/gsjohannes\/wp-json\/wp\/v2\/users\/9192482"}],"replies":[{"embeddable":true,"href":"https:\/\/wordpress.nibis.de\/gsjohannes\/wp-json\/wp\/v2\/comments?post=237"}],"version-history":[{"count":9,"href":"https:\/\/wordpress.nibis.de\/gsjohannes\/wp-json\/wp\/v2\/pages\/237\/revisions"}],"predecessor-version":[{"id":1794,"href":"https:\/\/wordpress.nibis.de\/gsjohannes\/wp-json\/wp\/v2\/pages\/237\/revisions\/1794"}],"up":[{"embeddable":true,"href":"https:\/\/wordpress.nibis.de\/gsjohannes\/wp-json\/wp\/v2\/pages\/41"}],"wp:attachment":[{"href":"https:\/\/wordpress.nibis.de\/gsjohannes\/wp-json\/wp\/v2\/media?parent=237"}],"curies":[{"name":"wp","href":"https:\/\/api.w.org\/{rel}","templated":true}]}}