{"id":173,"date":"2014-05-04T13:26:29","date_gmt":"2014-05-04T11:26:29","guid":{"rendered":"http:\/\/wordpress.nibis.de\/gsjowolf\/?page_id=173"},"modified":"2025-10-08T08:40:38","modified_gmt":"2025-10-08T06:40:38","slug":"foerderverein","status":"publish","type":"page","link":"https:\/\/wordpress.nibis.de\/gsjowolf\/foerderverein\/","title":{"rendered":"F\u00f6rderverein Angerstein"},"content":{"rendered":"<p><span style=\"font-family: arial,helvetica,sans-serif\">\n<table id=\"tablepress-5\" class=\"tablepress tablepress-id-5\">\n<thead>\n<tr class=\"row-1\">\n\t<th class=\"column-1\"><a href=\"http:\/\/wordpress.nibis.de\/gsjowolf\/?attachment_id=189\" rel=\"attachment wp-att-189\"><img loading=\"lazy\" decoding=\"async\" src=\"http:\/\/wordpress.nibis.de\/gsjowolf\/files\/IMG_0072-300x224.jpg\" alt=\"\" width=\"300\" height=\"224\" class=\"aligncenter size-medium wp-image-189\" srcset=\"https:\/\/wordpress.nibis.de\/gsjowolf\/files\/IMG_0072-300x224.jpg 300w, https:\/\/wordpress.nibis.de\/gsjowolf\/files\/IMG_0072-640x480.jpg 640w, https:\/\/wordpress.nibis.de\/gsjowolf\/files\/IMG_0072-400x300.jpg 400w\" sizes=\"auto, (max-width: 300px) 100vw, 300px\" \/><\/a><\/th><th class=\"column-2\"><a href=\"http:\/\/wordpress.nibis.de\/gsjowolf\/?attachment_id=194\" rel=\"attachment wp-att-194\"><img loading=\"lazy\" decoding=\"async\" src=\"http:\/\/wordpress.nibis.de\/gsjowolf\/files\/F\u00f6rderverein-Angerstein-6-300x224.jpg\" alt=\"\" width=\"300\" height=\"224\" class=\"aligncenter size-medium wp-image-194\" srcset=\"https:\/\/wordpress.nibis.de\/gsjowolf\/files\/F\u00f6rderverein-Angerstein-6-300x224.jpg 300w, https:\/\/wordpress.nibis.de\/gsjowolf\/files\/F\u00f6rderverein-Angerstein-6-640x480.jpg 640w, https:\/\/wordpress.nibis.de\/gsjowolf\/files\/F\u00f6rderverein-Angerstein-6-400x300.jpg 400w\" sizes=\"auto, (max-width: 300px) 100vw, 300px\" \/><\/a><\/th>\n<\/tr>\n<\/thead>\n<tbody class=\"row-striping row-hover\">\n<\/tbody>\n<\/table>\n<!-- #tablepress-5 from cache --><\/span><\/p>\n<p><span style=\"font-size: medium;font-family: arial,helvetica,sans-serif\"><strong>\u201eF\u00f6rderverein Grebenbergschule e.V.\u201c<\/strong><\/span><\/p>\n<p><span style=\"font-family: arial,helvetica,sans-serif\">Wir vom F\u00f6rderverein der Angersteiner Schule,\u00a0 Au\u00dfenstelle der Johann- Wolf- Schule m\u00f6chten uns Ihnen vorstellen.<\/span><\/p>\n<p><span style=\"font-family: arial,helvetica,sans-serif\">Der F\u00f6rderverein in Angerstein wurde 1994 gegr\u00fcndet.\u00a0 Er hat zum Ziel, die Schule durch finanzielle Zuwendung (Theaterfahrt, B\u00fccherei, Zirkusprojekt, Spielger\u00e4te f\u00fcr die Pausen\/Betreuung) aber auch durch F\u00f6rderung von Veranstaltungen und Projekten (Vorleseabend, Einschulung, Flohmarkt)\u00a0 zu unterst\u00fctzen.<\/span><\/p>\n<p><span style=\"font-family: arial,helvetica,sans-serif\">Diese Arbeit wird von motivierten und engagierten Mitgliedern des Vereins\u00a0 geleistet.<\/span><\/p>\n<p><span style=\"font-family: arial,helvetica,sans-serif\">Weiterhin kann der F\u00f6rderverein einzelne Kinder unterst\u00fctzen, die aus finanziellen Gr\u00fcnden sonst nicht an einer schulischen Aktivit\u00e4t, wie z.B. der Klassenfahrt teilnehmen k\u00f6nnten.<\/span><\/p>\n<p><span style=\"font-family: arial,helvetica,sans-serif\">Das Geld, das uns zur Verf\u00fcgung steht, setzt sich aus unseren Mitgliedsbeitr\u00e4gen, Spenden sowie den Einnahmen aus Kuchen- und Getr\u00e4nkeverkauf bei Schulveranstaltungen zusammen.<\/span><\/p>\n<p><span style=\"font-family: arial,helvetica,sans-serif\">Mit schon einem geringen Mitgliedsbeitrag von 15,-\u20ac im Jahr pro Familie k\u00f6nnen Sie Ihren Beitrag dazu leisten, dass unsere Schule vom Angebot des F\u00f6rdervereins profitieren kann. Au\u00dferdem freuen wir uns \u00fcber jede tatkr\u00e4ftige Unterst\u00fctzung, Ideen oder auch einmaligen Spenden zu Gunsten unserer Kinder.<\/span><\/p>\n<p><span style=\"font-family: arial,helvetica,sans-serif\">F\u00fcr Fragen und Anregungen wenden Sie sich gerne an unsere Vorstandsmitglieder!<\/span><\/p>\n<p><span style=\"font-family: arial,helvetica,sans-serif\">Das BEITRITTSFORMULAR finden Sie am Ende dieser Seite als Download. Dieses k\u00f6nnen Sie in den Briefkasten des F\u00f6rdervereins in der Angersteiner Grundschule einwerfen.<\/span><\/p>\n<p><span style=\"font-family: arial,helvetica,sans-serif\">Der F\u00f6rderverein ist \u00fcber folgende E-Mail-Adresse erreichbar:<\/span><\/p>\n<p><span style=\"font-family: arial,helvetica,sans-serif\"><a href=\"http:&#47;&#x2f;&#x66;o&#101;&#x72;d&#101;&#x72;&#x76;&#101;&#x72;&#x65;i&#110;&#x2e;g&#114;&#x65;&#x62;&#101;&#x6e;&#x62;e&#114;&#x67;s&#99;&#x68;&#x75;&#108;&#x65;&#x40;o&#107;&#x2e;d&#101;\">&#x66;o&#x65;&#114;d&#x65;&#114;&#x76;&#101;r&#x65;&#105;&#x6e;&#46;a&#x6e;&#103;&#x65;&#x72;s&#x74;&#101;i&#x6e;&#64;&#x6a;&#111;h&#x61;&#110;&#x6e;&#119;o&#x6c;&#102;&#x73;&#x63;h&#x75;&#108;e&#x2e;d&#x65;<\/a><\/span><\/p>\n<p><span style=\"font-family: arial,helvetica,sans-serif\">Im Namen des Vereins gr\u00fc\u00dfen Sie herzlich<\/span><\/p>\n<p><span style=\"font-family: arial,helvetica,sans-serif\">Ann-Kristin Br\u00f6nnecke \u00a0 \u00a0 \u00a0 \u00a0 \u00a0 \u00a0 \u00a0 \u00a0 \u00a0 \u00a0 Arsalan Zafar<\/span><br \/><span style=\"font-family: arial,helvetica,sans-serif\"> (1.Vorsitzende)\u00a0\u00a0\u00a0\u00a0\u00a0\u00a0\u00a0\u00a0\u00a0\u00a0\u00a0\u00a0\u00a0\u00a0\u00a0\u00a0\u00a0\u00a0\u00a0\u00a0\u00a0\u00a0\u00a0\u00a0\u00a0\u00a0\u00a0\u00a0\u00a0\u00a0\u00a0 (2.Vorsitzender)<\/span><\/p>\n<p><span style=\"font-family: arial,helvetica,sans-serif\">\u00a0<\/span><\/p>\n<p><span style=\"font-family: arial,helvetica,sans-serif\"><strong>DER VORSTAND <\/strong><\/span><\/p>\n<p><span style=\"font-family: arial,helvetica,sans-serif\"><strong>1.Vorsitzende:<br \/><\/strong>Ann-Kristin Br\u00f6nnecke<strong><br \/><\/strong><\/span><\/p>\n<p><span style=\"font-family: arial,helvetica,sans-serif\"><strong>2.Vorsitzender:<br \/><\/strong> Arsalan Zafar<\/span><\/p>\n<p><span style=\"font-family: arial,helvetica,sans-serif\"><strong>Kassenwartin:<\/strong><\/span><br \/><span style=\"font-family: arial, helvetica, sans-serif\">Vanessa G\u00fcnther<\/span><\/p>\n<p><span style=\"font-family: arial,helvetica,sans-serif\">\n<table id=\"tablepress-6\" class=\"tablepress tablepress-id-6\">\n<tbody>\n<tr class=\"row-1\">\n\t<td class=\"column-1\"><a href=\"http:\/\/wordpress.nibis.de\/gsjowolf\/?attachment_id=193\" rel=\"attachment wp-att-193\"><img loading=\"lazy\" decoding=\"async\" src=\"http:\/\/wordpress.nibis.de\/gsjowolf\/files\/F\u00f6rderverein-Angerstein-5-224x300.jpg\" alt=\"\" width=\"224\" height=\"300\" class=\"aligncenter size-medium wp-image-193\" srcset=\"https:\/\/wordpress.nibis.de\/gsjowolf\/files\/F\u00f6rderverein-Angerstein-5-224x300.jpg 224w, https:\/\/wordpress.nibis.de\/gsjowolf\/files\/F\u00f6rderverein-Angerstein-5-360x480.jpg 360w, https:\/\/wordpress.nibis.de\/gsjowolf\/files\/F\u00f6rderverein-Angerstein-5.jpg 1704w\" sizes=\"auto, (max-width: 224px) 100vw, 224px\" \/><\/a><\/td><td class=\"column-2\"><a href=\"http:\/\/wordpress.nibis.de\/gsjowolf\/?attachment_id=192\" rel=\"attachment wp-att-192\"><img loading=\"lazy\" decoding=\"async\" src=\"http:\/\/wordpress.nibis.de\/gsjowolf\/files\/F\u00f6rderverein-Angerstein-4-224x300.jpg\" alt=\"\" width=\"224\" height=\"300\" class=\"aligncenter size-medium wp-image-192\" srcset=\"https:\/\/wordpress.nibis.de\/gsjowolf\/files\/F\u00f6rderverein-Angerstein-4-224x300.jpg 224w, https:\/\/wordpress.nibis.de\/gsjowolf\/files\/F\u00f6rderverein-Angerstein-4-360x480.jpg 360w, https:\/\/wordpress.nibis.de\/gsjowolf\/files\/F\u00f6rderverein-Angerstein-4.jpg 1704w\" sizes=\"auto, (max-width: 224px) 100vw, 224px\" \/><\/a><\/td>\n<\/tr>\n<tr class=\"row-2\">\n\t<td class=\"column-1\"><a href=\"http:\/\/wordpress.nibis.de\/gsjowolf\/?attachment_id=191\" rel=\"attachment wp-att-191\"><img loading=\"lazy\" decoding=\"async\" src=\"http:\/\/wordpress.nibis.de\/gsjowolf\/files\/F\u00f6rderverein-Angerstein-3-224x300.jpg\" alt=\"\" width=\"224\" height=\"300\" class=\"aligncenter size-medium wp-image-191\" srcset=\"https:\/\/wordpress.nibis.de\/gsjowolf\/files\/F\u00f6rderverein-Angerstein-3-224x300.jpg 224w, https:\/\/wordpress.nibis.de\/gsjowolf\/files\/F\u00f6rderverein-Angerstein-3-360x480.jpg 360w, https:\/\/wordpress.nibis.de\/gsjowolf\/files\/F\u00f6rderverein-Angerstein-3.jpg 1704w\" sizes=\"auto, (max-width: 224px) 100vw, 224px\" \/><\/a><\/td><td class=\"column-2\"><a href=\"http:\/\/wordpress.nibis.de\/gsjowolf\/?attachment_id=190\" rel=\"attachment wp-att-190\"><img loading=\"lazy\" decoding=\"async\" src=\"http:\/\/wordpress.nibis.de\/gsjowolf\/files\/F\u00f6rderverein-Angerstein-2-224x300.jpg\" alt=\"\" width=\"224\" height=\"300\" class=\"aligncenter size-medium wp-image-190\" srcset=\"https:\/\/wordpress.nibis.de\/gsjowolf\/files\/F\u00f6rderverein-Angerstein-2-224x300.jpg 224w, https:\/\/wordpress.nibis.de\/gsjowolf\/files\/F\u00f6rderverein-Angerstein-2-360x480.jpg 360w, https:\/\/wordpress.nibis.de\/gsjowolf\/files\/F\u00f6rderverein-Angerstein-2.jpg 1704w\" sizes=\"auto, (max-width: 224px) 100vw, 224px\" \/><\/a><\/td>\n<\/tr>\n<\/tbody>\n<\/table>\n<!-- #tablepress-6 from cache --><\/span><\/p>\n\n\n<div data-wp-interactive=\"core\/file\" class=\"wp-block-file\"><object data-wp-bind--hidden=\"!state.hasPdfPreview\" hidden class=\"wp-block-file__embed\" data=\"https:\/\/wordpress.nibis.de\/gsjowolf\/files\/Flyer-1.pdf\" type=\"application\/pdf\" style=\"width:100%;height:600px\" aria-label=\"Einbettung von Einbettung von BEITRITTSFORMULAR..\"><\/object><a id=\"wp-block-file--media-e3b775ac-63cd-4f71-a403-c5cbb2fbb535\" href=\"https:\/\/wordpress.nibis.de\/gsjowolf\/files\/Flyer-1.pdf\">BEITRITTSFORMULAR<\/a><a href=\"https:\/\/wordpress.nibis.de\/gsjowolf\/files\/Flyer-1.pdf\" class=\"wp-block-file__button\" download aria-describedby=\"wp-block-file--media-e3b775ac-63cd-4f71-a403-c5cbb2fbb535\">Herunterladen<\/a><\/div>\n","protected":false},"excerpt":{"rendered":"<p>\u201eF\u00f6rderverein Grebenbergschule e.V.\u201c Wir vom F\u00f6rderverein der Angersteiner Schule,\u00a0 Au\u00dfenstelle der Johann- Wolf- Schule m\u00f6chten uns Ihnen vorstellen. Der F\u00f6rderverein in Angerstein wurde 1994 gegr\u00fcndet.\u00a0 Er hat zum Ziel, die Schule durch finanzielle Zuwendung (Theaterfahrt, B\u00fccherei, Zirkusprojekt, Spielger\u00e4te f\u00fcr die Pausen\/Betreuung) aber auch durch F\u00f6rderung von Veranstaltungen und Projekten (Vorleseabend, Einschulung, Flohmarkt)\u00a0 zu unterst\u00fctzen. Diese &hellip; <a href=\"https:\/\/wordpress.nibis.de\/gsjowolf\/foerderverein\/\" class=\"more-link\">Weiterlesen <span class=\"screen-reader-text\">F\u00f6rderverein Angerstein<\/span><\/a><\/p>\n","protected":false},"author":397,"featured_media":0,"parent":0,"menu_order":0,"comment_status":"closed","ping_status":"closed","template":"","meta":{"footnotes":""},"class_list":["post-173","page","type-page","status-publish","hentry","without-featured-image"],"_links":{"self":[{"href":"https:\/\/wordpress.nibis.de\/gsjowolf\/wp-json\/wp\/v2\/pages\/173","targetHints":{"allow":["GET"]}}],"collection":[{"href":"https:\/\/wordpress.nibis.de\/gsjowolf\/wp-json\/wp\/v2\/pages"}],"about":[{"href":"https:\/\/wordpress.nibis.de\/gsjowolf\/wp-json\/wp\/v2\/types\/page"}],"author":[{"embeddable":true,"href":"https:\/\/wordpress.nibis.de\/gsjowolf\/wp-json\/wp\/v2\/users\/397"}],"replies":[{"embeddable":true,"href":"https:\/\/wordpress.nibis.de\/gsjowolf\/wp-json\/wp\/v2\/comments?post=173"}],"version-history":[{"count":24,"href":"https:\/\/wordpress.nibis.de\/gsjowolf\/wp-json\/wp\/v2\/pages\/173\/revisions"}],"predecessor-version":[{"id":3100,"href":"https:\/\/wordpress.nibis.de\/gsjowolf\/wp-json\/wp\/v2\/pages\/173\/revisions\/3100"}],"wp:attachment":[{"href":"https:\/\/wordpress.nibis.de\/gsjowolf\/wp-json\/wp\/v2\/media?parent=173"}],"curies":[{"name":"wp","href":"https:\/\/api.w.org\/{rel}","templated":true}]}}