{"id":2259,"date":"2021-02-03T20:26:19","date_gmt":"2021-02-03T18:26:19","guid":{"rendered":"https:\/\/wordpress.nibis.de\/gsjowolf\/?page_id=2259"},"modified":"2024-12-04T15:53:59","modified_gmt":"2024-12-04T13:53:59","slug":"beratungsteam","status":"publish","type":"page","link":"https:\/\/wordpress.nibis.de\/gsjowolf\/beratungsteam\/","title":{"rendered":"Beratungsteam"},"content":{"rendered":"\n<p>Unser Angebot richtet sich an Sch\u00fclerinnen und Sch\u00fcler und auch an ihre Eltern. Denn auch Erwachsene brauchen gelegentlich Hilfe bei der Suche nach einer L\u00f6sung.<\/p>\n\n\n\n<p>Das geschulte Beratungsteam an unserer Schule:<\/p>\n\n\n\n<figure class=\"wp-block-gallery has-nested-images columns-default is-cropped wp-block-gallery-1 is-layout-flex wp-block-gallery-is-layout-flex\">\n<figure class=\"wp-block-image size-medium\"><img loading=\"lazy\" decoding=\"async\" width=\"220\" height=\"300\" data-id=\"2262\" src=\"https:\/\/wordpress.nibis.de\/gsjowolf\/files\/Steffie2-1-220x300.jpg\" alt=\"\" class=\"wp-image-2262\" srcset=\"https:\/\/wordpress.nibis.de\/gsjowolf\/files\/Steffie2-1-220x300.jpg 220w, https:\/\/wordpress.nibis.de\/gsjowolf\/files\/Steffie2-1-439x600.jpg 439w, https:\/\/wordpress.nibis.de\/gsjowolf\/files\/Steffie2-1-768x1049.jpg 768w, https:\/\/wordpress.nibis.de\/gsjowolf\/files\/Steffie2-1.jpg 1054w\" sizes=\"auto, (max-width: 220px) 100vw, 220px\" \/><figcaption>Stefanie Mewes<br>Beratungslehrerin<\/figcaption><\/figure>\n\n\n\n<figure class=\"wp-block-image size-medium\"><img loading=\"lazy\" decoding=\"async\" width=\"225\" height=\"300\" data-id=\"2261\" src=\"https:\/\/wordpress.nibis.de\/gsjowolf\/files\/Wiebke-1-225x300.jpg\" alt=\"\" class=\"wp-image-2261\" srcset=\"https:\/\/wordpress.nibis.de\/gsjowolf\/files\/Wiebke-1-225x300.jpg 225w, https:\/\/wordpress.nibis.de\/gsjowolf\/files\/Wiebke-1-rotated.jpg 240w\" sizes=\"auto, (max-width: 225px) 100vw, 225px\" \/><figcaption>Wiebke Salzmann<br>Schulsozialarbeiterin<\/figcaption><\/figure>\n\n\n\n<figure class=\"wp-block-image size-medium is-style-default\"><img loading=\"lazy\" decoding=\"async\" width=\"329\" height=\"468\" data-id=\"2726\" src=\"https:\/\/wordpress.nibis.de\/gsjowolf\/files\/hhh-2.jpeg\" alt=\"\" class=\"wp-image-2726\" srcset=\"https:\/\/wordpress.nibis.de\/gsjowolf\/files\/hhh-2.jpeg 329w, https:\/\/wordpress.nibis.de\/gsjowolf\/files\/hhh-2-211x300.jpeg 211w\" sizes=\"auto, (max-width: 329px) 100vw, 329px\" \/><figcaption>Lisa Dinges Schulsozialarbeiterin<\/figcaption><\/figure>\n<\/figure>\n\n\n\n<div class=\"wp-block-group alignwide\"><div class=\"wp-block-group__inner-container is-layout-flow wp-block-group-is-layout-flow\"><\/div><\/div>\n\n\n\n<p>Wir beraten und unterst\u00fctzen dich\u2026<\/p>\n\n\n\n<ul class=\"wp-block-list\"><li>\u2026 wenn Du Sorgen hast.<\/li><li>\u2026 wenn Du zu Hause Stress und \u00c4rger hast.<\/li><li>\u2026 wenn Du Streit mit anderen Kindern hast.<\/li><\/ul>\n\n\n\n<p>Sprich uns pers\u00f6nlich an oder nutze unsere Briefk\u00e4sten in N\u00f6rten-Hardenberg und Angerstein. Du kannst nat\u00fcrlich auch \u00fcber deine(n) Klassenlehrer(in) Kontakt mit uns aufnehmen.<\/p>\n\n\n\n<p>Wir beraten und unterst\u00fctzen Sie\u2026<\/p>\n\n\n\n<ul class=\"wp-block-list\"><li>\u2026 bei Lernproblemen Ihres Kindes.<\/li><li>\u2026 bei der Entscheidung f\u00fcr die weiterf\u00fchrende Schule.<\/li><li>\u2026 bei allen anderen Schwierigkeiten in der Schule<\/li><li>\u2026 wenn Sie sich Sorgen um Ihr Kind machen und sich Beratung w\u00fcnschen<\/li><\/ul>\n\n\n\n<p>Schicken Sie uns eine Mail (<a href=\"&#x6d;&#x61;&#105;&#108;t&#x6f;&#x3a;&#x73;&#116;ef&#x61;&#x6e;&#105;&#101;&#46;&#x6d;&#x65;&#x77;&#101;s&#64;&#x6a;&#x6f;&#104;&#97;n&#x6e;&#x77;&#x6f;&#108;fs&#x63;&#x68;&#117;&#108;e&#x2e;&#x64;&#x65;\">&#83;&#x74;&#101;&#x66;a&#x6e;i&#101;&#x2e;&#109;&#x65;w&#x65;s&#64;&#x6a;&#111;&#x68;a&#x6e;n&#119;&#x6f;&#108;&#x66;s&#x63;h&#117;&#x6c;&#101;&#x2e;d&#x65;<\/a>, <a href=\"&#x6d;&#97;i&#x6c;&#116;&#111;&#x3a;&#x77;&#105;e&#x62;&#107;e&#x2e;&#x73;&#97;l&#x7a;&#109;a&#x6e;&#x6e;&#64;j&#x6f;&#104;a&#x6e;&#x6e;&#119;o&#x6c;&#102;s&#x63;&#x68;&#117;&#x6c;&#x65;&#46;d&#x65;\">&#87;&#x69;e&#x62;k&#101;&#x2e;&#115;&#x61;l&#122;&#x6d;&#97;&#x6e;n&#x40;&#x6a;&#111;&#x68;a&#x6e;n&#119;&#x6f;&#108;&#x66;s&#99;&#x68;&#117;&#x6c;e&#46;&#x64;&#101;<\/a> oder <a rel=\"noreferrer noopener\" href=\"&#x6d;&#x61;&#x69;&#108;&#116;o:&#x4c;&#x69;&#x73;&#97;&#46;Di&#x6e;&#x67;&#x65;&#115;&#64;jo&#x68;&#x61;&#x6e;&#110;&#119;ol&#x66;&#x73;&#x63;&#104;&#117;le&#x2e;&#x64;&#x65;\" target=\"_blank\">Li&#115;&#97;&#46;&#x44;&#x69;&#x6e;&#x67;es&#64;&#106;&#111;&#x68;&#x61;&#x6e;&#x6e;wo&#108;&#102;&#115;&#x63;&#x68;&#x75;&#x6c;e&#46;&#100;&#101;<\/a>).<\/p>\n\n\n\n<p>Frau Salzmann ist auch \u00fcber die Handynummer 0171 2117459 erreichbar.<br><\/p>\n\n\n\n<p>Vereinbaren Sie gerne einen Termin mit uns oder nutzen Sie die offene Sprechstunde bei Frau Salzmann montags von 9-10 Uhr oder mittwochs von 15 \u2013 16 Uhr.<\/p>\n\n\n\n<p>Frau Dinges ist f\u00fcr den Standort Angerstein zust\u00e4ndig und unter folgenden Nummern f\u00fcr Sie erreichbar: Telefon: 05503-3222, Telefon Freitags: 05503-2560<\/p>\n","protected":false},"excerpt":{"rendered":"<p>Unser Angebot richtet sich an Sch\u00fclerinnen und Sch\u00fcler und auch an ihre Eltern. Denn auch Erwachsene brauchen gelegentlich Hilfe bei der Suche nach einer L\u00f6sung. Das geschulte Beratungsteam an unserer Schule: Wir beraten und unterst\u00fctzen dich\u2026 \u2026 wenn Du Sorgen hast. \u2026 wenn Du zu Hause Stress und \u00c4rger hast. \u2026 wenn Du Streit mit &hellip; <a href=\"https:\/\/wordpress.nibis.de\/gsjowolf\/beratungsteam\/\" class=\"more-link\">Weiterlesen <span class=\"screen-reader-text\">Beratungsteam<\/span><\/a><\/p>\n","protected":false},"author":397,"featured_media":0,"parent":0,"menu_order":0,"comment_status":"closed","ping_status":"closed","template":"","meta":{"footnotes":""},"class_list":["post-2259","page","type-page","status-publish","hentry","without-featured-image"],"_links":{"self":[{"href":"https:\/\/wordpress.nibis.de\/gsjowolf\/wp-json\/wp\/v2\/pages\/2259","targetHints":{"allow":["GET"]}}],"collection":[{"href":"https:\/\/wordpress.nibis.de\/gsjowolf\/wp-json\/wp\/v2\/pages"}],"about":[{"href":"https:\/\/wordpress.nibis.de\/gsjowolf\/wp-json\/wp\/v2\/types\/page"}],"author":[{"embeddable":true,"href":"https:\/\/wordpress.nibis.de\/gsjowolf\/wp-json\/wp\/v2\/users\/397"}],"replies":[{"embeddable":true,"href":"https:\/\/wordpress.nibis.de\/gsjowolf\/wp-json\/wp\/v2\/comments?post=2259"}],"version-history":[{"count":12,"href":"https:\/\/wordpress.nibis.de\/gsjowolf\/wp-json\/wp\/v2\/pages\/2259\/revisions"}],"predecessor-version":[{"id":2939,"href":"https:\/\/wordpress.nibis.de\/gsjowolf\/wp-json\/wp\/v2\/pages\/2259\/revisions\/2939"}],"wp:attachment":[{"href":"https:\/\/wordpress.nibis.de\/gsjowolf\/wp-json\/wp\/v2\/media?parent=2259"}],"curies":[{"name":"wp","href":"https:\/\/api.w.org\/{rel}","templated":true}]}}