{"id":434,"date":"2014-07-29T16:18:03","date_gmt":"2014-07-29T14:18:03","guid":{"rendered":"http:\/\/wordpress.nibis.de\/gsjowolf\/?page_id=434"},"modified":"2025-12-04T15:08:15","modified_gmt":"2025-12-04T13:08:15","slug":"foerderverein-noerten-hardenberg","status":"publish","type":"page","link":"https:\/\/wordpress.nibis.de\/gsjowolf\/foerderverein-noerten-hardenberg\/","title":{"rendered":"F\u00f6rderverein N\u00f6rten-Hardenberg"},"content":{"rendered":"<p style=\"text-align: center\">\n<table id=\"tablepress-7\" class=\"tablepress tablepress-id-7\">\n<tbody>\n<tr class=\"row-1\">\n\t<td class=\"column-1\"><a href=\"http:\/\/wordpress.nibis.de\/gsjowolf\/?attachment_id=247\" rel=\"attachment wp-att-247\"><img loading=\"lazy\" decoding=\"async\" src=\"http:\/\/wordpress.nibis.de\/gsjowolf\/files\/F\u00f6rderverein-N\u00f6rten-1-300x199.jpg\" alt=\"\" width=\"300\" height=\"199\" class=\"aligncenter size-medium wp-image-247\" srcset=\"https:\/\/wordpress.nibis.de\/gsjowolf\/files\/F\u00f6rderverein-N\u00f6rten-1-300x199.jpg 300w, https:\/\/wordpress.nibis.de\/gsjowolf\/files\/F\u00f6rderverein-N\u00f6rten-1-640x426.jpg 640w, https:\/\/wordpress.nibis.de\/gsjowolf\/files\/F\u00f6rderverein-N\u00f6rten-1-450x300.jpg 450w, https:\/\/wordpress.nibis.de\/gsjowolf\/files\/F\u00f6rderverein-N\u00f6rten-1.jpg 800w\" sizes=\"auto, (max-width: 300px) 100vw, 300px\" \/><\/a><\/td><td class=\"column-2\"><a href=\"http:\/\/wordpress.nibis.de\/gsjowolf\/?attachment_id=248\" rel=\"attachment wp-att-248\"><img loading=\"lazy\" decoding=\"async\" src=\"http:\/\/wordpress.nibis.de\/gsjowolf\/files\/F\u00f6rderverein-N\u00f6rten-2-300x199.jpg\" alt=\"\" width=\"300\" height=\"199\" class=\"aligncenter size-medium wp-image-248\" srcset=\"https:\/\/wordpress.nibis.de\/gsjowolf\/files\/F\u00f6rderverein-N\u00f6rten-2-300x199.jpg 300w, https:\/\/wordpress.nibis.de\/gsjowolf\/files\/F\u00f6rderverein-N\u00f6rten-2-640x426.jpg 640w, https:\/\/wordpress.nibis.de\/gsjowolf\/files\/F\u00f6rderverein-N\u00f6rten-2-450x300.jpg 450w, https:\/\/wordpress.nibis.de\/gsjowolf\/files\/F\u00f6rderverein-N\u00f6rten-2.jpg 800w\" sizes=\"auto, (max-width: 300px) 100vw, 300px\" \/><\/a><\/td>\n<\/tr>\n<\/tbody>\n<\/table>\n<!-- #tablepress-7 from cache --><\/p>\n<p style=\"text-align: justify\"><span style=\"font-size: large;font-family: arial,helvetica,sans-serif\"><strong>Zweck und Aufgaben des F\u00f6rdervereins<br \/>\n<\/strong><\/span><span style=\"font-size: medium;font-family: arial,helvetica,sans-serif\">In Zeiten knapper Kassen und zunehmender Sparma\u00dfnahmen der \u00f6ffentlichen Hand haben sich F\u00f6rdervereine in vielen Bereichen als \u00fcberaus notwendig erwiesen.<\/span><\/p>\n<p style=\"text-align: justify\"><span style=\"font-size: medium;font-family: arial,helvetica,sans-serif\">Unser F\u00f6rderverein wurde bereits 1993 von Eltern, Lehrerinnen und Mitarbeiterinnen der Schule gegr\u00fcndet.<\/span><\/p>\n<p style=\"text-align: justify\"><span style=\"font-size: medium;font-family: arial,helvetica,sans-serif\">Unsere Arbeit basiert auf dem ehrenamtlichen Engagement vieler Eltern, Lehrer und sonstiger Mitarbeiter unserer Schule. Ziel unserer Arbeit ist es, Ideen aufzugreifen und umzusetzen und somit unseren Kindern verbesserte Voraussetzungen und Bedingungen f\u00fcr einen optimalen p\u00e4dagogischen und gesundheitsf\u00f6rdernden Schulalltag zu bieten.<\/span><\/p>\n<p style=\"text-align: justify\"><span style=\"font-size: medium;font-family: arial,helvetica,sans-serif\">Neben der ehrenamtlichen T\u00e4tigkeit ben\u00f6tigen wir finanzielle Mittel, die wir durch Mitgliedsbeitr\u00e4ge, Spenden und Erl\u00f6se aus verschiedenen Veranstaltungen f\u00fcr unsere Schule erwirtschaften.<\/span><\/p>\n<p style=\"text-align: justify\"><span style=\"font-size: large;font-family: arial,helvetica,sans-serif\"><strong>Dazu brauchen wir Ihre Unterst\u00fctzung!<br \/>\n<\/strong><\/span><span style=\"font-size: medium;font-family: arial,helvetica,sans-serif\">Werden Sie Mitglied und unterst\u00fctzen Sie uns durch einen Mindestbeitrag von 10\u20ac im Schuljahr!<\/span><\/p>\n<p style=\"text-align: justify\"><span style=\"font-size: medium;font-family: arial,helvetica,sans-serif\">Sollten Sie sich nicht durch eine Mitgliedschaft binden wollen, k\u00f6nnen Sie uns auch gerne durch Einzelspenden unterst\u00fctzen.<\/span><\/p>\n<p style=\"text-align: justify\"><span style=\"font-size: medium;font-family: arial,helvetica,sans-serif\">Spenden und Mitgliedsbeitr\u00e4ge sind steuerlich absetzbar.<\/span><\/p>\n<p style=\"text-align: justify\"><span style=\"font-size: medium;font-family: arial,helvetica,sans-serif\">Nat\u00fcrlich freuen wir uns auch sehr \u00fcber kreative Ideen und tatkr\u00e4ftige Unterst\u00fctzung.<\/span><\/p>\n<p style=\"text-align: justify\"><span style=\"font-family: arial,helvetica,sans-serif\"><strong><span style=\"font-size: large\">\u00a0Unterst\u00fctzte Projekte:<\/span><\/strong><\/span><\/p>\n<ul style=\"text-align: justify\">\n<li><span style=\"font-size: medium;font-family: arial,helvetica,sans-serif\">Finanzierung des Obstprojektes<\/span><\/li>\n<li><span style=\"font-size: medium;font-family: arial,helvetica,sans-serif\">Bezuschussung der Theaterbesuche und des Zirkusprojektes<\/span><\/li>\n<li><span style=\"font-size: medium;font-family: arial,helvetica,sans-serif\">Ausstattung der B\u00fccherei mit neuen B\u00fcchern<\/span><\/li>\n<li><span style=\"font-size: medium;font-family: arial,helvetica,sans-serif\">Finanzierung von Autorenlesungen<\/span><\/li>\n<li><span style=\"font-size: medium;font-family: arial,helvetica,sans-serif\">Unterst\u00fctzung der Kinder beim Laufabzeichen und beim Altstadtlauf<\/span><\/li>\n<li><span style=\"font-size: medium;font-family: arial,helvetica,sans-serif\">Sponsorenl\u00e4ufe der Sch\u00fcler<\/span><\/li>\n<li><span style=\"font-size: medium;font-family: arial,helvetica,sans-serif\">Ausstattung der Gruppenr\u00e4ume mit Spielen<\/span><\/li>\n<li><span style=\"font-size: medium;font-family: arial,helvetica,sans-serif\">Mitfinanzierung der Fu\u00dfg\u00e4ngerampel Burgstra\u00dfe<\/span><\/li>\n<li><span style=\"font-size: medium;font-family: arial,helvetica,sans-serif\">Mitgestaltung bzw. Finanzierung des Schulhofes. Angeschafft wurden: Reifenschaukel, gro\u00dfer Kletterbaum, Schaukeln, Basketballkorb, Balancierger\u00e4te, Kletterwand und Fallschutzmatten<\/span><\/li>\n<li><span style=\"font-size: medium;font-family: arial,helvetica,sans-serif\">Adventsflohmarkt<\/span><\/li>\n<li><span style=\"font-size: medium;font-family: arial,helvetica,sans-serif\">Ausstattung der Pausenkisten<\/span><\/li>\n<li><span style=\"font-size: medium;font-family: arial,helvetica,sans-serif\">Mitfinanzierung der Soundanlage in der Aula<\/span><\/li>\n<li><span style=\"font-size: medium;font-family: arial,helvetica,sans-serif\">Finanzierung der Headsets f\u00fcr die Soundanlage<\/span><\/li>\n<li><span style=\"font-size: medium;font-family: arial,helvetica,sans-serif\">Finanzielle Unterst\u00fctzung des Projektes \u201eSchulhofgestaltung\u201c<\/span><\/li>\n<li><span style=\"font-family: arial,helvetica,sans-serif\">Finanzierung von 2 interaktiven Beamern<\/span>\n<ul>\n<li><span style=\"color: #333333;font-family: arial,helvetica,sans-serif\">Mitfinanzierung von 2 weiteren Beamern zur sukzessiven Ausstattung aller Klassenr\u00e4ume<\/span><\/li>\n<\/ul>\n<\/li>\n<li><span style=\"color: #333333;font-family: arial,helvetica,sans-serif\">Mitfinanzierung der Hangelrampe an der Rutsche auf dem Schulhof<\/span><\/li>\n<li><span style=\"font-size: medium;font-family: arial,helvetica,sans-serif\">\u2026\u2026\u2026\u2026\u2026..<\/span><\/li>\n<\/ul>\n<p style=\"text-align: justify\"><span style=\"font-family: arial,helvetica,sans-serif\"><span style=\"font-size: large\"><strong>Wenn Sie mehr<\/strong> <\/span><span style=\"font-size: medium\">\u00fcber den F\u00f6rderverein wissen m\u00f6chten, sprechen Sie uns an oder schreiben Sie uns:<\/span><\/span><\/p>\n<p style=\"text-align: justify\"><span style=\"font-family: arial,helvetica,sans-serif\"><span style=\"font-size: medium\"><strong>F\u00f6rderverein Johann-Wolf-Schule<\/strong><\/span> <\/span><\/p>\n<p style=\"text-align: justify\"><span style=\"font-family: arial,helvetica,sans-serif\"><span style=\"font-size: medium\"> Gerhard-Hauptmann-Str. <\/span><\/span><\/p>\n<p style=\"text-align: justify\"><span style=\"font-family: arial,helvetica,sans-serif\"><span style=\"font-size: medium\">10<\/span> <span style=\"font-size: medium\"> 37176 <\/span><\/span><span style=\"font-family: arial,helvetica,sans-serif\"><span style=\"font-size: medium\">N\u00f6rten-Hardenberg<\/span> <\/span><\/p>\n<p style=\"text-align: justify\"><span style=\"font-family: arial,helvetica,sans-serif\"><span style=\"font-size: medium\"><strong>Email:<\/strong> <a href=\"&#102;&#x6f;&#x65;r&#100;&#x65;r&#118;&#x65;r&#101;&#x69;n&#46;&#x6e;&#x68;&#64;&#x6a;&#x6f;h&#97;&#x6e;n&#119;&#x6f;l&#102;&#x73;&#x63;&#104;&#x75;&#x6c;e&#46;&#x64;e\">&#x66;&#x6f;&#101;r&#x64;&#x65;&#114;ve&#x72;&#x65;&#105;n&#x2e;&#x6e;&#104;&#64;j&#x6f;&#x68;&#97;n&#x6e;&#x77;&#111;&#108;f&#x73;&#x63;&#104;u&#x6c;&#x65;&#46;&#100;e<\/a><\/span><\/span><\/p>\n<p style=\"text-align: justify\"><b style=\"color: #000000\">Vorsitzen<\/b><strong>der<span style=\"color: #000000\">:\u00a0<\/span><\/strong><span style=\"color: #000000\">Olaf Ringeisen<\/span><\/p>\n<p style=\"text-align: justify\"><strong>2. Vorsitzende:<\/strong>\u00a0Thomas Drost<\/p>\n<p style=\"text-align: justify\"><span style=\"font-size: medium\"><strong>Schriftf\u00fchrerin:<\/strong>\u00a0Nicole S\u00f6der<\/span><\/p>\n<p style=\"text-align: justify\"><strong>Kassenwart:<\/strong>\u00a0Stephan Weitemeier<\/p>\n<p style=\"text-align: justify\"><strong><span style=\"font-size: medium\"><span style=\"color: #000000\">Beisitzer:<\/span>\u00a0<\/span><\/strong><span style=\"font-size: medium\">Marion Seidel, Christina Flotho<\/span><span style=\"font-size: medium\"><br \/>\n<\/span><\/p>\n<p style=\"text-align: justify\"><span style=\"font-family: arial, helvetica, sans-serif;color: #000000\"><strong><span style=\"font-size: medium\">Bankverbindung:<\/span><\/strong><\/span><\/p>\n<p>Konto: 0046346602, BLZ: 520 900 00, Volksbank Kassel G\u00f6ttingen eG<\/p>\n<p>BIC: GENODE51KS1\u00a0 IBAN: DE62 5209 0000 0046 3466 02<\/p>\n<p style=\"text-align: justify\"><span style=\"font-size: medium;font-family: arial,helvetica,sans-serif\"><span style=\"color: #800000\"><span style=\"font-size: x-large\"><span style=\"font-size: large\"><span style=\"font-size: medium\">Die <strong><span style=\"font-size: large\">Beitrittserkl\u00e4rung <\/span><\/strong><\/span><\/span><\/span><span style=\"font-size: x-large\"><span style=\"font-size: large\"><span style=\"font-size: medium\">f\u00fcr den F\u00f6rderverein N\u00f6rten-Hardenberg finden Sie <\/span><\/span><\/span><\/span><span style=\"font-size: x-large;color: #800000\"><span style=\"font-size: large\"><a href=\"https:\/\/wordpress.nibis.de\/gsjowolf\/files\/20211113_Betrittserklaerung-neu-1-1.pdf\" target=\"_blank\" rel=\"noopener noreferrer\">hier<\/a><\/span>.<\/span><\/span><\/p>\n<p style=\"text-align: justify\"><span style=\"font-family: arial,helvetica,sans-serif\">\n<table id=\"tablepress-9\" class=\"tablepress tablepress-id-9\">\n<tbody>\n<tr class=\"row-1\">\n\t<td class=\"column-1\"><a href=\"http:\/\/wordpress.nibis.de\/gsjowolf\/?attachment_id=254\" rel=\"attachment wp-att-254\"><img loading=\"lazy\" decoding=\"async\" src=\"http:\/\/wordpress.nibis.de\/gsjowolf\/files\/F\u00f6rderverein-N\u00f6rten-3-300x199.jpg\" alt=\"\" width=\"300\" height=\"199\" class=\"aligncenter size-medium wp-image-254\" srcset=\"https:\/\/wordpress.nibis.de\/gsjowolf\/files\/F\u00f6rderverein-N\u00f6rten-3-300x199.jpg 300w, https:\/\/wordpress.nibis.de\/gsjowolf\/files\/F\u00f6rderverein-N\u00f6rten-3-640x426.jpg 640w, https:\/\/wordpress.nibis.de\/gsjowolf\/files\/F\u00f6rderverein-N\u00f6rten-3-450x300.jpg 450w, https:\/\/wordpress.nibis.de\/gsjowolf\/files\/F\u00f6rderverein-N\u00f6rten-3.jpg 800w\" sizes=\"auto, (max-width: 300px) 100vw, 300px\" \/><\/a><\/td><td class=\"column-2\"><a href=\"http:\/\/wordpress.nibis.de\/gsjowolf\/?attachment_id=255\" rel=\"attachment wp-att-255\"><img loading=\"lazy\" decoding=\"async\" src=\"http:\/\/wordpress.nibis.de\/gsjowolf\/files\/F\u00f6rderverein-N\u00f6rten-4-300x199.jpg\" alt=\"\" width=\"300\" height=\"199\" class=\"aligncenter size-medium wp-image-255\" srcset=\"https:\/\/wordpress.nibis.de\/gsjowolf\/files\/F\u00f6rderverein-N\u00f6rten-4-300x199.jpg 300w, https:\/\/wordpress.nibis.de\/gsjowolf\/files\/F\u00f6rderverein-N\u00f6rten-4-640x426.jpg 640w, https:\/\/wordpress.nibis.de\/gsjowolf\/files\/F\u00f6rderverein-N\u00f6rten-4-450x300.jpg 450w, https:\/\/wordpress.nibis.de\/gsjowolf\/files\/F\u00f6rderverein-N\u00f6rten-4.jpg 800w\" sizes=\"auto, (max-width: 300px) 100vw, 300px\" \/><\/a><\/td>\n<\/tr>\n<tr class=\"row-2\">\n\t<td class=\"column-1\"><a href=\"http:\/\/wordpress.nibis.de\/gsjowolf\/?attachment_id=256\" rel=\"attachment wp-att-256\"><img loading=\"lazy\" decoding=\"async\" src=\"http:\/\/wordpress.nibis.de\/gsjowolf\/files\/F\u00f6rderverein-N\u00f6rten-5-300x199.jpg\" alt=\"\" width=\"300\" height=\"199\" class=\"aligncenter size-medium wp-image-256\" srcset=\"https:\/\/wordpress.nibis.de\/gsjowolf\/files\/F\u00f6rderverein-N\u00f6rten-5-300x199.jpg 300w, https:\/\/wordpress.nibis.de\/gsjowolf\/files\/F\u00f6rderverein-N\u00f6rten-5-640x426.jpg 640w, https:\/\/wordpress.nibis.de\/gsjowolf\/files\/F\u00f6rderverein-N\u00f6rten-5-450x300.jpg 450w, https:\/\/wordpress.nibis.de\/gsjowolf\/files\/F\u00f6rderverein-N\u00f6rten-5.jpg 800w\" sizes=\"auto, (max-width: 300px) 100vw, 300px\" \/><\/a><\/td><td class=\"column-2\"><a href=\"http:\/\/wordpress.nibis.de\/gsjowolf\/?attachment_id=257\" rel=\"attachment wp-att-257\"><img loading=\"lazy\" decoding=\"async\" src=\"http:\/\/wordpress.nibis.de\/gsjowolf\/files\/F\u00f6rderverein-N\u00f6rten-6-300x199.jpg\" alt=\"\" width=\"300\" height=\"199\" class=\"aligncenter size-medium wp-image-257\" srcset=\"https:\/\/wordpress.nibis.de\/gsjowolf\/files\/F\u00f6rderverein-N\u00f6rten-6-300x199.jpg 300w, https:\/\/wordpress.nibis.de\/gsjowolf\/files\/F\u00f6rderverein-N\u00f6rten-6-640x426.jpg 640w, https:\/\/wordpress.nibis.de\/gsjowolf\/files\/F\u00f6rderverein-N\u00f6rten-6-450x300.jpg 450w, https:\/\/wordpress.nibis.de\/gsjowolf\/files\/F\u00f6rderverein-N\u00f6rten-6.jpg 800w\" sizes=\"auto, (max-width: 300px) 100vw, 300px\" \/><\/a><\/td>\n<\/tr>\n<\/tbody>\n<\/table>\n<!-- #tablepress-9 from cache --><\/span><\/p>\n","protected":false},"excerpt":{"rendered":"<p>Zweck und Aufgaben des F\u00f6rdervereins In Zeiten knapper Kassen und zunehmender Sparma\u00dfnahmen der \u00f6ffentlichen Hand haben sich F\u00f6rdervereine in vielen Bereichen als \u00fcberaus notwendig erwiesen. Unser F\u00f6rderverein wurde bereits 1993 von Eltern, Lehrerinnen und Mitarbeiterinnen der Schule gegr\u00fcndet. Unsere Arbeit basiert auf dem ehrenamtlichen Engagement vieler Eltern, Lehrer und sonstiger Mitarbeiter unserer Schule. Ziel unserer &hellip; <a href=\"https:\/\/wordpress.nibis.de\/gsjowolf\/foerderverein-noerten-hardenberg\/\" class=\"more-link\">Weiterlesen <span class=\"screen-reader-text\">F\u00f6rderverein N\u00f6rten-Hardenberg<\/span><\/a><\/p>\n","protected":false},"author":397,"featured_media":0,"parent":0,"menu_order":0,"comment_status":"closed","ping_status":"closed","template":"","meta":{"footnotes":""},"class_list":["post-434","page","type-page","status-publish","hentry","without-featured-image"],"_links":{"self":[{"href":"https:\/\/wordpress.nibis.de\/gsjowolf\/wp-json\/wp\/v2\/pages\/434","targetHints":{"allow":["GET"]}}],"collection":[{"href":"https:\/\/wordpress.nibis.de\/gsjowolf\/wp-json\/wp\/v2\/pages"}],"about":[{"href":"https:\/\/wordpress.nibis.de\/gsjowolf\/wp-json\/wp\/v2\/types\/page"}],"author":[{"embeddable":true,"href":"https:\/\/wordpress.nibis.de\/gsjowolf\/wp-json\/wp\/v2\/users\/397"}],"replies":[{"embeddable":true,"href":"https:\/\/wordpress.nibis.de\/gsjowolf\/wp-json\/wp\/v2\/comments?post=434"}],"version-history":[{"count":25,"href":"https:\/\/wordpress.nibis.de\/gsjowolf\/wp-json\/wp\/v2\/pages\/434\/revisions"}],"predecessor-version":[{"id":3117,"href":"https:\/\/wordpress.nibis.de\/gsjowolf\/wp-json\/wp\/v2\/pages\/434\/revisions\/3117"}],"wp:attachment":[{"href":"https:\/\/wordpress.nibis.de\/gsjowolf\/wp-json\/wp\/v2\/media?parent=434"}],"curies":[{"name":"wp","href":"https:\/\/api.w.org\/{rel}","templated":true}]}}