{"id":498,"date":"2014-09-10T22:05:30","date_gmt":"2014-09-10T20:05:30","guid":{"rendered":"http:\/\/wordpress.nibis.de\/gsjowolf\/?page_id=498"},"modified":"2026-08-13T16:51:23","modified_gmt":"2026-08-13T14:51:23","slug":"schulprofil","status":"publish","type":"page","link":"https:\/\/wordpress.nibis.de\/gsjowolf\/schulprofil\/","title":{"rendered":"Schulprofil"},"content":{"rendered":"\n<p class=\"has-text-align-left wp-block-paragraph\"><strong>Die Schule<\/strong><\/p>\n\n\n\n<p class=\"has-text-align-left wp-block-paragraph\">Die Johann-Wolf-Grundschule umfasst den Bildungszeitraum in den Schuljahrg\u00e4ngen eins bis vier. Unser Schultr\u00e4ger ist der Flecken N\u00f6rten-Hardenberg, der zum Landkreis Northeim geh\u00f6rt. Unsere Schule besteht aus den beiden Standorten N\u00f6rten-Hardenberg und Angerstein.<\/p>\n\n\n\n<p class=\"has-text-align-left wp-block-paragraph\">Zum Einzugsgebiet der beiden Standorte geh\u00f6ren neben N\u00f6rten-Hardenberg\ndie Ortsteile Bishausen, Sudershausen, L\u00fctgenrode, Parensen, Elvese sowie\nAngerstein und Wolbrechtshausen. <\/p>\n\n\n\n<p class=\"has-text-align-left wp-block-paragraph\">Zu den vorschulischen Einrichtungen im Einzugsgebiet der Schule z\u00e4hlen die ev. Kindertagesst\u00e4tte, die kath. KiTa St. Josef, die KiTa Elementum der Johanniter-Unfall-Hilfe, die KiTa Wirbelwind in Bishausen mit integrativer Gruppe sowie die KiTa Spatzennest in Angerstein.<\/p>\n\n\n\n<p class=\"has-text-align-left wp-block-paragraph\">Beide Schulgeb\u00e4ude liegen in einem Wohngebiet. Alle Klassen verf\u00fcgen \u00fcber neue Akustikdecken, um optimale Voraussetzungen f\u00fcr die inklusive Schule zu schaffen und ein gesundes Raumklima f\u00fcr Sch\u00fcler:innen und Lehrkr\u00e4fte zu gew\u00e4hrleisten. Ebenso sind mit Beginn des Schuljahres 2019\/20 alle Klassen mit interaktiven Beamern ausgestattet.<\/p>\n\n\n\n<p class=\"has-text-align-left wp-block-paragraph\">Beide Standorte verf\u00fcgen \u00fcber ein gro\u00dfz\u00fcgiges Au\u00dfengel\u00e4nde mit vielen Spiel- und Bewegungsm\u00f6glichkeiten.<\/p>\n\n\n\n<p class=\"has-text-align-left wp-block-paragraph\">Im Schuljahr 2026\/27 werden insgesamt 364 Sch\u00fclerinnen und Sch\u00fcler unterrichtet, davon 256 im dreiz\u00fcgigen Standort N\u00f6rten-Hardenberg und 108 im ein- bis zweiz\u00fcgigen Standort Angerstein.<br>Zum Kollegium geh\u00f6ren 29 Lehrkr\u00e4fte, davon sind 2 F\u00f6rderschullehrkr\u00e4fte, 11 P\u00e4dagogische Mitarbeiter:innen und 2 Schulsozialarbeiterinnen.<\/p>\n\n\n\n<p class=\"has-text-align-left wp-block-paragraph\"><strong>Ganztagsangebot<\/strong><\/p>\n\n\n\n<p class=\"has-text-align-left wp-block-paragraph\">Die offene Ganztagsschule findet von <strong>Montag bis Donnerstag<\/strong> f\u00fcr die <strong>Jahrg\u00e4nge<\/strong> <strong>2, 3<\/strong> und<strong> 4<\/strong> <strong>bis 15:05 Uhr<\/strong> statt. \u00a0F\u00fcr den <strong>Jahrgang<\/strong> <strong>1<\/strong> findet der Ganztag von <strong>Montag bis Freitag<\/strong> bis <strong>16:00 Uhr<\/strong> statt. Eine Anmeldung ist an einzelnen Tagen oder f\u00fcr alle 4 Tage m\u00f6glich.<\/p>\n\n\n\n<p class=\"has-text-align-left wp-block-paragraph\">Die Ganztagszeit beginnt jeweils mit einem gemeinsamen Mittagessen im Jahrgang und einer Spielzeit. Anschlie\u00dfend fertigen die Kinder der Jahrg\u00e4nge 1 und 2 t\u00e4glich ihre Hausaufgaben an. Es folgt ein auf die Gruppe angepasstes Angebot bis 15:00 Uhr (Jahrgang 2) oder 16:00 Uhr (Jahrgang 1).<\/p>\n\n\n\n<p class=\"has-text-align-left wp-block-paragraph\">Auch die Jahrg\u00e4nge 3 und 4 starten mit dem Mittagessen und einer Spielzeit. Danach folgt eine Hausaufgabenbetreuung und ab 14:00 Uhr beginnen die Arbeitsgemeinschaften, die die Kinder im Vorfeld w\u00e4hlen k\u00f6nnen. In diesem Bereich werden wir von au\u00dferunterrichtlichen Partnern unterst\u00fctzt. Lehrkr\u00e4fte bieten Angebote wie Basketball, Lesen und B\u00fccherei, Werwolf, Altenheim, Mathedetektive und \u00e4hnliches an.<\/p>\n\n\n\n<p class=\"has-text-align-left wp-block-paragraph\"><strong>Betreuung innerhalb der verl\u00e4sslichen Grundschule<\/strong><\/p>\n\n\n\n<p class=\"has-text-align-left wp-block-paragraph\">Erziehungsberechtigte der Sch\u00fclerinnen und Sch\u00fcler des 1. und 2. Schuljahres k\u00f6nnen zudem eine kostenlose Betreuungszeit von 12:05 Uhr bis 12:50 Uhr in Anspruch nehmen (Jahrgang 1 Mo-Mi, Jahrgang 2 Mo-Di). Diese wird von unseren p\u00e4dagogischen Mitarbeiter*innen durchgef\u00fchrt.<\/p>\n\n\n\n<p class=\"has-text-align-left wp-block-paragraph\">Die M\u00f6glichkeit eines Mittagessens und die Erledigung von Hausaufgaben gibt es in dieser Zeit nicht.<\/p>\n\n\n\n<p class=\"has-text-align-left wp-block-paragraph\"><strong>Besser lernen durch Bewegung<\/strong><\/p>\n\n\n\n<p class=\"has-text-align-left wp-block-paragraph\">Bereits zum dritten Mal wurde die JWS als \u201esportfreundliche Schule\u201c ausgezeichnet. Unser Leitbild \u201eGemeinsam Lernen durch Bewegung\u201c unterstreicht den hohen Stellenwert, der Bewegung und Lernen miteinander verkn\u00fcpft. Viele sportliche Aktivit\u00e4ten werden den Sch\u00fclerinnen und Sch\u00fclern in diesem Rahmen angeboten. F\u00fcr den Sportunterricht stehen dem Standort N\u00f6rten eine eigene Turnhalle, ein Sportplatz und ein nur wenige Minuten entfernt liegendes Hallenbad zur Verf\u00fcgung. Schwimmunterricht wird in den Jahrg\u00e4ngen 3 und 4 sowie in der zweiten Klasse als AG unterrichtet. Auch die Kinder aus dem Standort Angerstein nutzen ab der zweiten Klasse die Sporthalle und ab der dritten Klasse das Schwimmbad. Die Erstkl\u00e4ssler haben ihren Sportunterricht in der Pausenhalle.<br> Bewegtes Lernen wird an unserer Schule durch unterschiedlichste Aktivit\u00e4ten unterst\u00fctzt und gef\u00f6rdert, wie z. B.:<br> \u2022 gezieltes Lauftraining mit der M\u00f6glichkeit zum Erwerb des Laufabzeichens<br> \u2022 Lauf-Event als Sportfest<br> \u2022 Schwimmunterricht, regelm\u00e4\u00dfig stattfindende Schwimmfeste (z.B. Weihnachtsschwimmfest)<br> \u2022 Ballturniere<br> \u2022 kurze Bewegungspausen w\u00e4hrend des Unterrichts<br> \u2022 u. v. m.<\/p>\n\n\n\n<p class=\"has-text-align-left wp-block-paragraph\"><strong>Gesunde Ern\u00e4hrung<\/strong><br>Gesunde Ern\u00e4hrung ist die Voraussetzung f\u00fcr die Erhaltung der Gesundheit und Leistungsf\u00e4higkeit. Konzentration, Erinnerungsverm\u00f6gen und logisches Denken k\u00f6nnen verbessert werden, wenn die Ern\u00e4hrung aus einer vollwertigen, vitamin- und mineralstoffhaltigen Nahrung besteht.<\/p>\n\n\n\n<p class=\"has-text-align-left wp-block-paragraph\">In unserer Schule sind daher viele Projekte institutionalisiert, wie z. B.:<br> \u2022 eine t\u00e4gliche gemeinsame Fr\u00fchst\u00fcckszeit in der Klasse<br> \u2022 \u201eGesunde Ern\u00e4hrung\u201c als Thema im Sachunterricht aller Jahrg\u00e4nge<br> \u2022 eine w\u00f6chentliche \u201eVitaminbar\u201c aus Bio-Obst und Gem\u00fcse, geliefert von Lotta Karotta.<br> \u2022 u. v. m.<\/p>\n\n\n","protected":false},"excerpt":{"rendered":"<p>Die Schule Die Johann-Wolf-Grundschule umfasst den Bildungszeitraum in den Schuljahrg\u00e4ngen eins bis vier. Unser Schultr\u00e4ger ist der Flecken N\u00f6rten-Hardenberg, der zum Landkreis Northeim geh\u00f6rt. Unsere Schule besteht aus den beiden Standorten N\u00f6rten-Hardenberg und Angerstein. Zum Einzugsgebiet der beiden Standorte geh\u00f6ren neben N\u00f6rten-Hardenberg die Ortsteile Bishausen, Sudershausen, L\u00fctgenrode, Parensen, Elvese sowie Angerstein und Wolbrechtshausen. Zu den &hellip; <a href=\"https:\/\/wordpress.nibis.de\/gsjowolf\/schulprofil\/\" class=\"more-link\">Weiterlesen <span class=\"screen-reader-text\">Schulprofil<\/span><\/a><\/p>\n","protected":false},"author":397,"featured_media":0,"parent":0,"menu_order":0,"comment_status":"closed","ping_status":"closed","template":"","meta":{"footnotes":"","_members_access_role":[],"_members_access_error":""},"class_list":["post-498","page","type-page","status-publish","hentry","without-featured-image"],"_links":{"self":[{"href":"https:\/\/wordpress.nibis.de\/gsjowolf\/wp-json\/wp\/v2\/pages\/498","targetHints":{"allow":["GET"]}}],"collection":[{"href":"https:\/\/wordpress.nibis.de\/gsjowolf\/wp-json\/wp\/v2\/pages"}],"about":[{"href":"https:\/\/wordpress.nibis.de\/gsjowolf\/wp-json\/wp\/v2\/types\/page"}],"author":[{"embeddable":true,"href":"https:\/\/wordpress.nibis.de\/gsjowolf\/wp-json\/wp\/v2\/users\/397"}],"replies":[{"embeddable":true,"href":"https:\/\/wordpress.nibis.de\/gsjowolf\/wp-json\/wp\/v2\/comments?post=498"}],"version-history":[{"count":28,"href":"https:\/\/wordpress.nibis.de\/gsjowolf\/wp-json\/wp\/v2\/pages\/498\/revisions"}],"predecessor-version":[{"id":3591,"href":"https:\/\/wordpress.nibis.de\/gsjowolf\/wp-json\/wp\/v2\/pages\/498\/revisions\/3591"}],"wp:attachment":[{"href":"https:\/\/wordpress.nibis.de\/gsjowolf\/wp-json\/wp\/v2\/media?parent=498"}],"curies":[{"name":"wp","href":"https:\/\/api.w.org\/{rel}","templated":true}]}}

<p class="has-text-align-left wp-block-paragraph"><strong>Die Schule</strong></p>



<p class="has-text-align-left wp-block-paragraph">Die Johann-Wolf-Grundschule umfasst den Bildungszeitraum in den Schuljahrgängen eins bis vier. Unser Schulträger ist der Flecken Nörten-Hardenberg, der zum Landkreis Northeim gehört. Unsere Schule besteht aus den beiden Standorten Nörten-Hardenberg und Angerstein.</p>



<p class="has-text-align-left wp-block-paragraph">Zum Einzugsgebiet der beiden Standorte gehören neben Nörten-Hardenberg
die Ortsteile Bishausen, Sudershausen, Lütgenrode, Parensen, Elvese sowie
Angerstein und Wolbrechtshausen. </p>



<p class="has-text-align-left wp-block-paragraph">Zu den vorschulischen Einrichtungen im Einzugsgebiet der Schule zählen die ev. Kindertagesstätte, die kath. KiTa St. Josef, die KiTa Elementum der Johanniter-Unfall-Hilfe, die KiTa Wirbelwind in Bishausen mit integrativer Gruppe sowie die KiTa Spatzennest in Angerstein.</p>



<p class="has-text-align-left wp-block-paragraph">Beide Schulgebäude liegen in einem Wohngebiet. Alle Klassen verfügen über neue Akustikdecken, um optimale Voraussetzungen für die inklusive Schule zu schaffen und ein gesundes Raumklima für Schüler:innen und Lehrkräfte zu gewährleisten. Ebenso sind mit Beginn des Schuljahres 2019/20 alle Klassen mit interaktiven Beamern ausgestattet.</p>



<p class="has-text-align-left wp-block-paragraph">Beide Standorte verfügen über ein großzügiges Außengelände mit vielen Spiel- und Bewegungsmöglichkeiten.</p>



<p class="has-text-align-left wp-block-paragraph">Im Schuljahr 2026/27 werden insgesamt 364 Schülerinnen und Schüler unterrichtet, davon 256 im dreizügigen Standort Nörten-Hardenberg und 108 im ein- bis zweizügigen Standort Angerstein.<br>Zum Kollegium gehören 29 Lehrkräfte, davon sind 2 Förderschullehrkräfte, 11 Pädagogische Mitarbeiter:innen und 2 Schulsozialarbeiterinnen.</p>



<p class="has-text-align-left wp-block-paragraph"><strong>Ganztagsangebot</strong></p>



<p class="has-text-align-left wp-block-paragraph">Die offene Ganztagsschule findet von <strong>Montag bis Donnerstag</strong> für die <strong>Jahrgänge</strong> <strong>2, 3</strong> und<strong> 4</strong> <strong>bis 15:05 Uhr</strong> statt.  Für den <strong>Jahrgang</strong> <strong>1</strong> findet der Ganztag von <strong>Montag bis Freitag</strong> bis <strong>16:00 Uhr</strong> statt. Eine Anmeldung ist an einzelnen Tagen oder für alle 4 Tage möglich.</p>



<p class="has-text-align-left wp-block-paragraph">Die Ganztagszeit beginnt jeweils mit einem gemeinsamen Mittagessen im Jahrgang und einer Spielzeit. Anschließend fertigen die Kinder der Jahrgänge 1 und 2 täglich ihre Hausaufgaben an. Es folgt ein auf die Gruppe angepasstes Angebot bis 15:00 Uhr (Jahrgang 2) oder 16:00 Uhr (Jahrgang 1).</p>



<p class="has-text-align-left wp-block-paragraph">Auch die Jahrgänge 3 und 4 starten mit dem Mittagessen und einer Spielzeit. Danach folgt eine Hausaufgabenbetreuung und ab 14:00 Uhr beginnen die Arbeitsgemeinschaften, die die Kinder im Vorfeld wählen können. In diesem Bereich werden wir von außerunterrichtlichen Partnern unterstützt. Lehrkräfte bieten Angebote wie Basketball, Lesen und Bücherei, Werwolf, Altenheim, Mathedetektive und ähnliches an.</p>



<p class="has-text-align-left wp-block-paragraph"><strong>Betreuung innerhalb der verlässlichen Grundschule</strong></p>



<p class="has-text-align-left wp-block-paragraph">Erziehungsberechtigte der Schülerinnen und Schüler des 1. und 2. Schuljahres können zudem eine kostenlose Betreuungszeit von 12:05 Uhr bis 12:50 Uhr in Anspruch nehmen (Jahrgang 1 Mo-Mi, Jahrgang 2 Mo-Di). Diese wird von unseren pädagogischen Mitarbeiter*innen durchgeführt.</p>



<p class="has-text-align-left wp-block-paragraph">Die Möglichkeit eines Mittagessens und die Erledigung von Hausaufgaben gibt es in dieser Zeit nicht.</p>



<p class="has-text-align-left wp-block-paragraph"><strong>Besser lernen durch Bewegung</strong></p>



<p class="has-text-align-left wp-block-paragraph">Bereits zum dritten Mal wurde die JWS als „sportfreundliche Schule“ ausgezeichnet. Unser Leitbild „Gemeinsam Lernen durch Bewegung“ unterstreicht den hohen Stellenwert, der Bewegung und Lernen miteinander verknüpft. Viele sportliche Aktivitäten werden den Schülerinnen und Schülern in diesem Rahmen angeboten. Für den Sportunterricht stehen dem Standort Nörten eine eigene Turnhalle, ein Sportplatz und ein nur wenige Minuten entfernt liegendes Hallenbad zur Verfügung. Schwimmunterricht wird in den Jahrgängen 3 und 4 sowie in der zweiten Klasse als AG unterrichtet. Auch die Kinder aus dem Standort Angerstein nutzen ab der zweiten Klasse die Sporthalle und ab der dritten Klasse das Schwimmbad. Die Erstklässler haben ihren Sportunterricht in der Pausenhalle.<br> Bewegtes Lernen wird an unserer Schule durch unterschiedlichste Aktivitäten unterstützt und gefördert, wie z. B.:<br> • gezieltes Lauftraining mit der Möglichkeit zum Erwerb des Laufabzeichens<br> • Lauf-Event als Sportfest<br> • Schwimmunterricht, regelmäßig stattfindende Schwimmfeste (z.B. Weihnachtsschwimmfest)<br> • Ballturniere<br> • kurze Bewegungspausen während des Unterrichts<br> • u. v. m.</p>



<p class="has-text-align-left wp-block-paragraph"><strong>Gesunde Ernährung</strong><br>Gesunde Ernährung ist die Voraussetzung für die Erhaltung der Gesundheit und Leistungsfähigkeit. Konzentration, Erinnerungsvermögen und logisches Denken können verbessert werden, wenn die Ernährung aus einer vollwertigen, vitamin- und mineralstoffhaltigen Nahrung besteht.</p>



<p class="has-text-align-left wp-block-paragraph">In unserer Schule sind daher viele Projekte institutionalisiert, wie z. B.:<br> • eine tägliche gemeinsame Frühstückszeit in der Klasse<br> • „Gesunde Ernährung“ als Thema im Sachunterricht aller Jahrgänge<br> • eine wöchentliche „Vitaminbar“ aus Bio-Obst und Gemüse, geliefert von Lotta Karotta.<br> • u. v. m.</p>

<p>Die Schule Die Johann-Wolf-Grundschule umfasst den Bildungszeitraum in den Schuljahrgängen eins bis vier. Unser Schulträger ist der Flecken Nörten-Hardenberg, der zum Landkreis Northeim gehört. Unsere Schule besteht aus den beiden Standorten Nörten-Hardenberg und Angerstein. Zum Einzugsgebiet der beiden Standorte gehören neben Nörten-Hardenberg die Ortsteile Bishausen, Sudershausen, Lütgenrode, Parensen, Elvese sowie Angerstein und Wolbrechtshausen. Zu den &hellip; <a href="https://wordpress.nibis.de/gsjowolf/schulprofil/" class="more-link">Weiterlesen <span class="screen-reader-text">Schulprofil</span></a></p>
