{"id":1322,"date":"2016-08-08T11:06:25","date_gmt":"2016-08-08T09:06:25","guid":{"rendered":"http:\/\/wordpress.nibis.de\/gskleebl\/?page_id=1322"},"modified":"2018-01-31T12:03:33","modified_gmt":"2018-01-31T11:03:33","slug":"schulbuecherei","status":"publish","type":"page","link":"https:\/\/wordpress.nibis.de\/gskleebl\/schulbuecherei\/","title":{"rendered":"Schulb\u00fccherei und Ortsb\u00fccherei"},"content":{"rendered":"<p><img loading=\"lazy\" decoding=\"async\" class=\"alignnone size-medium wp-image-1321\" src=\"http:\/\/wordpress.nibis.de\/gskleebl\/files\/2016\/08\/image-4-300x223.jpeg\" alt=\"B\u00fccherei 1\" width=\"300\" height=\"223\" srcset=\"https:\/\/wordpress.nibis.de\/gskleebl\/files\/2016\/08\/image-4-300x223.jpeg 300w, https:\/\/wordpress.nibis.de\/gskleebl\/files\/2016\/08\/image-4-768x571.jpeg 768w, https:\/\/wordpress.nibis.de\/gskleebl\/files\/2016\/08\/image-4-640x476.jpeg 640w, https:\/\/wordpress.nibis.de\/gskleebl\/files\/2016\/08\/image-4.jpeg 796w\" sizes=\"auto, (max-width: 300px) 100vw, 300px\" \/>\u00a0<img loading=\"lazy\" decoding=\"async\" class=\"alignnone size-medium wp-image-1319\" src=\"http:\/\/wordpress.nibis.de\/gskleebl\/files\/2016\/08\/image-2-300x223.jpeg\" alt=\"B\u00fccherei 3\" width=\"300\" height=\"223\" srcset=\"https:\/\/wordpress.nibis.de\/gskleebl\/files\/2016\/08\/image-2-300x223.jpeg 300w, https:\/\/wordpress.nibis.de\/gskleebl\/files\/2016\/08\/image-2-768x571.jpeg 768w, https:\/\/wordpress.nibis.de\/gskleebl\/files\/2016\/08\/image-2-640x476.jpeg 640w, https:\/\/wordpress.nibis.de\/gskleebl\/files\/2016\/08\/image-2.jpeg 797w\" sizes=\"auto, (max-width: 300px) 100vw, 300px\" \/><\/p>\n<p style=\"text-align: justify\"><span style=\"font-family: verdana,geneva,sans-serif\">Die <a href=\"https:\/\/flecken-markoldendorf.jimdo.com\/\">Ortsb\u00fccherei<\/a> befindet sich seit Oktober 2014 in der Kleeblattgrundschule und verf\u00fcgt \u00fcber insgesamt 3188 Printmedien.<\/span><\/p>\n<p style=\"text-align: justify\"><span style=\"font-family: verdana,geneva,sans-serif\"><strong>F\u00fcr die Grundschulkinder der Kleeblattgrundschule gilt:<\/strong><\/span><\/p>\n<p style=\"text-align: justify\"><span style=\"font-family: verdana,geneva,sans-serif\">Die Ausleihe ist kostenlos und betr\u00e4gt 4 Wochen. Diese kann auf Anfrage verl\u00e4ngert werden.<\/span><\/p>\n<p style=\"text-align: justify\"><span style=\"font-family: verdana,geneva,sans-serif\">M\u00f6chte sich ein Sch\u00fcler anmelden, bekommt er die Benutzerordnung und die Einwilligungserkl\u00e4rung f\u00fcr die Eltern mit. Sobald diese von denen akzeptiert und unterschrieben vorliegt, kann es zur Ausleihe kommen.<\/span><\/p>\n<p style=\"text-align: justify\"><span style=\"font-family: verdana,geneva,sans-serif\">Ferner m\u00f6chten wir die Eltern bitten, ihrem Kind den Umgang mit den B\u00fcchern und das Verhalten in der B\u00fccherei, laut Benutzerordnung, zu erkl\u00e4ren.<\/span><\/p>\n<p style=\"text-align: justify\"><span style=\"font-family: verdana,geneva,sans-serif\">Die \u00d6ffnungszeit f\u00fcr die Grundsch\u00fcler ist immer dienstags in den beiden gro\u00dfen Pausen. In den Schulferien bleibt die B\u00fccherei geschlossen!<\/span><\/p>\n<p style=\"text-align: justify\"><span style=\"font-family: verdana,geneva,sans-serif\">Die B\u00fccherei unterst\u00fctzt auch die Arbeit der Lesementoren.<\/span><\/p>\n<p style=\"text-align: justify\"><span style=\"font-family: verdana,geneva,sans-serif\">Die Mentoren k\u00f6nnen sich ben\u00f6tigte B\u00fccher ausleihen. Unter anderen wurde dazu auch bereits p\u00e4dagogische\u00a0Literatur angeschafft.<\/span><\/p>\n<p style=\"text-align: justify\"><span style=\"font-family: verdana,geneva,sans-serif\">Die B\u00fccherei leitet seit dem 01.10.2003<\/span><\/p>\n<p style=\"text-align: justify\"><span style=\"font-family: verdana,geneva,sans-serif\">Bianca Schwantes<\/span><\/p>\n<p style=\"text-align: justify\"><span style=\"font-family: verdana,geneva,sans-serif\"><img loading=\"lazy\" decoding=\"async\" class=\"alignnone  wp-image-2143\" src=\"http:\/\/wordpress.nibis.de\/gskleebl\/files\/2018\/01\/51-215x300.jpg\" alt=\"\" width=\"137\" height=\"191\" srcset=\"https:\/\/wordpress.nibis.de\/gskleebl\/files\/2018\/01\/51-215x300.jpg 215w, https:\/\/wordpress.nibis.de\/gskleebl\/files\/2018\/01\/51-768x1072.jpg 768w, https:\/\/wordpress.nibis.de\/gskleebl\/files\/2018\/01\/51-344x480.jpg 344w, https:\/\/wordpress.nibis.de\/gskleebl\/files\/2018\/01\/51.jpg 1504w\" sizes=\"auto, (max-width: 137px) 100vw, 137px\" \/><\/span><\/p>\n<p style=\"text-align: justify\"><span style=\"font-family: verdana,geneva,sans-serif\">Die verf\u00fcgbaren Medien sind altersgerecht sortiert in den Bereichen:<\/span><\/p>\n<p style=\"text-align: justify\"><span style=\"font-family: verdana,geneva,sans-serif\"><strong>Romane f\u00fcr Erwachsene<\/strong><\/span><\/p>\n<p style=\"text-align: justify\"><span style=\"font-family: verdana,geneva,sans-serif\">aus den Genres Krimi, Science Fiction, Thriller, Klassiker, Liebe, Heimat &amp; Familie sowie Lyrik-B\u00e4nde<\/span><\/p>\n<p style=\"text-align: justify\"><span style=\"font-family: verdana,geneva,sans-serif\"><strong>Sachb\u00fccher, Lexika &amp; Nachschlagewerke<\/strong><\/span><\/p>\n<p style=\"text-align: justify\"><span style=\"font-family: verdana,geneva,sans-serif\">aus den Genres Naturwissenschaften, Lebenshilfen, Ratgeber, sowie den Bereichen Gesundheit &amp; Kochen, Eltern &amp; Kind, Familie &amp; P\u00e4dagogik, Basteln, Haustiere, Kunst &amp; Musik, Heimatkunde, Geschichte und Informatik<\/span><\/p>\n<p style=\"text-align: justify\"><span style=\"font-family: verdana,geneva,sans-serif\"><strong>Jugendb\u00fccher ab 13 Jahre<\/strong><\/span><\/p>\n<p style=\"text-align: justify\"><span style=\"font-family: verdana,geneva,sans-serif\">wie die \u201eTintenherz- Trilogie\u201c, \u201eDie wilden H\u00fchner\u201c oder Detektiv- u. Liebesgeschichten und Science Fiction<\/span><\/p>\n<p style=\"text-align: justify\"><span style=\"font-family: verdana,geneva,sans-serif\"><strong>Kinder- und Jugendb\u00fccher 9 &#8211; 13 Jahre<\/strong><\/span><\/p>\n<p style=\"text-align: justify\"><span style=\"font-family: verdana,geneva,sans-serif\">aus den Bereichen Abenteuer, Krimi, Liebe, Tiere und fr\u00f6hliche Familiengeschichten<\/span><\/p>\n<p style=\"text-align: justify\"><span style=\"font-family: verdana,geneva,sans-serif\"><strong>Kinderb\u00fccher 6 &#8211; 9 Jahre<\/strong><\/span><\/p>\n<p style=\"text-align: justify\"><span style=\"font-family: verdana,geneva,sans-serif\">wie die Lieblingsreihen von \u201ePonyclub Seestern\u201c, \u201ePonyhof Liliengr\u00fcn\u201c, \u201eDie fabelhaften Zauberfeen\u201c oder \u201eCowboy Klaus\u201c, \u201eDie drei Fragezeichen Kids\u201c und die \u201eHarry Potter\u201c Reihe. <\/span><\/p>\n<p style=\"text-align: justify\"><span style=\"font-family: verdana,geneva,sans-serif\">Au\u00dferdem Lesestart- B\u00fccher empfohlen von der \u201eStiftung Lesen\u201c<\/span><\/p>\n<p style=\"text-align: justify\"><span style=\"font-family: verdana,geneva,sans-serif\"><strong>Kinderb\u00fccher bis 6 Jahre<\/strong><\/span><\/p>\n<p style=\"text-align: justify\"><span style=\"font-family: verdana,geneva,sans-serif\">wie Bilderb\u00fccher, Wimmelb\u00fccher, M\u00e4rchenb\u00fccher, Geschichten von \u201eBenjamin Bl\u00fcmchen\u201c, \u201ePetterson und Findus\u201c, \u201eMama Muh\u201c u.v.m.<\/span><\/p>\n<p style=\"text-align: justify\"><span style=\"font-family: verdana,geneva,sans-serif\"><strong>\u201eH\u00f6rbares\u201c<\/strong><\/span><\/p>\n<p style=\"text-align: justify\"><span style=\"font-family: verdana,geneva,sans-serif\">wie gesprochene Romane, Kinderlieder und Geschichten auf CD.<\/span><\/p>\n<p style=\"text-align: justify\">\n<p>&nbsp;<\/p>\n<p style=\"text-align: justify\"><span style=\"font-family: verdana,geneva,sans-serif\">Sie finden uns auch auf der Seite <a href=\"https:\/\/flecken-markoldendorf.jimdo.com\/\">Ortsb\u00fccherei Markoldendorf<\/a>\u00a0 <\/span><\/p>\n<p style=\"text-align: justify\"><span style=\"font-family: verdana,geneva,sans-serif\">und auch der Facebook-Seite: Ortsb\u00fccherei Markoldendorf<\/span><\/p>\n","protected":false},"excerpt":{"rendered":"<p>\u00a0 Die Ortsb\u00fccherei befindet sich seit Oktober 2014 in der Kleeblattgrundschule und verf\u00fcgt \u00fcber insgesamt 3188 Printmedien. F\u00fcr die Grundschulkinder der Kleeblattgrundschule gilt: Die Ausleihe ist kostenlos und betr\u00e4gt 4 Wochen. Diese kann auf Anfrage verl\u00e4ngert werden. M\u00f6chte sich ein &hellip; <a href=\"https:\/\/wordpress.nibis.de\/gskleebl\/schulbuecherei\/\">Weiterlesen <span class=\"meta-nav\">&rarr;<\/span><\/a><\/p>\n","protected":false},"author":722,"featured_media":0,"parent":0,"menu_order":0,"comment_status":"closed","ping_status":"closed","template":"","meta":{"footnotes":""},"class_list":["post-1322","page","type-page","status-publish","hentry"],"_links":{"self":[{"href":"https:\/\/wordpress.nibis.de\/gskleebl\/wp-json\/wp\/v2\/pages\/1322","targetHints":{"allow":["GET"]}}],"collection":[{"href":"https:\/\/wordpress.nibis.de\/gskleebl\/wp-json\/wp\/v2\/pages"}],"about":[{"href":"https:\/\/wordpress.nibis.de\/gskleebl\/wp-json\/wp\/v2\/types\/page"}],"author":[{"embeddable":true,"href":"https:\/\/wordpress.nibis.de\/gskleebl\/wp-json\/wp\/v2\/users\/722"}],"replies":[{"embeddable":true,"href":"https:\/\/wordpress.nibis.de\/gskleebl\/wp-json\/wp\/v2\/comments?post=1322"}],"version-history":[{"count":6,"href":"https:\/\/wordpress.nibis.de\/gskleebl\/wp-json\/wp\/v2\/pages\/1322\/revisions"}],"predecessor-version":[{"id":2144,"href":"https:\/\/wordpress.nibis.de\/gskleebl\/wp-json\/wp\/v2\/pages\/1322\/revisions\/2144"}],"wp:attachment":[{"href":"https:\/\/wordpress.nibis.de\/gskleebl\/wp-json\/wp\/v2\/media?parent=1322"}],"curies":[{"name":"wp","href":"https:\/\/api.w.org\/{rel}","templated":true}]}}

Schulbücherei und Ortsbücherei

<p><img loading="lazy" decoding="async" class="alignnone size-medium wp-image-1321" src="http://wordpress.nibis.de/gskleebl/files/2016/08/image-4-300x223.jpeg" alt="Bücherei 1" width="300" height="223" srcset="https://wordpress.nibis.de/gskleebl/files/2016/08/image-4-300x223.jpeg 300w, https://wordpress.nibis.de/gskleebl/files/2016/08/image-4-768x571.jpeg 768w, https://wordpress.nibis.de/gskleebl/files/2016/08/image-4-640x476.jpeg 640w, https://wordpress.nibis.de/gskleebl/files/2016/08/image-4.jpeg 796w" sizes="auto, (max-width: 300px) 100vw, 300px" /> <img loading="lazy" decoding="async" class="alignnone size-medium wp-image-1319" src="http://wordpress.nibis.de/gskleebl/files/2016/08/image-2-300x223.jpeg" alt="Bücherei 3" width="300" height="223" srcset="https://wordpress.nibis.de/gskleebl/files/2016/08/image-2-300x223.jpeg 300w, https://wordpress.nibis.de/gskleebl/files/2016/08/image-2-768x571.jpeg 768w, https://wordpress.nibis.de/gskleebl/files/2016/08/image-2-640x476.jpeg 640w, https://wordpress.nibis.de/gskleebl/files/2016/08/image-2.jpeg 797w" sizes="auto, (max-width: 300px) 100vw, 300px" /></p>
<p style="text-align: justify"><span style="font-family: verdana,geneva,sans-serif">Die <a href="https://flecken-markoldendorf.jimdo.com/">Ortsbücherei</a> befindet sich seit Oktober 2014 in der Kleeblattgrundschule und verfügt über insgesamt 3188 Printmedien.</span></p>
<p style="text-align: justify"><span style="font-family: verdana,geneva,sans-serif"><strong>Für die Grundschulkinder der Kleeblattgrundschule gilt:</strong></span></p>
<p style="text-align: justify"><span style="font-family: verdana,geneva,sans-serif">Die Ausleihe ist kostenlos und beträgt 4 Wochen. Diese kann auf Anfrage verlängert werden.</span></p>
<p style="text-align: justify"><span style="font-family: verdana,geneva,sans-serif">Möchte sich ein Schüler anmelden, bekommt er die Benutzerordnung und die Einwilligungserklärung für die Eltern mit. Sobald diese von denen akzeptiert und unterschrieben vorliegt, kann es zur Ausleihe kommen.</span></p>
<p style="text-align: justify"><span style="font-family: verdana,geneva,sans-serif">Ferner möchten wir die Eltern bitten, ihrem Kind den Umgang mit den Büchern und das Verhalten in der Bücherei, laut Benutzerordnung, zu erklären.</span></p>
<p style="text-align: justify"><span style="font-family: verdana,geneva,sans-serif">Die Öffnungszeit für die Grundschüler ist immer dienstags in den beiden großen Pausen. In den Schulferien bleibt die Bücherei geschlossen!</span></p>
<p style="text-align: justify"><span style="font-family: verdana,geneva,sans-serif">Die Bücherei unterstützt auch die Arbeit der Lesementoren.</span></p>
<p style="text-align: justify"><span style="font-family: verdana,geneva,sans-serif">Die Mentoren können sich benötigte Bücher ausleihen. Unter anderen wurde dazu auch bereits pädagogische Literatur angeschafft.</span></p>
<p style="text-align: justify"><span style="font-family: verdana,geneva,sans-serif">Die Bücherei leitet seit dem 01.10.2003</span></p>
<p style="text-align: justify"><span style="font-family: verdana,geneva,sans-serif">Bianca Schwantes</span></p>
<p style="text-align: justify"><span style="font-family: verdana,geneva,sans-serif"><img loading="lazy" decoding="async" class="alignnone  wp-image-2143" src="http://wordpress.nibis.de/gskleebl/files/2018/01/51-215x300.jpg" alt="" width="137" height="191" srcset="https://wordpress.nibis.de/gskleebl/files/2018/01/51-215x300.jpg 215w, https://wordpress.nibis.de/gskleebl/files/2018/01/51-768x1072.jpg 768w, https://wordpress.nibis.de/gskleebl/files/2018/01/51-344x480.jpg 344w, https://wordpress.nibis.de/gskleebl/files/2018/01/51.jpg 1504w" sizes="auto, (max-width: 137px) 100vw, 137px" /></span></p>
<p style="text-align: justify"><span style="font-family: verdana,geneva,sans-serif">Die verfügbaren Medien sind altersgerecht sortiert in den Bereichen:</span></p>
<p style="text-align: justify"><span style="font-family: verdana,geneva,sans-serif"><strong>Romane für Erwachsene</strong></span></p>
<p style="text-align: justify"><span style="font-family: verdana,geneva,sans-serif">aus den Genres Krimi, Science Fiction, Thriller, Klassiker, Liebe, Heimat &amp; Familie sowie Lyrik-Bände</span></p>
<p style="text-align: justify"><span style="font-family: verdana,geneva,sans-serif"><strong>Sachbücher, Lexika &amp; Nachschlagewerke</strong></span></p>
<p style="text-align: justify"><span style="font-family: verdana,geneva,sans-serif">aus den Genres Naturwissenschaften, Lebenshilfen, Ratgeber, sowie den Bereichen Gesundheit &amp; Kochen, Eltern &amp; Kind, Familie &amp; Pädagogik, Basteln, Haustiere, Kunst &amp; Musik, Heimatkunde, Geschichte und Informatik</span></p>
<p style="text-align: justify"><span style="font-family: verdana,geneva,sans-serif"><strong>Jugendbücher ab 13 Jahre</strong></span></p>
<p style="text-align: justify"><span style="font-family: verdana,geneva,sans-serif">wie die „Tintenherz- Trilogie“, „Die wilden Hühner“ oder Detektiv- u. Liebesgeschichten und Science Fiction</span></p>
<p style="text-align: justify"><span style="font-family: verdana,geneva,sans-serif"><strong>Kinder- und Jugendbücher 9 &#8211; 13 Jahre</strong></span></p>
<p style="text-align: justify"><span style="font-family: verdana,geneva,sans-serif">aus den Bereichen Abenteuer, Krimi, Liebe, Tiere und fröhliche Familiengeschichten</span></p>
<p style="text-align: justify"><span style="font-family: verdana,geneva,sans-serif"><strong>Kinderbücher 6 &#8211; 9 Jahre</strong></span></p>
<p style="text-align: justify"><span style="font-family: verdana,geneva,sans-serif">wie die Lieblingsreihen von „Ponyclub Seestern“, „Ponyhof Liliengrün“, „Die fabelhaften Zauberfeen“ oder „Cowboy Klaus“, „Die drei Fragezeichen Kids“ und die „Harry Potter“ Reihe. </span></p>
<p style="text-align: justify"><span style="font-family: verdana,geneva,sans-serif">Außerdem Lesestart- Bücher empfohlen von der „Stiftung Lesen“</span></p>
<p style="text-align: justify"><span style="font-family: verdana,geneva,sans-serif"><strong>Kinderbücher bis 6 Jahre</strong></span></p>
<p style="text-align: justify"><span style="font-family: verdana,geneva,sans-serif">wie Bilderbücher, Wimmelbücher, Märchenbücher, Geschichten von „Benjamin Blümchen“, „Petterson und Findus“, „Mama Muh“ u.v.m.</span></p>
<p style="text-align: justify"><span style="font-family: verdana,geneva,sans-serif"><strong>„Hörbares“</strong></span></p>
<p style="text-align: justify"><span style="font-family: verdana,geneva,sans-serif">wie gesprochene Romane, Kinderlieder und Geschichten auf CD.</span></p>
<p style="text-align: justify">
<p>&nbsp;</p>
<p style="text-align: justify"><span style="font-family: verdana,geneva,sans-serif">Sie finden uns auch auf der Seite <a href="https://flecken-markoldendorf.jimdo.com/">Ortsbücherei Markoldendorf</a>  </span></p>
<p style="text-align: justify"><span style="font-family: verdana,geneva,sans-serif">und auch der Facebook-Seite: Ortsbücherei Markoldendorf</span></p>

<p>  Die Ortsbücherei befindet sich seit Oktober 2014 in der Kleeblattgrundschule und verfügt über insgesamt 3188 Printmedien. Für die Grundschulkinder der Kleeblattgrundschule gilt: Die Ausleihe ist kostenlos und beträgt 4 Wochen. Diese kann auf Anfrage verlängert werden. Möchte sich ein &hellip; <a href="https://wordpress.nibis.de/gskleebl/schulbuecherei/">Weiterlesen <span class="meta-nav">&rarr;</span></a></p>
