{"id":367,"date":"2015-07-05T18:25:12","date_gmt":"2015-07-05T16:25:12","guid":{"rendered":"http:\/\/wordpress.nibis.de\/gskleebl\/?page_id=367"},"modified":"2018-11-24T15:15:24","modified_gmt":"2018-11-24T14:15:24","slug":"foerderverein-2","status":"publish","type":"page","link":"https:\/\/wordpress.nibis.de\/gskleebl\/foerderverein-2\/","title":{"rendered":"F\u00f6rderverein"},"content":{"rendered":"<p><span style=\"font-family: verdana, geneva, sans-serif;font-size: 10pt\"><span style=\"font-family: verdana, geneva, sans-serif;font-size: 10pt\"><img loading=\"lazy\" decoding=\"async\" class=\"alignright wp-image-2473\" src=\"http:\/\/wordpress.nibis.de\/gskleebl\/files\/2018\/11\/Logo-300x143.jpg\" alt=\"\" width=\"193\" height=\"92\" \/><\/span><\/span><\/p>\n<p>&nbsp;<\/p>\n<p>&nbsp;<\/p>\n<p><span style=\"font-family: arial,helvetica,sans-serif;font-size: 12pt\"><strong>Herzlich Willkommen<\/strong><\/span><\/p>\n<p style=\"text-align: justify\"><span style=\"font-family: arial,helvetica,sans-serif;font-size: 12pt\">Der F\u00f6rderverein der Grundschule Markoldendorf ist 1996 von engagierten Eltern gegr\u00fcndet worden, die sich die Aufgabe gestellt haben, die Grundschule Markoldendorf ideell und materiell neben den staatlichen Leistungen zu f\u00f6rdern und zu begleiten.<\/span><\/p>\n<p><span style=\"font-family: arial,helvetica,sans-serif;font-size: 12pt\">Seit der Gr\u00fcndung k\u00f6nnen wir auf eine ganze\u00a0Reihe gef\u00f6rderter Projekte und Aktivit\u00e4ten zur\u00fcckblicken.<\/span><\/p>\n<p><span style=\"font-family: arial,helvetica,sans-serif;font-size: 12pt\">Neben den regelm\u00e4\u00dfigen &#8222;Catering&#8220; Aktivit\u00e4ten zu den Projekttagen und zur Einschulung unterst\u00fctzt der F\u00f6rderverein regelm\u00e4\u00dfig die Anschaffung von Spielen, Instrumenten,\u00a0Kleinger\u00e4ten und B\u00fcchern f\u00fcr die Schulbibliothek, sowie Gro\u00dfger\u00e4te f\u00fcr den Schulhof.<\/span><\/p>\n<p><span style=\"font-family: arial,helvetica,sans-serif;font-size: 12pt\">Wir freuen uns \u00fcber das aktive Engagement der F\u00f6rdervereinsmitglieder und zahlreicher Eltern Firmen und Institutionen, die unverbindlich Einzelaktivit\u00e4ten durch Rat und Tat sowie Geldspenden und Sachleistungen unterst\u00fctzen. Daf\u00fcr an dieser Stelle nochmals herzlichen Dank. Wir freuen uns \u00fcber jedes neue Mitglied. Denn jedes Engagement ist letztlich f\u00fcr unsere Kinder.<\/span><\/p>\n<p><span style=\"font-family: arial,helvetica,sans-serif;font-size: 12pt\">Der Mitgliedsbeitrag: ab 8,00 \u20ac pro Jahr (Beitrittsformulare finden Sie im Bereich Formulare), auch Einmalspenden sind herzlich willkommen.<\/span><\/p>\n<p>&nbsp;<\/p>\n<p>&nbsp;<\/p>\n","protected":false},"excerpt":{"rendered":"<p>&nbsp; &nbsp; Herzlich Willkommen Der F\u00f6rderverein der Grundschule Markoldendorf ist 1996 von engagierten Eltern gegr\u00fcndet worden, die sich die Aufgabe gestellt haben, die Grundschule Markoldendorf ideell und materiell neben den staatlichen Leistungen zu f\u00f6rdern und zu begleiten. Seit der Gr\u00fcndung &hellip; <a href=\"https:\/\/wordpress.nibis.de\/gskleebl\/foerderverein-2\/\">Weiterlesen <span class=\"meta-nav\">&rarr;<\/span><\/a><\/p>\n","protected":false},"author":722,"featured_media":0,"parent":0,"menu_order":0,"comment_status":"closed","ping_status":"closed","template":"","meta":{"footnotes":""},"class_list":["post-367","page","type-page","status-publish","hentry"],"_links":{"self":[{"href":"https:\/\/wordpress.nibis.de\/gskleebl\/wp-json\/wp\/v2\/pages\/367","targetHints":{"allow":["GET"]}}],"collection":[{"href":"https:\/\/wordpress.nibis.de\/gskleebl\/wp-json\/wp\/v2\/pages"}],"about":[{"href":"https:\/\/wordpress.nibis.de\/gskleebl\/wp-json\/wp\/v2\/types\/page"}],"author":[{"embeddable":true,"href":"https:\/\/wordpress.nibis.de\/gskleebl\/wp-json\/wp\/v2\/users\/722"}],"replies":[{"embeddable":true,"href":"https:\/\/wordpress.nibis.de\/gskleebl\/wp-json\/wp\/v2\/comments?post=367"}],"version-history":[{"count":32,"href":"https:\/\/wordpress.nibis.de\/gskleebl\/wp-json\/wp\/v2\/pages\/367\/revisions"}],"predecessor-version":[{"id":2498,"href":"https:\/\/wordpress.nibis.de\/gskleebl\/wp-json\/wp\/v2\/pages\/367\/revisions\/2498"}],"wp:attachment":[{"href":"https:\/\/wordpress.nibis.de\/gskleebl\/wp-json\/wp\/v2\/media?parent=367"}],"curies":[{"name":"wp","href":"https:\/\/api.w.org\/{rel}","templated":true}]}}