{"id":4328,"date":"2024-12-19T12:30:55","date_gmt":"2024-12-19T11:30:55","guid":{"rendered":"https:\/\/wordpress.nibis.de\/gskleebl\/?page_id=4328"},"modified":"2024-12-19T12:32:00","modified_gmt":"2024-12-19T11:32:00","slug":"weiterfuehrende-schulen-kindergarten","status":"publish","type":"page","link":"https:\/\/wordpress.nibis.de\/gskleebl\/schulleben\/weiterfuehrende-schulen-kindergarten\/","title":{"rendered":"Weiterf\u00fchrende Schulen\/Kindergarten"},"content":{"rendered":"<p><span style=\"font-size: 18pt\"><strong><span style=\"font-family: verdana, geneva, sans-serif\">Termine zum \u00dcbergang an weiterf\u00fchrende Schulen und vom Kindergarten<\/span> <\/strong><\/span><\/p>\n<p><span style=\"font-family: verdana, geneva, sans-serif\">Eine Einladung zu den Informationsveranstaltungen der weiterf\u00fchrenden Schulen Einbeck findne sie hier: <\/span><a href=\"https:\/\/wordpress.nibis.de\/gskleebl\/files\/2024\/12\/Einladung-Infoveranstaltungen.pdf\"><span style=\"font-family: verdana, geneva, sans-serif\">Einladung Infoveranstaltungen<\/span><\/a><\/p>\n<p>&nbsp;<\/p>\n","protected":false},"excerpt":{"rendered":"<p>Termine zum \u00dcbergang an weiterf\u00fchrende Schulen und vom Kindergarten Eine Einladung zu den Informationsveranstaltungen der weiterf\u00fchrenden Schulen Einbeck findne sie hier: Einladung Infoveranstaltungen &nbsp;<\/p>\n","protected":false},"author":722,"featured_media":0,"parent":59,"menu_order":0,"comment_status":"closed","ping_status":"closed","template":"","meta":{"footnotes":""},"class_list":["post-4328","page","type-page","status-publish","hentry"],"_links":{"self":[{"href":"https:\/\/wordpress.nibis.de\/gskleebl\/wp-json\/wp\/v2\/pages\/4328","targetHints":{"allow":["GET"]}}],"collection":[{"href":"https:\/\/wordpress.nibis.de\/gskleebl\/wp-json\/wp\/v2\/pages"}],"about":[{"href":"https:\/\/wordpress.nibis.de\/gskleebl\/wp-json\/wp\/v2\/types\/page"}],"author":[{"embeddable":true,"href":"https:\/\/wordpress.nibis.de\/gskleebl\/wp-json\/wp\/v2\/users\/722"}],"replies":[{"embeddable":true,"href":"https:\/\/wordpress.nibis.de\/gskleebl\/wp-json\/wp\/v2\/comments?post=4328"}],"version-history":[{"count":1,"href":"https:\/\/wordpress.nibis.de\/gskleebl\/wp-json\/wp\/v2\/pages\/4328\/revisions"}],"predecessor-version":[{"id":4331,"href":"https:\/\/wordpress.nibis.de\/gskleebl\/wp-json\/wp\/v2\/pages\/4328\/revisions\/4331"}],"up":[{"embeddable":true,"href":"https:\/\/wordpress.nibis.de\/gskleebl\/wp-json\/wp\/v2\/pages\/59"}],"wp:attachment":[{"href":"https:\/\/wordpress.nibis.de\/gskleebl\/wp-json\/wp\/v2\/media?parent=4328"}],"curies":[{"name":"wp","href":"https:\/\/api.w.org\/{rel}","templated":true}]}}