{"id":229,"date":"2021-06-30T13:01:56","date_gmt":"2021-06-30T11:01:56","guid":{"rendered":"https:\/\/wordpress.nibis.de\/gskleinberkel\/?page_id=229"},"modified":"2022-01-05T16:21:55","modified_gmt":"2022-01-05T15:21:55","slug":"schul-abc","status":"publish","type":"page","link":"https:\/\/wordpress.nibis.de\/gskleinberkel\/schul-abc\/","title":{"rendered":"Schul-ABC"},"content":{"rendered":"\n<p>A  B  C  D  E  F  G  H  I  J  K  L  M  N  O  P  Q  R  S  T  U  V  W  X  Y  Z<\/p>\n\n\n\n<p><\/p>\n\n\n\n<p><strong>A<\/strong><\/p>\n\n\n\n<p><strong>AG: <\/strong>Das ist die Abk\u00fcrzung f\u00fcr Arbeitsgemeinschaft. Ab der dritten Klassen ist der Besuch einer AG f\u00fcr alle Sch\u00fclerinnen und Sch\u00fcler verpflichtend.&nbsp;&nbsp;&nbsp;&nbsp;&nbsp;&nbsp;&nbsp;&nbsp;&nbsp;&nbsp;&nbsp;&nbsp;&nbsp;&nbsp;&nbsp;&nbsp;&nbsp;&nbsp;&nbsp;&nbsp;&nbsp;&nbsp;<\/p>\n\n\n\n<p><strong>Anton-App:<\/strong> Onlineplattform zur Lernf\u00f6rderung.<\/p>\n\n\n\n<p><strong>Antolin:<\/strong> Online Lesef\u00f6rderung ab Klasse 2. Zu Hause und in der Schule anwendbar.<\/p>\n\n\n\n<p><strong>Aufsicht:&nbsp;<\/strong>Die Sch\u00fclerinnen und Sch\u00fcler werden im Rahmen der verl\u00e4sslichen Grundschule von 7.50 Uhr bis 12.50 Uhr in der Schule beaufsichtigt.<\/p>\n\n\n\n<p><strong>B<\/strong><\/p>\n\n\n\n<p><strong>Betreuung:<\/strong> Wir unterscheiden zwischen Randstundenbetreuung und Nachmittagsbetreuung.<\/p>\n\n\n\n<p><strong>Beurlaubung:<\/strong> Sch\u00fclerinnen und Sch\u00fcler k\u00f6nnen aus famili\u00e4ren oder anderen Gr\u00fcnden vom Unterricht beurlaubt werden. Der entsprechende Antrag muss schriftlich und mindestens eine Woche vorher eingereicht werden. <\/p>\n\n\n\n<p><strong>Bewegte Schule:<\/strong> Wir achten auf einen gesunden Lebensstil und bem\u00fchen uns um die Bezeichnung sportfreundliche Schule. <\/p>\n\n\n\n<p><strong>B\u00fccherei:<\/strong> In unserer Schulb\u00fccherei k\u00f6nnen die Kinder w\u00e4hrend der gro\u00dfen Pausen lesen oder sich B\u00fccher ausleihen. <\/p>\n\n\n\n<p><strong>Bundesjugendspiele<\/strong> finden j\u00e4hrlich statt.<\/p>\n\n\n\n<p><strong>C<\/strong><\/p>\n\n\n\n<p><strong>Computerraum<\/strong>: Die Schule verf\u00fcgt \u00fcber einen Computerraum mit zw\u00f6lf Arbeitspl\u00e4tzen mit Internetzugang.<\/p>\n\n\n\n<p><strong>D<\/strong><\/p>\n\n\n\n<p><strong>DaZ:<\/strong> Sch\u00fclerinnen und Sch\u00fcler mit nicht ausreichenden Deutschkenntnissen erhalten F\u00f6rderunterricht <strong>D<\/strong>eutsch <strong>a<\/strong>ls <strong>Z<\/strong>weitsprache. <\/p>\n\n\n\n<p><strong>E<\/strong><\/p>\n\n\n\n<p><strong>Englischunterricht<\/strong> findet ab Klasse 3 statt. In der vierten Klasse gibt es sogar bereits Noten. <\/p>\n\n\n\n<p><strong>Elternarbeit:<\/strong> Es findet ein regelm\u00e4\u00dfiger Austausch mit den Eltern durch Elternabende, Elternsprechtage, aber auch \u00fcber Schoolfox oder die Schultageb\u00fccher statt.<\/p>\n\n\n\n<p><strong>F<\/strong><\/p>\n\n\n\n<p><strong>F\u00f6rderverein:<\/strong> Der F\u00f6rderverein unserer Schule unterst\u00fctzt die Arbeit mit den Kindern sehr und freut sich \u00fcber neue Mitglieder.<\/p>\n\n\n\n<p><strong>F\u00f6rderunterricht:<\/strong> Je nach Bedarf gibt es die M\u00f6glichkeit der Fr\u00fchf\u00f6rderung und in Abh\u00e4ngigkeit der Kapazit\u00e4t, kann eine F\u00f6rderung im Rahmen des Fachunterrichts in der Klasse angeboten werden.<\/p>\n\n\n\n<p><strong>Fortbildungen:<\/strong> Alle Lehrerinnen und Lehrer nehmen regelm\u00e4\u00dfig an verschiedenen Fortbildungen teil, um sich entsprechend weiterzubilden.<\/p>\n\n\n\n<p><strong>Fundsachen<\/strong> k\u00f6nnen im Flur zum verwaltungstrakt abgegeben und wiedergefunden werden.<\/p>\n\n\n\n<p><strong>G<\/strong><\/p>\n\n\n\n<p>Ein <strong>gesundes Fr\u00fchst\u00fcck<\/strong> ist wichtig f\u00fcr die Konzentrations- und Leistungsf\u00e4higkeit von Kinder. Belegte Brote, Obst und Gem\u00fcse sind daher unverzichtbar. Wasser ist das beste Getr\u00e4nk zum Durststillen.<\/p>\n\n\n\n<p><strong>Gottesdienste<\/strong> geh\u00f6ren zum Jahreskreis und werden regelm\u00e4\u00dfig von den einzelnen Jahrg\u00e4ngen organisiert und durchgef\u00fchrt. Eltern sind hier sehr willkommen. <\/p>\n\n\n\n<p><strong>Goldene Regeln:<\/strong> In der Schule gelten Regeln, die ein angenehmes gemeinsames leben und Lernen f\u00fcr alle erm\u00f6glichen sollen.<\/p>\n\n\n\n<p><strong>H<\/strong><\/p>\n\n\n\n<p><strong>Hausaufgaben:<\/strong> Die Sch\u00fclerinnen und Sch\u00fcler bekommen zur Vertiefung und Wiederholung der Unterrichtsinhalte Aufgaben gestellt, die sie zu Hause bearbeiten sollen. <\/p>\n\n\n\n<p><strong>Hausmeister:<\/strong> Herr Staske ist an unserer Schule als freundlicher und hilfsbereiter Hausmeister t\u00e4tig.<\/p>\n\n\n\n<p><strong>Handys<\/strong> d\u00fcrfen w\u00e4hrend der Schulzeit von den Kindern nicht benutzt werden. Lehrerinnen und Lehrer sind berechtigt diese einzusammeln.<\/p>\n\n\n\n<p><strong>I<\/strong><\/p>\n\n\n\n<p><strong>Inklusion:<\/strong> Allen Sch\u00fclerinnen und Sch\u00fclern soll es erm\u00f6glicht werden am Regelunterricht teilzunehmen.<\/p>\n\n\n\n<p><strong>J<\/strong><\/p>\n\n\n\n<p><strong>Jahreszeitensingen<\/strong>: Viertelj\u00e4hrlich begr\u00fc\u00dfen wir alle gemeinsam in der Aula die neue Jahreszeit. <\/p>\n\n\n\n<p><strong>Jahreszeitentisch<\/strong>: In der gro\u00dfen Aula gibt es einen passend zur Jahreszeit dekorierten Tisch. Hier gibt es auch immer wieder passende Literaturtipps.<\/p>\n\n\n\n<p><strong>K<\/strong><\/p>\n\n\n\n<p><strong>Krankmeldung<\/strong>: Bitte melden Sie Ihr Kind immer am ersten Krankheitstag vor Unterrichtsbeginn (bis 8.00 Uhr) im Sekretariat krank (bitte auch den AB nutzen). Sollte Ihr Kind l\u00e4nger fehlen, so ist eine schriftliche Entschuldigung oder ein \u00e4rztliches Attest ab dem dritten Tag notwendig. Verpasste Unterrichtsinhalte m\u00fcssen nach der Genesung nachgeholt werden.<\/p>\n\n\n\n<p><strong>L<\/strong><\/p>\n\n\n\n<p><strong>L\u00e4use<\/strong>: Bei Kopflausbefall, muss sofort die Schule kontaktiert werden. Ihr Kind muss sachgerecht mit einem geeigneten Mittel behandelt werden und darf den Unterricht erst nach Abschluss der Behandlung wieder besuchen.<\/p>\n\n\n\n<p><strong>Lesewoche<\/strong>: Alle zwei Jahre findet im Rahmen einer Projektwoche, die Lesewoche statt. Die Kinder w\u00e4hlen klassen- und jahrgangs\u00fcbergreifend ein Leseprojekt, an dem sie in dieser Woche arbeiten m\u00f6chten. Im Zusammenhang mit der Lesewoche findet auch ein Vorlesewettbewerb statt.<\/p>\n\n\n\n<p><strong>M<\/strong><\/p>\n\n\n\n<p><strong>Mappenf\u00fchrung:<\/strong> Im ersten und zweiten Schuljahr liegt der Fokus darauf, Ordnung zu halten. Sie lernen, die ausgeteilten Arbeitsbl\u00e4tter sorgf\u00e4ltig in die richtigen Mappen einzuheften. Ab dem dritten Schuljahr wird das F\u00fchren der Mappe Thema im Unterricht. Deckbl\u00e4tter werden zu den entsprechenden Themen und Einheiten angefertigt und ein Inhaltsverzeichnis wird erstellt. Alle Bl\u00e4tter werden mit dem Datum und einer Seitenzahl versehen und anschlie\u00dfend sorgf\u00e4ltig in das Inhaltsverzeichnis eingetragen. Nur eine sorgf\u00e4ltig und gewissenhaft gef\u00fchrte Mappe kann einen positiven Beitrag zum Lernerfolg leisten.<\/p>\n\n\n\n<p><\/p>\n\n\n\n<p><strong>N<\/strong><\/p>\n\n\n\n<p><strong>Nachmittagsbetreuung:<\/strong> Die Kinder k\u00f6nnen nachmittags an unserer Schule betreut werden. Die Nachmittagsbetreuung wird von der Stadt Hameln organisiert und durchgef\u00fchrt. <\/p>\n\n\n\n<p><strong>Newsletter<\/strong>: Zu Beginn jeden Monats informiert Sie die Schulleitung \u00fcber wichtige Themen rund um das Schulleben. Der Newsletter wird Ihnen \u00fcber den Schoolfox zugesc <\/p>\n\n\n\n<p><strong>Notfallkontakte:<\/strong> In Notf\u00e4llen m\u00fcssen wir Sie erreichen k\u00f6nnen. Bitte geben Sie \u00c4nderungen von Telefonnummern und Notfallkontakten immer im Sekretariat und bei der Klassenlehrkraft bekannt.<\/p>\n\n\n\n<p><\/p>\n\n\n\n<p><strong>O<\/strong><\/p>\n\n\n\n<p><\/p>\n\n\n\n<p><strong>Offener Unterricht<\/strong>: Eine frontale Wissensvermittlung erreicht Kinder meist nicht. Wir bem\u00fchen uns, offene und vielf\u00e4ltige Formen von Unterricht anzubieten. Dazu z\u00e4hlen z.B. Stationenlernen, Werkstattunterricht und Lerntheken, Projektarbeit, freie Arbeit und die Arbeit an Wochenpl\u00e4nen.<\/p>\n\n\n\n<p><strong>P<\/strong><\/p>\n\n\n\n<p><strong>Parkordnung<\/strong>: Das Parken oder kurzzeitige Anhalten zum Herauslassen der Kinder auf den Fahrspuren rund um die Schule ist zu vermeiden. Die Feuerwehrzufahrt am Adlerstieg ist g\u00e4nzlich und jederzeit freizuhalten. Bitte halten oder parken Sie nur im Bereich der Parkpl\u00e4tze zwischen Kirche und Schule.<\/p>\n\n\n\n<p><strong>Postmappe<\/strong>:<\/p>\n\n\n\n<p><strong>Qu<\/strong><\/p>\n\n\n\n<p><strong>Qualit\u00e4tsverbesserung<\/strong>: Ausgehend von dem bislang Erreichten bem\u00fchen wir uns gemeinsam um eine kontinuierliche, nachhaltige Qualit\u00e4tsverbesserung f\u00fcr unsere Schule.<\/p>\n\n\n\n<p><strong>R<\/strong><\/p>\n\n\n\n<p><strong>Randstundenbetreuung:<\/strong> Da die Stundentafel bei Erst- und Zweitkl\u00e4sslern noch nicht ausgelastet ist, erhalten sie w\u00f6chentlich drei bis f\u00fcnf Betreuungsstunden. Diese werden von unseren P\u00e4dagogischen Mitarbeiterinnen durchgef\u00fchrt. <strong>Rosenmontag<\/strong>: Wir feiern Rosenmontag! Jede Klassenlehrkraft \u00fcberlegt sich ein angemessenes Programm. In der 3. und 4. Unterrichtsstunde treffen sich alle Kinder zu einem bunten Programm mit Musik, Tanz, Spiel und Spa\u00df in der Turnhalle.<\/p>\n\n\n\n<p><strong>Roller:<\/strong> Die Kinder d\u00fcrfen grunds\u00e4tzlich mit dem Roller zur Schule kommen. Zuvor ist eine schriftliche Erlaubnis daf\u00fcr von den Erziehungsberechtigen einzureichen, da auch die Schule bei Verlust oder Besch\u00e4digung keine Haftung \u00fcbernehmen kann. <\/p>\n\n\n\n<p><\/p>\n\n\n\n<p><\/p>\n\n\n\n<p><strong>S<\/strong><\/p>\n\n\n\n<p><strong>Schulgremien: <\/strong>Eltern haben die M\u00f6glichkeit in unterschiedlichen Foren mitzuarbeiten (Schulelternrat, Schulvorstand, Gesamt- oder Fachkonferenzen oder im F\u00f6rderverein)<\/p>\n\n\n\n<p><strong>Schulobst:<\/strong> An mehereren Tagen in der Woche erhalten unsere Sch\u00fclerinnen und Sch\u00fcler kostenlos Obst und\/ oder Gem\u00fcse.<\/p>\n\n\n\n<p><strong>Sport &amp; Schwimmen:<\/strong> Alle Klassen haben zwei Sportstunden in der Woche. Erst- und Zweitkl\u00e4ssler erhalten sogar eine dritte Sportstunde von Mitarbeitern des TC Hamelns. In der vierten Klasse wird ein Halbjahr lang Schwimmunterricht erteilt. Die Absolvierung eines Schwimmkurses im Vorfeld ist w\u00fcnschenswert.<\/p>\n\n\n\n<p><strong>T<\/strong><\/p>\n\n\n\n<p><strong>U<\/strong><\/p>\n\n\n\n<p><strong>Unterrichtsbefreiungen: <\/strong>Beurlaubungen f\u00fcr einzelne Unterrichtsstunden k\u00f6nnen von der Klassenlehrerin genehmigt werden. L\u00e4ngere Unterrichtsbefreiunge ab einem Tag k\u00f6nnen nur von der Schulleitung genehmigt werden. Verwenden Sie dazu bitte <a href=\"https:\/\/wordpress.nibis.de\/gskleinberkel\/files\/2021\/09\/Antrag-auf-Unterrichtsbefreiung.pdf\" target=\"_blank\" rel=\"noreferrer noopener\">diesen Antrag<\/a>. Im direkten Anschluss an die Ferien k\u00f6nnen keine Beurlaubungen genehmigt werden.<\/p>\n\n\n\n<p><strong>V<\/strong><\/p>\n\n\n\n<p><strong>Verl\u00e4ssliche Grundschule: <\/strong>Ihre Kinder werden bei uns von Montag bis Freitag immer von 7.50 bis 12.50 Uhr verl\u00e4sslich betreut.<\/p>\n\n\n\n<p><strong>W<\/strong><\/p>\n\n\n\n<p><strong>X<\/strong><\/p>\n\n\n\n<p>Nichts.<\/p>\n\n\n\n<p><strong>Y<\/strong> <\/p>\n\n\n\n<p>Auch nichts.<\/p>\n\n\n\n<p><strong>Z<\/strong><\/p>\n\n\n\n<p><strong>Zahnarzt &amp; Zahnprophylaxe:<\/strong> Einmal im Jahr wird der Gesundheitszustand der Z\u00e4hne Ihrer Kinder kontrolliert. Au\u00dferdem werden Tipps zur richtigen Zahnpflege gegeben.<\/p>\n\n\n\n<p><strong>Zeugnisse: <\/strong>Ab ende der ersten Klasse erhalten die Kinder ein Zeugnis. Erst- und Zweitkl\u00e4ssler bekommen ein Berichtszeugnis, Dritt- und Viertkl\u00e4ssler ein Notenzeugnis.<\/p>\n","protected":false},"excerpt":{"rendered":"<p>A B C D E F G H I J K L M N O P Q R S T U V W X Y Z A AG: Das ist die Abk\u00fcrzung f\u00fcr Arbeitsgemeinschaft. Ab der dritten Klassen ist der Besuch einer AG f\u00fcr alle Sch\u00fclerinnen und Sch\u00fcler verpflichtend.&nbsp;&nbsp;&nbsp;&nbsp;&nbsp;&nbsp;&nbsp;&nbsp;&nbsp;&nbsp;&nbsp;&nbsp;&nbsp;&nbsp;&nbsp;&nbsp;&nbsp;&nbsp;&nbsp;&nbsp;&nbsp;&nbsp; Anton-App: Onlineplattform zur Lernf\u00f6rderung. Antolin: Online Lesef\u00f6rderung ab Klasse 2. Zu Hause und in der Schule anwendbar. Aufsicht:&nbsp;Die Sch\u00fclerinnen und Sch\u00fcler werden im Rahmen der verl\u00e4sslichen Grundschule von 7.50 Uhr bis&#8230;<\/p>\n<p class=\"read-more\"><a class=\"btn btn-default\" href=\"https:\/\/wordpress.nibis.de\/gskleinberkel\/schul-abc\/\">Weiterlesen<span class=\"screen-reader-text\"> Weiterlesen<\/span><\/a><\/p>\n","protected":false},"author":9193710,"featured_media":0,"parent":0,"menu_order":0,"comment_status":"closed","ping_status":"closed","template":"","meta":{"footnotes":""},"class_list":["post-229","page","type-page","status-publish","hentry"],"_links":{"self":[{"href":"https:\/\/wordpress.nibis.de\/gskleinberkel\/wp-json\/wp\/v2\/pages\/229","targetHints":{"allow":["GET"]}}],"collection":[{"href":"https:\/\/wordpress.nibis.de\/gskleinberkel\/wp-json\/wp\/v2\/pages"}],"about":[{"href":"https:\/\/wordpress.nibis.de\/gskleinberkel\/wp-json\/wp\/v2\/types\/page"}],"author":[{"embeddable":true,"href":"https:\/\/wordpress.nibis.de\/gskleinberkel\/wp-json\/wp\/v2\/users\/9193710"}],"replies":[{"embeddable":true,"href":"https:\/\/wordpress.nibis.de\/gskleinberkel\/wp-json\/wp\/v2\/comments?post=229"}],"version-history":[{"count":10,"href":"https:\/\/wordpress.nibis.de\/gskleinberkel\/wp-json\/wp\/v2\/pages\/229\/revisions"}],"predecessor-version":[{"id":559,"href":"https:\/\/wordpress.nibis.de\/gskleinberkel\/wp-json\/wp\/v2\/pages\/229\/revisions\/559"}],"wp:attachment":[{"href":"https:\/\/wordpress.nibis.de\/gskleinberkel\/wp-json\/wp\/v2\/media?parent=229"}],"curies":[{"name":"wp","href":"https:\/\/api.w.org\/{rel}","templated":true}]}}