{"id":277,"date":"2021-07-02T10:25:27","date_gmt":"2021-07-02T08:25:27","guid":{"rendered":"https:\/\/wordpress.nibis.de\/gskleinberkel\/?page_id=277"},"modified":"2025-05-22T14:54:09","modified_gmt":"2025-05-22T12:54:09","slug":"downloads-2","status":"publish","type":"page","link":"https:\/\/wordpress.nibis.de\/gskleinberkel\/downloads-2\/","title":{"rendered":"Downloads"},"content":{"rendered":"\n<div class=\"wp-block-group\"><div class=\"wp-block-group__inner-container is-layout-flow wp-block-group-is-layout-flow\">\n<p><strong>Elternbriefe <\/strong><\/p>\n\n\n\n<p><strong>Termin\u00fcbersicht<\/strong><\/p>\n<\/div><\/div>\n\n\n\n<div class=\"wp-block-group\"><div class=\"wp-block-group__inner-container is-layout-flow wp-block-group-is-layout-flow\">\n<div class=\"wp-block-group\"><div class=\"wp-block-group__inner-container is-layout-flow wp-block-group-is-layout-flow\">\n<p><strong>Allgemeine Downloads<\/strong><\/p>\n\n\n\n<p><a href=\"https:\/\/wordpress.nibis.de\/gskleinberkel\/files\/2023\/11\/uebergang-kita-grundschule-1.pdf\">Flyer \u00dcbergang von der Kita in die Grundschule<\/a><\/p>\n\n\n\n<p><\/p>\n\n\n\n<p>Flyer VGS Klein Berkel<\/p>\n\n\n\n<p><a href=\"https:\/\/wordpress.nibis.de\/gskleinberkel\/files\/2021\/09\/Antrag-auf-Unterrichtsbefreiung.pdf\">Antrag auf Unterrichtsbefreiung<\/a><\/p>\n\n\n\n<p><a href=\"https:\/\/wordpress.nibis.de\/gskleinberkel\/files\/2024\/11\/beitrittsfomular-foerderverein-2024-2025-neu-1.pdf\">Beitrittsformular F\u00f6rderverein<\/a><\/p>\n<\/div><\/div>\n<\/div><\/div>\n\n\n\n<div class=\"wp-block-group\"><div class=\"wp-block-group__inner-container is-layout-flow wp-block-group-is-layout-flow\">\n<p><a href=\"https:\/\/wordpress.nibis.de\/gskleinberkel\/files\/2021\/09\/2020.10.01._FLYER_Uebergang_Nachdruck_2020_soe_v02.pdf\" target=\"_blank\" rel=\"noopener\">Flyer \u00dcbergang von der Grundschule zur weiterf\u00fchrenden Schule<\/a><\/p>\n\n\n\n<p><\/p>\n<\/div><\/div>\n\n\n\n<div class=\"wp-block-group\"><div class=\"wp-block-group__inner-container is-layout-flow wp-block-group-is-layout-flow\">\n<p><strong>Lernmittelausleihe<\/strong><\/p>\n<p><a href=\"https:\/\/wordpress.nibis.de\/gskleinberkel\/files\/2024\/05\/Infobrief-Lernmittelausleihe-2024.pdf\">Infobrief Lernmittelausleihe 2024<\/a><\/p>\n<p><a href=\"https:\/\/wordpress.nibis.de\/gskleinberkel\/files\/2024\/05\/Anmeldevordruck-Entgeltliche-Ausleihe-2023.pdf\">Anmeldevordruck Entgeltliche Ausleihe 2024<\/a><\/p>\n<p><\/p>\n<p><strong>Materiallisten Schuljahr 2024\/2025<br><\/strong><\/p>\n<\/div><\/div>\n\n\n\n<p><a href=\"https:\/\/wordpress.nibis.de\/gskleinberkel\/files\/2024\/06\/Materialliste-Klasse-1-2024-2025.pdf\">Materialliste Klasse 1<\/a><\/p>\n<p><a href=\"https:\/\/wordpress.nibis.de\/gskleinberkel\/files\/2024\/06\/Materialliste-Klasse-2-2024-2025.pdf\">Materialliste Klasse 2<\/a><\/p>\n<p><a href=\"https:\/\/wordpress.nibis.de\/gskleinberkel\/files\/2024\/06\/Materialliste-Klasse-3-2024-2025.pdf\">Materialliste Klasse 3<\/a><\/p>\n<p><a href=\"https:\/\/wordpress.nibis.de\/gskleinberkel\/files\/2024\/06\/Materialliste-Klasse-4.pdf\">Materialliste Klasse 4<\/a><\/p>\n<p>\u00a0<\/p>\n","protected":false},"excerpt":{"rendered":"<p>Elternbriefe Termin\u00fcbersicht Allgemeine Downloads Flyer \u00dcbergang von der Kita in die Grundschule Flyer VGS Klein Berkel Antrag auf Unterrichtsbefreiung Beitrittsformular F\u00f6rderverein Flyer \u00dcbergang von der Grundschule zur weiterf\u00fchrenden Schule Lernmittelausleihe Infobrief Lernmittelausleihe 2024 Anmeldevordruck Entgeltliche Ausleihe 2024 Materiallisten Schuljahr 2024\/2025 Materialliste Klasse 1 Materialliste Klasse 2 Materialliste Klasse 3 Materialliste Klasse 4 \u00a0<\/p>\n","protected":false},"author":9193710,"featured_media":0,"parent":0,"menu_order":0,"comment_status":"closed","ping_status":"closed","template":"","meta":{"footnotes":""},"class_list":["post-277","page","type-page","status-publish","hentry"],"_links":{"self":[{"href":"https:\/\/wordpress.nibis.de\/gskleinberkel\/wp-json\/wp\/v2\/pages\/277","targetHints":{"allow":["GET"]}}],"collection":[{"href":"https:\/\/wordpress.nibis.de\/gskleinberkel\/wp-json\/wp\/v2\/pages"}],"about":[{"href":"https:\/\/wordpress.nibis.de\/gskleinberkel\/wp-json\/wp\/v2\/types\/page"}],"author":[{"embeddable":true,"href":"https:\/\/wordpress.nibis.de\/gskleinberkel\/wp-json\/wp\/v2\/users\/9193710"}],"replies":[{"embeddable":true,"href":"https:\/\/wordpress.nibis.de\/gskleinberkel\/wp-json\/wp\/v2\/comments?post=277"}],"version-history":[{"count":71,"href":"https:\/\/wordpress.nibis.de\/gskleinberkel\/wp-json\/wp\/v2\/pages\/277\/revisions"}],"predecessor-version":[{"id":927,"href":"https:\/\/wordpress.nibis.de\/gskleinberkel\/wp-json\/wp\/v2\/pages\/277\/revisions\/927"}],"wp:attachment":[{"href":"https:\/\/wordpress.nibis.de\/gskleinberkel\/wp-json\/wp\/v2\/media?parent=277"}],"curies":[{"name":"wp","href":"https:\/\/api.w.org\/{rel}","templated":true}]}}

<div class="wp-block-group"><div class="wp-block-group__inner-container is-layout-flow wp-block-group-is-layout-flow">
<p><strong>Elternbriefe </strong></p>



<p><strong>Terminübersicht</strong></p>
</div></div>



<div class="wp-block-group"><div class="wp-block-group__inner-container is-layout-flow wp-block-group-is-layout-flow">
<div class="wp-block-group"><div class="wp-block-group__inner-container is-layout-flow wp-block-group-is-layout-flow">
<p><strong>Allgemeine Downloads</strong></p>



<p><a href="https://wordpress.nibis.de/gskleinberkel/files/2023/11/uebergang-kita-grundschule-1.pdf">Flyer Übergang von der Kita in die Grundschule</a></p>



<p></p>



<p>Flyer VGS Klein Berkel</p>



<p><a href="https://wordpress.nibis.de/gskleinberkel/files/2021/09/Antrag-auf-Unterrichtsbefreiung.pdf">Antrag auf Unterrichtsbefreiung</a></p>



<p><a href="https://wordpress.nibis.de/gskleinberkel/files/2024/11/beitrittsfomular-foerderverein-2024-2025-neu-1.pdf">Beitrittsformular Förderverein</a></p>
</div></div>
</div></div>



<div class="wp-block-group"><div class="wp-block-group__inner-container is-layout-flow wp-block-group-is-layout-flow">
<p><a href="https://wordpress.nibis.de/gskleinberkel/files/2021/09/2020.10.01._FLYER_Uebergang_Nachdruck_2020_soe_v02.pdf" target="_blank" rel="noopener">Flyer Übergang von der Grundschule zur weiterführenden Schule</a></p>



<p></p>
</div></div>



<div class="wp-block-group"><div class="wp-block-group__inner-container is-layout-flow wp-block-group-is-layout-flow">
<p><strong>Lernmittelausleihe</strong></p>
<p><a href="https://wordpress.nibis.de/gskleinberkel/files/2024/05/Infobrief-Lernmittelausleihe-2024.pdf">Infobrief Lernmittelausleihe 2024</a></p>
<p><a href="https://wordpress.nibis.de/gskleinberkel/files/2024/05/Anmeldevordruck-Entgeltliche-Ausleihe-2023.pdf">Anmeldevordruck Entgeltliche Ausleihe 2024</a></p>
<p></p>
<p><strong>Materiallisten Schuljahr 2024/2025<br></strong></p>
</div></div>



<p><a href="https://wordpress.nibis.de/gskleinberkel/files/2024/06/Materialliste-Klasse-1-2024-2025.pdf">Materialliste Klasse 1</a></p>
<p><a href="https://wordpress.nibis.de/gskleinberkel/files/2024/06/Materialliste-Klasse-2-2024-2025.pdf">Materialliste Klasse 2</a></p>
<p><a href="https://wordpress.nibis.de/gskleinberkel/files/2024/06/Materialliste-Klasse-3-2024-2025.pdf">Materialliste Klasse 3</a></p>
<p><a href="https://wordpress.nibis.de/gskleinberkel/files/2024/06/Materialliste-Klasse-4.pdf">Materialliste Klasse 4</a></p>
<p> </p>

<p>Elternbriefe Terminübersicht Allgemeine Downloads Flyer Übergang von der Kita in die Grundschule Flyer VGS Klein Berkel Antrag auf Unterrichtsbefreiung Beitrittsformular Förderverein Flyer Übergang von der Grundschule zur weiterführenden Schule Lernmittelausleihe Infobrief Lernmittelausleihe 2024 Anmeldevordruck Entgeltliche Ausleihe 2024 Materiallisten Schuljahr 2024/2025 Materialliste Klasse 1 Materialliste Klasse 2 Materialliste Klasse 3 Materialliste Klasse 4  </p>
