{"id":380,"date":"2019-08-13T16:41:31","date_gmt":"2019-08-13T14:41:31","guid":{"rendered":"https:\/\/wordpress.nibis.de\/gslamme\/?page_id=380"},"modified":"2024-06-24T18:35:51","modified_gmt":"2024-06-24T16:35:51","slug":"lesefoerderung","status":"publish","type":"page","link":"https:\/\/wordpress.nibis.de\/gslamme\/lesefoerderung\/","title":{"rendered":"Lesef\u00f6rderung"},"content":{"rendered":"\n<p>Neben dem Lesen im t\u00e4glichen Unterrichtsgeschehen, haben wir weitere Angebote und Projekte in den Schulalltag integriert:<\/p>\n\n\n\n<ul class=\"wp-block-list\"><li>T\u00e4gliche B\u00fccherei-Pause in der Sch\u00fclerb\u00fccherei<\/li><li><a rel=\"noreferrer noopener\" href=\"https:\/\/antolin.westermann.de\/\" target=\"_blank\">Antolin<\/a> &#8211; Lesef\u00f6rderung<\/li><li>Lesepatenaktionen mit den \u00f6rtlichen Kindertagesst\u00e4tten<\/li><li>Vorlesewettbewerb mit den Netzwerk-Grundschulen<\/li><li>Autorenlesungen<\/li><\/ul>\n\n\n\n<h2 class=\"wp-block-heading\">Schulb\u00fccherei<\/h2>\n\n\n\n<p>Die B\u00fccherei ist ein Ort wo man B\u00fccher ausleihen und lesen kann.<br>Sie ist auch ein kleiner R\u00fcckzugsort f\u00fcr alle Kinder um in Ruhe zu lesen.<br>Dort darf man sich aber nicht einfach hinsetzen und nichts tun. Man muss etwas lesen oder ein Buch ausleihen. Die B\u00fccherei hat so viele B\u00fccher, das f\u00fcr jeden Geschmack etwas dabei ist. In jeder 1. gro\u00dfen Pause ist unsere Sch\u00fclerb\u00fccherei zum Lesen und zur Ausleihe ge\u00f6ffnet.<\/p>\n\n\n\n<figure class=\"wp-block-image size-large\"><img loading=\"lazy\" decoding=\"async\" width=\"800\" height=\"600\" src=\"https:\/\/wordpress.nibis.de\/gslamme\/files\/2024\/06\/P1010800-800x600.jpg\" alt=\"\" class=\"wp-image-1744\" \/><figcaption>Blick auf die Regale f\u00fcr gr\u00f6\u00dfere Leser<\/figcaption><\/figure>\n\n\n\n<figure class=\"wp-block-image size-large\"><img loading=\"lazy\" decoding=\"async\" width=\"800\" height=\"600\" src=\"https:\/\/wordpress.nibis.de\/gslamme\/files\/2024\/06\/P1010802-800x600.jpg\" alt=\"\" class=\"wp-image-1745\" \/><figcaption>Bilderb\u00fccher- und Erstlese-Ecke<\/figcaption><\/figure>\n\n\n\n<h2 class=\"wp-block-heading\">Autoren-Lesungen<\/h2>\n\n\n\n<p>Regelm\u00e4\u00dfig haben wir im Rahmen der Kinder- und Jugendbuchwochen und in Zusammenarbeit mit der Buchhandlung Graff eine bekannte Autorin oder einen bekannten Autor in der Schule zu Gast, z.B. Heiko Wolz, Judith Allert und erst k\u00fcrzlich Barbara Laban.\u00a0<\/p>\n\n\n\n<figure class=\"wp-block-image size-large is-resized\"><img loading=\"lazy\" decoding=\"async\" src=\"https:\/\/wordpress.nibis.de\/gslamme\/files\/2024\/06\/P1010795-800x600.jpg\" alt=\"\" class=\"wp-image-1701\" width=\"634\" height=\"475\" \/><figcaption>Lesung mit Barbara Laban (2024)<\/figcaption><\/figure>\n\n\n\n\n\n<h2 class=\"wp-block-heading\">Vorlesewettbewerb<\/h2>\n\n\n\n<p>Jedes Jahr nimmt unsere Schule am Vorlesewettbewerb der Netzwerk-Grundschulen teil, der meistens in Veltenhof stattfindet. Die besten Leser aus den Klassen 3 und 4 treten im jahrganginternen Wettbewerb gegeneinander an. Die Jahrgangssieger lesen dann im schulinternen Wettbewerb vor, in dem der\/die Schulsieger\/in ermittelt wird, der\/die unsere Schule in Veltenhof vertritt.\u00a0<\/p>\n\n\n\n<figure class=\"wp-block-image size-large\"><img decoding=\"async\" src=\"https:\/\/wordpress.nibis.de\/gslamme\/files\/2024\/05\/IMG-20240503-WA0019-800x600.jpg\" alt=\"\" class=\"wp-image-1665\" \/><figcaption>Vorlesewettbewerb in Veltenhof<\/figcaption><\/figure>\n","protected":false},"excerpt":{"rendered":"<p>Neben dem Lesen im t\u00e4glichen Unterrichtsgeschehen, haben wir weitere Angebote und Projekte in den Schulalltag integriert: T\u00e4gliche B\u00fccherei-Pause in der Sch\u00fclerb\u00fccherei Antolin &#8211; Lesef\u00f6rderung Lesepatenaktionen mit den \u00f6rtlichen Kindertagesst\u00e4tten Vorlesewettbewerb mit den Netzwerk-Grundschulen Autorenlesungen Schulb\u00fccherei Die B\u00fccherei ist ein Ort wo man B\u00fccher ausleihen und lesen kann.Sie ist auch ein kleiner R\u00fcckzugsort f\u00fcr alle Kinder &hellip; <a href=\"https:\/\/wordpress.nibis.de\/gslamme\/lesefoerderung\/\" class=\"more-link\"><span class=\"screen-reader-text\">Lesef\u00f6rderung<\/span> weiterlesen <span class=\"meta-nav\">&rarr;<\/span><\/a><\/p>\n","protected":false},"author":9192276,"featured_media":0,"parent":0,"menu_order":0,"comment_status":"closed","ping_status":"closed","template":"","meta":{"footnotes":""},"class_list":["post-380","page","type-page","status-publish","hentry"],"_links":{"self":[{"href":"https:\/\/wordpress.nibis.de\/gslamme\/wp-json\/wp\/v2\/pages\/380","targetHints":{"allow":["GET"]}}],"collection":[{"href":"https:\/\/wordpress.nibis.de\/gslamme\/wp-json\/wp\/v2\/pages"}],"about":[{"href":"https:\/\/wordpress.nibis.de\/gslamme\/wp-json\/wp\/v2\/types\/page"}],"author":[{"embeddable":true,"href":"https:\/\/wordpress.nibis.de\/gslamme\/wp-json\/wp\/v2\/users\/9192276"}],"replies":[{"embeddable":true,"href":"https:\/\/wordpress.nibis.de\/gslamme\/wp-json\/wp\/v2\/comments?post=380"}],"version-history":[{"count":7,"href":"https:\/\/wordpress.nibis.de\/gslamme\/wp-json\/wp\/v2\/pages\/380\/revisions"}],"predecessor-version":[{"id":1748,"href":"https:\/\/wordpress.nibis.de\/gslamme\/wp-json\/wp\/v2\/pages\/380\/revisions\/1748"}],"wp:attachment":[{"href":"https:\/\/wordpress.nibis.de\/gslamme\/wp-json\/wp\/v2\/media?parent=380"}],"curies":[{"name":"wp","href":"https:\/\/api.w.org\/{rel}","templated":true}]}}