{"id":384,"date":"2019-08-13T16:54:28","date_gmt":"2019-08-13T14:54:28","guid":{"rendered":"https:\/\/wordpress.nibis.de\/gslamme\/?page_id=384"},"modified":"2021-04-26T10:34:57","modified_gmt":"2021-04-26T08:34:57","slug":"schulobst","status":"publish","type":"page","link":"https:\/\/wordpress.nibis.de\/gslamme\/schulobst\/","title":{"rendered":"Schulobst"},"content":{"rendered":"\n<figure class=\"wp-block-image size-large\"><img loading=\"lazy\" decoding=\"async\" width=\"150\" height=\"150\" src=\"https:\/\/wordpress.nibis.de\/gslamme\/files\/2021\/04\/logo_schulobst.png\" alt=\"\" class=\"wp-image-885\" \/><\/figure>\n\n\n\n<p>In Kooperation mit dem Land Niedersachsen und der EU nimmt die Grundschule Lamme am Schulobstprojekt teil.<\/p>\n\n\n\n<p>Hier erhalten Schulen und  Kindertageseinrichtungen die M\u00f6glichkeit, kostenloses Obst und Gem\u00fcse f\u00fcr die Kinder zu erhalten.<\/p>\n\n\n\n<p>Ziel des EU-Schulprogramms ist es, Kinder f\u00fcr eine ausgewogene  Ern\u00e4hrung zu begeistern. Die Kinder lernen die bunte Vielfalt der Obst-  und Gem\u00fcsearten  kennen und erfahren dabei, wo ihr Essen herkommt und wie es angebaut  wird.<\/p>\n\n\n\n<p>Durch die regelm\u00e4\u00dfige Extraportion Obst und Gem\u00fcse und die  angebotenen p\u00e4dagogischen Begleitma\u00dfnahmen sollen die Kenntnisse und die  F\u00e4higkeiten der Kinder im Umgang mit Lebensmitteln weiter entwickelt  werden. Hierdurch wird ein wichtiger Beitrag zur Entwicklung eines  gesundheitsf\u00f6rdernden Ern\u00e4hrungsverhaltens geleistet.<\/p>\n\n\n\n<p>Das gesunde Schulobst und -gem\u00fcse bieten wir montags, dienstags und mittwochs jeweils zu den Fr\u00fchst\u00fcckszeiten den Klassen an. Unsere Bezugsquelle ist der kleine Heideladen in Lamme.<\/p>\n\n\n\n<p>Anbei ein Erfahrungsbericht einer Mutter:<\/p>\n\n\n\n<p style=\"color:#1700a3\" class=\"has-text-color\"><em>Erfahrungsbericht vom Obstschneiden am Dienstag<\/em><\/p>\n\n\n\n<p style=\"color:#1700a3\" class=\"has-text-color\"><em>Am Dienstagmorgen gehe ich gleich mit meinem Sohn zusammen zur Schule bzw. trotte ihm und seinem Freund hinterher. Dort angekommen erwarten die Obstschneider bereits die Stofftaschen voll Obst aus unserem kleinen Bioladen in Lamme und die Silbertabletts voll Reste vom Vortag. Schnell geht es in den Kindergarten, um sich dort in der K\u00fcche einzurichten. W\u00e4hrend die einen die Tabletts reinigen, bereiten die anderen die Arbeitspl\u00e4tze vor. Nun folgt das spannendste des Morgens, n\u00e4mlich die Sichtung des Obstes. Schnell ist klar, sieben kleine \u00c4pfel, f\u00fcnf Birnen und eine Gurke pro Klasse. Nun folgt die K\u00fcr des Obst Verteilens. Vier Wassermelonen liegen harmlos herum und m\u00f6chten m\u00f6glichst gerecht auf 13 Schulklassen aufgeteilt werden.&nbsp; Auch daf\u00fcr findet sich eine L\u00f6sung! Zun\u00e4chst werden die Wassermelonen geviertelt und jede Klasse bekommt in Scheiben geschnitten eines davon. Die restlichen drei Viertel werden auch in Scheiben geschnitten und nach Augenma\u00df halbwegs gerecht verteilt. Nebenbei wird sich rege \u00fcber die k\u00fcnftige Urlaubsplanung ausgetauscht, denn nach den Ferien ist vor dem n\u00e4chsten Urlaub.<\/em><\/p>\n\n\n\n<p style=\"color:#1700a3\" class=\"has-text-color\"><em>Nach ungef\u00e4hr 30 bis 40 Minuten, je nach Schnittgeschwindigkeit, platzieren wir die fertigen Tabletts im Foyer. Mit dem guten Gef\u00fchl dieses tolle Obstprojekt der Grundschule unterst\u00fctzt zu haben, gehe ich fr\u00f6hlich nach Hause.<\/em><\/p>\n\n\n\n<p><br><\/p>\n","protected":false},"excerpt":{"rendered":"<p>In Kooperation mit dem Land Niedersachsen und der EU nimmt die Grundschule Lamme am Schulobstprojekt teil. Hier erhalten Schulen und Kindertageseinrichtungen die M\u00f6glichkeit, kostenloses Obst und Gem\u00fcse f\u00fcr die Kinder zu erhalten. Ziel des EU-Schulprogramms ist es, Kinder f\u00fcr eine ausgewogene Ern\u00e4hrung zu begeistern. Die Kinder lernen die bunte Vielfalt der Obst- und Gem\u00fcsearten kennen &hellip; <a href=\"https:\/\/wordpress.nibis.de\/gslamme\/schulobst\/\" class=\"more-link\"><span class=\"screen-reader-text\">Schulobst<\/span> weiterlesen <span class=\"meta-nav\">&rarr;<\/span><\/a><\/p>\n","protected":false},"author":9192276,"featured_media":0,"parent":0,"menu_order":0,"comment_status":"closed","ping_status":"closed","template":"","meta":{"footnotes":""},"class_list":["post-384","page","type-page","status-publish","hentry"],"_links":{"self":[{"href":"https:\/\/wordpress.nibis.de\/gslamme\/wp-json\/wp\/v2\/pages\/384","targetHints":{"allow":["GET"]}}],"collection":[{"href":"https:\/\/wordpress.nibis.de\/gslamme\/wp-json\/wp\/v2\/pages"}],"about":[{"href":"https:\/\/wordpress.nibis.de\/gslamme\/wp-json\/wp\/v2\/types\/page"}],"author":[{"embeddable":true,"href":"https:\/\/wordpress.nibis.de\/gslamme\/wp-json\/wp\/v2\/users\/9192276"}],"replies":[{"embeddable":true,"href":"https:\/\/wordpress.nibis.de\/gslamme\/wp-json\/wp\/v2\/comments?post=384"}],"version-history":[{"count":4,"href":"https:\/\/wordpress.nibis.de\/gslamme\/wp-json\/wp\/v2\/pages\/384\/revisions"}],"predecessor-version":[{"id":888,"href":"https:\/\/wordpress.nibis.de\/gslamme\/wp-json\/wp\/v2\/pages\/384\/revisions\/888"}],"wp:attachment":[{"href":"https:\/\/wordpress.nibis.de\/gslamme\/wp-json\/wp\/v2\/media?parent=384"}],"curies":[{"name":"wp","href":"https:\/\/api.w.org\/{rel}","templated":true}]}}