{"id":481,"date":"2020-02-10T10:52:06","date_gmt":"2020-02-10T09:52:06","guid":{"rendered":"https:\/\/wordpress.nibis.de\/gslamme\/?page_id=481"},"modified":"2025-02-25T12:43:20","modified_gmt":"2025-02-25T11:43:20","slug":"mittagessen","status":"publish","type":"page","link":"https:\/\/wordpress.nibis.de\/gslamme\/mittagessen\/","title":{"rendered":"Mittagessen"},"content":{"rendered":"\n<p>Die Kinder der Grundschule Lamme k\u00f6nnen in der Schule Mittagessen. Die Mahlzeiten werden nach dem Unterricht eingenommen. <\/p>\n\n\n\n<p>Die Kinder m\u00fcssen f\u00fcr die Offene Ganztagsschule angemeldet werden, damit sie am Mittagessen teilnehmen k\u00f6nnen. Diese Anmeldung ist verbindlich. T\u00e4glich stehen drei verschiedene Essen zur Auswahl. <\/p>\n\n\n\n<p>Die Abrechnung des Mittagessens erfolgt mithilfe des Bestell- und Abrechnungssystems MensaMax durch die Stadt Braunschweig. Damit alle erforderlichen Vorbereitungen f\u00fcr die Bestellung und Abrechnung des Mittagessens getroffen werden k\u00f6nnen, m\u00fcssen durch die Erziehungsberechtigten MensaMax Kundenkonten angelegt werden.<\/p>\n\n\n\n<p>Folgende Unterlagen stellen wir Ihnen an dieser Stelle zur Verf\u00fcgung. Diese m\u00fcssen fristgerecht eingereicht werden.<\/p>\n\n\n\n<p><a href=\"https:\/\/wordpress.nibis.de\/gslamme\/files\/2023\/06\/Elternbrief-GSLamme-23_24_Abrechnungssystem-MensaMax.pdf\" target=\"_blank\" rel=\"noopener\">Elternbrief Abrechnungssystem MensaMax<\/a><\/p>\n\n\n\n<p><a href=\"https:\/\/wordpress.nibis.de\/gslamme\/files\/2024\/03\/Kurzantrag-BUT_MensaMax-3.pdf\">Antrag BUT (f\u00fcr Leistungsempf\u00e4nger)<\/a><\/p>\n\n\n\n<p>Die Mittagsverpflegung wird durch den Caterer <strong>GFB Catering <\/strong>\u00fcbernommen worden. Die Ausgabe erfolgt auf Servicetabletts.<\/p>\n\n\n\n<p><a href=\"https:\/\/wordpress.nibis.de\/gslamme\/files\/2020\/12\/Er\u00f6ffnungsflyer_GS-Lamme_102020.pdf\">Informationsmaterial Sodexo<\/a><\/p>\n\n\n\n<p>Anliegend k\u00f6nnen Sie Informationen zur Einrichtung eines Benutzerkontos bei MensaMax  einsehen:<\/p>\n\n\n\n<p><a href=\"https:\/\/wordpress.nibis.de\/gslamme\/files\/2023\/06\/Kurzanleitung-zur-Erstellung-eines-MensaMax-Kontos.pdf\" target=\"_blank\" rel=\"noopener\">Kurzanleitung MensaMax<\/a><\/p>\n\n\n\n<p>Anbei finden Sie die Auswertung der Umfrage zum Mittagessen aus dem Herbst 2021:<\/p>\n\n\n\n<p><a href=\"https:\/\/wordpress.nibis.de\/gslamme\/files\/2021\/10\/Ergebnisse_Umfrage_Mittagessen_Oktober_2021.pdf\" target=\"_blank\" rel=\"noreferrer noopener\">Ergebnisse der Umfrage Mittagessen aus 10\/2021<\/a><\/p>\n\n\n","protected":false},"excerpt":{"rendered":"<p>Die Kinder der Grundschule Lamme k\u00f6nnen in der Schule Mittagessen. Die Mahlzeiten werden nach dem Unterricht eingenommen. Die Kinder m\u00fcssen f\u00fcr die Offene Ganztagsschule angemeldet werden, damit sie am Mittagessen teilnehmen k\u00f6nnen. Diese Anmeldung ist verbindlich. T\u00e4glich stehen drei verschiedene Essen zur Auswahl. Die Abrechnung des Mittagessens erfolgt mithilfe des Bestell- und Abrechnungssystems MensaMax durch &hellip; <a href=\"https:\/\/wordpress.nibis.de\/gslamme\/mittagessen\/\" class=\"more-link\"><span class=\"screen-reader-text\">Mittagessen<\/span> weiterlesen <span class=\"meta-nav\">&rarr;<\/span><\/a><\/p>\n","protected":false},"author":9192276,"featured_media":0,"parent":0,"menu_order":0,"comment_status":"closed","ping_status":"closed","template":"","meta":{"footnotes":""},"class_list":["post-481","page","type-page","status-publish","hentry"],"_links":{"self":[{"href":"https:\/\/wordpress.nibis.de\/gslamme\/wp-json\/wp\/v2\/pages\/481","targetHints":{"allow":["GET"]}}],"collection":[{"href":"https:\/\/wordpress.nibis.de\/gslamme\/wp-json\/wp\/v2\/pages"}],"about":[{"href":"https:\/\/wordpress.nibis.de\/gslamme\/wp-json\/wp\/v2\/types\/page"}],"author":[{"embeddable":true,"href":"https:\/\/wordpress.nibis.de\/gslamme\/wp-json\/wp\/v2\/users\/9192276"}],"replies":[{"embeddable":true,"href":"https:\/\/wordpress.nibis.de\/gslamme\/wp-json\/wp\/v2\/comments?post=481"}],"version-history":[{"count":21,"href":"https:\/\/wordpress.nibis.de\/gslamme\/wp-json\/wp\/v2\/pages\/481\/revisions"}],"predecessor-version":[{"id":1838,"href":"https:\/\/wordpress.nibis.de\/gslamme\/wp-json\/wp\/v2\/pages\/481\/revisions\/1838"}],"wp:attachment":[{"href":"https:\/\/wordpress.nibis.de\/gslamme\/wp-json\/wp\/v2\/media?parent=481"}],"curies":[{"name":"wp","href":"https:\/\/api.w.org\/{rel}","templated":true}]}}