{"id":763,"date":"2021-01-18T13:08:21","date_gmt":"2021-01-18T12:08:21","guid":{"rendered":"https:\/\/wordpress.nibis.de\/gslamme\/?page_id=763"},"modified":"2025-04-23T13:16:10","modified_gmt":"2025-04-23T11:16:10","slug":"einschulung-2022-2023","status":"publish","type":"page","link":"https:\/\/wordpress.nibis.de\/gslamme\/einschulung-2022-2023\/","title":{"rendered":"Einschulung 2026\/2027"},"content":{"rendered":"\n<p class=\"has-background has-medium-font-size\" style=\"background-color:#7d97e4\"><strong>Anmeldung der Schulanf\u00e4ngerinnen und Schulanf\u00e4nger<\/strong><\/p>\n\n\n\n<p>Die <strong>Anmeldetermine<\/strong> der Schulanf\u00e4ngerinnen und Schulanf\u00e4nger f\u00fcr das Schuljahr 2026\/27 an allen Braunschweiger Grundschulen finden vom <strong> 5. bis 9. Mai 2025 <\/strong>statt.<\/p>\n\n\n\n<p><strong>Schulpflichtig werden alle Kinder, die bis zum 01.10.2026 das sechste Lebensjahr vollendet haben.<\/strong> F\u00fcr Kinder, die das sechste Lebensjahr zwischen dem 1. Juli und dem 30. September eines Jahres vollenden, k\u00f6nnen die Erziehungsberechtigten den Schulbesuch durch schriftliche Erkl\u00e4rung gegen\u00fcber der Schule um ein Jahr hinausschieben (<strong>\u201e<a href=\"https:\/\/wordpress.nibis.de\/gslamme\/files\/2023\/04\/Informationsblatt_fr_Erziehungsberechtigte_Einschulungstermin_Stand_Januar_2023.pdf\" data-type=\"URL\" data-id=\"https:\/\/wordpress.nibis.de\/gslamme\/files\/2023\/04\/Informationsblatt_fr_Erziehungsberechtigte_Einschulungstermin_Stand_Januar_2023.pdf\">Flexikindregelung<\/a>\u201c<\/strong>). Die formlose Erkl\u00e4rung ist vor dem Beginn des betreffenden Schuljahres bis zum 1. Mai gegen\u00fcber der Schule abzugeben. Sie muss nicht begr\u00fcndet werden. <strong>Aber auch diese Kinder m\u00fcssen in jedem Fall bereits angemeldet werden.<\/strong><\/p>\n\n\n\n<p>Das Sekretariat versendet zu gegebener Zeit Einladungen zur Schulaufnahme. Sollten Sie bis Ende April 2025 keine Einladung erhalten haben, wenden Sie sich bitte an die Grundschule Lamme.<\/p>\n\n\n\n<p><strong>Folgende Unterlagen sind in jedem Fall vorzulegen:<\/strong><\/p>\n\n\n\n<p>\u2013 Geburtsurkunde des Kindes<\/p>\n\n\n\n<p>\u2013 ausgef\u00fcllte Formulare zur Anmeldung, die Ihnen zugesandt werden<\/p>\n\n\n\n<p>&#8211; <a href=\"https:\/\/wordpress.nibis.de\/gslamme\/files\/2025\/04\/Anmeldeformular_Lernanfaenger-2026.pdf\">Anmeldebogen 2026\/2027<\/a><\/p>\n\n\n\n<p>\u2013 Masernimpf\u00fcberpr\u00fcfung oder Impfausweis (kann nachgereicht werden)<\/p>\n\n\n\n<p>&#8211; <a href=\"https:\/\/wordpress.nibis.de\/gslamme\/files\/2021\/03\/Schweigepflichtsentbindung_allgemein_NEU-1.pdf\">Schweigepflichtsentbindung<\/a><\/p>\n\n\n\n<p class=\"has-background has-medium-font-size\" style=\"background-color:#7d97e4\"><strong>Elternabend &#8222;Schulf\u00e4higkeit&#8220;<\/strong> <\/p>\n\n\n\n<p><a href=\"https:\/\/wordpress.nibis.de\/gslamme\/files\/2022\/01\/Arbeitsblatt-Schulfaehigkeit-neu.pdf\">Arbeitsbogen &#8222;Schulf\u00e4higkeit&#8220;<\/a><\/p>\n\n\n\n<p><a href=\"https:\/\/wordpress.nibis.de\/gslamme\/files\/2022\/01\/Was-koennen-Eltern-tun.pdf\">Arbeitsbogen &#8222;Was k\u00f6nnen Eltern tun?&#8220;<\/a><\/p>\n\n\n\n<p class=\"has-background has-medium-font-size\" style=\"background-color:#7d97e4\"><strong>Schulanf\u00e4ngeruntersuchungen<\/strong><\/p>\n\n\n\n<p>Die Termine f\u00fcr die Schuluntersuchungen durch das Gesundheitsamt der Stadt Braunschweig werden Ihnen rechtzeitig mitgeteilt.<\/p>\n\n\n\n<p><\/p>\n\n\n\n<p class=\"has-background has-medium-font-size\" style=\"background-color:#7d97e4\"><strong>P\u00e4dagogische \u00dcberpr\u00fcfungen<\/strong><\/p>\n\n\n\n<p>.<\/p>\n\n\n\n<p class=\"has-background has-medium-font-size\" style=\"background-color:#7d97e4\"><strong>Die Reise durch den Zauberwald<\/strong><\/p>\n\n\n\n<p>.<\/p>\n\n\n\n<p class=\"has-background has-medium-font-size\" style=\"background-color:#7d97e4\"><strong>Schnupperstunden f\u00fcr die Kinderg\u00e4rten<\/strong><\/p>\n\n\n\n<p>.<\/p>\n\n\n\n<p class=\"has-background has-medium-font-size\" style=\"background-color:#7d97e4\"><strong>Elternabend Einschulung<\/strong><\/p>\n\n\n\n<p>.<\/p>\n\n\n\n<p class=\"has-background has-medium-font-size\" style=\"background-color:#7d97e4\"><strong>Einschulung<\/strong><\/p>\n\n\n\n<p><a href=\"https:\/\/wordpress.nibis.de\/gslamme\/files\/2024\/03\/Terminplan_Einschulung_2024.pdf\">Terminplan bis zur Einschulung<\/a><\/p>\n\n\n\n<p><strong>Bitte beachten Sie:<\/strong><\/p>\n\n\n\n<p>Die&nbsp;<strong>Einschulung<\/strong>&nbsp;2026 findet aber am <strong>Samstag, den 15. August 2026,<\/strong>&nbsp;statt.&nbsp;<strong>Der Unterricht f\u00fcr die Erstkl\u00e4ssler starte also erst am Montag, den 17. August 2026.<\/strong>&nbsp;Bitte ber\u00fccksichtigen Sie diese Regelung in Ihrer Planung.<\/p>\n\n\n\n<p><\/p>\n\n\n\n<p class=\"has-background has-medium-font-size\" style=\"background-color:#7d97e4\"><strong>Einschulungsgottesdienst<\/strong><\/p>\n\n\n\n<p>.<\/p>\n\n\n\n<p><\/p>\n\n\n","protected":false},"excerpt":{"rendered":"<p>Anmeldung der Schulanf\u00e4ngerinnen und Schulanf\u00e4nger Die Anmeldetermine der Schulanf\u00e4ngerinnen und Schulanf\u00e4nger f\u00fcr das Schuljahr 2026\/27 an allen Braunschweiger Grundschulen finden vom 5. bis 9. Mai 2025 statt. Schulpflichtig werden alle Kinder, die bis zum 01.10.2026 das sechste Lebensjahr vollendet haben. F\u00fcr Kinder, die das sechste Lebensjahr zwischen dem 1. Juli und dem 30. September eines &hellip; <a href=\"https:\/\/wordpress.nibis.de\/gslamme\/einschulung-2022-2023\/\" class=\"more-link\"><span class=\"screen-reader-text\">Einschulung 2026\/2027<\/span> weiterlesen <span class=\"meta-nav\">&rarr;<\/span><\/a><\/p>\n","protected":false},"author":9192276,"featured_media":0,"parent":0,"menu_order":0,"comment_status":"closed","ping_status":"closed","template":"","meta":{"footnotes":""},"class_list":["post-763","page","type-page","status-publish","hentry"],"_links":{"self":[{"href":"https:\/\/wordpress.nibis.de\/gslamme\/wp-json\/wp\/v2\/pages\/763","targetHints":{"allow":["GET"]}}],"collection":[{"href":"https:\/\/wordpress.nibis.de\/gslamme\/wp-json\/wp\/v2\/pages"}],"about":[{"href":"https:\/\/wordpress.nibis.de\/gslamme\/wp-json\/wp\/v2\/types\/page"}],"author":[{"embeddable":true,"href":"https:\/\/wordpress.nibis.de\/gslamme\/wp-json\/wp\/v2\/users\/9192276"}],"replies":[{"embeddable":true,"href":"https:\/\/wordpress.nibis.de\/gslamme\/wp-json\/wp\/v2\/comments?post=763"}],"version-history":[{"count":32,"href":"https:\/\/wordpress.nibis.de\/gslamme\/wp-json\/wp\/v2\/pages\/763\/revisions"}],"predecessor-version":[{"id":1890,"href":"https:\/\/wordpress.nibis.de\/gslamme\/wp-json\/wp\/v2\/pages\/763\/revisions\/1890"}],"wp:attachment":[{"href":"https:\/\/wordpress.nibis.de\/gslamme\/wp-json\/wp\/v2\/media?parent=763"}],"curies":[{"name":"wp","href":"https:\/\/api.w.org\/{rel}","templated":true}]}}