{"id":910,"date":"2021-05-27T09:21:13","date_gmt":"2021-05-27T07:21:13","guid":{"rendered":"https:\/\/wordpress.nibis.de\/gslamme\/?page_id=910"},"modified":"2022-03-23T07:34:12","modified_gmt":"2022-03-23T06:34:12","slug":"radfahrpruefung","status":"publish","type":"page","link":"https:\/\/wordpress.nibis.de\/gslamme\/radfahrpruefung\/","title":{"rendered":"Radfahrpr\u00fcfung"},"content":{"rendered":"\n<p>Auf dieser Seite findet ihr alle Informationen rund um die Radfahrpr\u00fcfung.<\/p>\n\n\n\n<p><\/p>\n\n\n\n<p class=\"has-small-font-size\"><a href=\"https:\/\/wordpress.nibis.de\/gslamme\/files\/2021\/05\/Radfahrpr\u00fcfungsstrecke-Grundschule-Lamme-1.pdf\">Die Streckenbeschreibung<\/a><\/p>\n\n\n\n<p><a href=\"https:\/\/wordpress.nibis.de\/gslamme\/files\/2021\/06\/Streckenbeschreibung_Lamme_2021.pdf\">Die Streckenkarte und -beschreibung (NEU)<\/a><\/p>\n\n\n\n<p><\/p>\n\n\n\n<p><a href=\"https:\/\/wordpress.nibis.de\/gslamme\/files\/2022\/03\/Radfahrpruefungsstrecke-Lamme-klein.mp4\">Das Video der Strecke<\/a> (Ein Video mit gr\u00f6\u00dferer Aufl\u00f6sung befindet sich im internen Bereich unter I-Serv)<\/p>\n\n\n\n<p><strong>Informationen der Polizei<\/strong><\/p>\n\n\n\n<p>16 Kurzvideos zum Thema \u201eRadfahrpr\u00fcfung f\u00fcr Viertkl\u00e4ssler\u201c und 4 \u201eFlyer zur Radfahrpr\u00fcfung\u201c als Download &nbsp;ver\u00f6ffentlicht haben<\/p>\n\n\n\n<p><a href=\"https:\/\/www.pd-bs.polizei-nds.de\/verkehr\/fahrrad\/radfahrpruefung-114731.html\">Hier der Link<\/a><\/p>\n\n\n","protected":false},"excerpt":{"rendered":"<p>Auf dieser Seite findet ihr alle Informationen rund um die Radfahrpr\u00fcfung. Die Streckenbeschreibung Die Streckenkarte und -beschreibung (NEU) Das Video der Strecke (Ein Video mit gr\u00f6\u00dferer Aufl\u00f6sung befindet sich im internen Bereich unter I-Serv) Informationen der Polizei 16 Kurzvideos zum Thema \u201eRadfahrpr\u00fcfung f\u00fcr Viertkl\u00e4ssler\u201c und 4 \u201eFlyer zur Radfahrpr\u00fcfung\u201c als Download &nbsp;ver\u00f6ffentlicht haben Hier der &hellip; <a href=\"https:\/\/wordpress.nibis.de\/gslamme\/radfahrpruefung\/\" class=\"more-link\"><span class=\"screen-reader-text\">Radfahrpr\u00fcfung<\/span> weiterlesen <span class=\"meta-nav\">&rarr;<\/span><\/a><\/p>\n","protected":false},"author":9192276,"featured_media":0,"parent":0,"menu_order":0,"comment_status":"closed","ping_status":"closed","template":"","meta":{"footnotes":""},"class_list":["post-910","page","type-page","status-publish","hentry"],"_links":{"self":[{"href":"https:\/\/wordpress.nibis.de\/gslamme\/wp-json\/wp\/v2\/pages\/910","targetHints":{"allow":["GET"]}}],"collection":[{"href":"https:\/\/wordpress.nibis.de\/gslamme\/wp-json\/wp\/v2\/pages"}],"about":[{"href":"https:\/\/wordpress.nibis.de\/gslamme\/wp-json\/wp\/v2\/types\/page"}],"author":[{"embeddable":true,"href":"https:\/\/wordpress.nibis.de\/gslamme\/wp-json\/wp\/v2\/users\/9192276"}],"replies":[{"embeddable":true,"href":"https:\/\/wordpress.nibis.de\/gslamme\/wp-json\/wp\/v2\/comments?post=910"}],"version-history":[{"count":8,"href":"https:\/\/wordpress.nibis.de\/gslamme\/wp-json\/wp\/v2\/pages\/910\/revisions"}],"predecessor-version":[{"id":1141,"href":"https:\/\/wordpress.nibis.de\/gslamme\/wp-json\/wp\/v2\/pages\/910\/revisions\/1141"}],"wp:attachment":[{"href":"https:\/\/wordpress.nibis.de\/gslamme\/wp-json\/wp\/v2\/media?parent=910"}],"curies":[{"name":"wp","href":"https:\/\/api.w.org\/{rel}","templated":true}]}}