{"id":99,"date":"2018-10-29T14:32:23","date_gmt":"2018-10-29T13:32:23","guid":{"rendered":"http:\/\/wordpress.nibis.de\/gslamme\/?page_id=99"},"modified":"2019-08-08T13:36:50","modified_gmt":"2019-08-08T11:36:50","slug":"unsere-schulregeln","status":"publish","type":"page","link":"https:\/\/wordpress.nibis.de\/gslamme\/unsere-schulregeln\/","title":{"rendered":"Unsere Schulregeln"},"content":{"rendered":"\n<p style=\"font-size:32px\"><strong>SCHULREGELN<\/strong><\/p>\n\n\n\n<ul class=\"wp-block-list\"><li>Wir gehen freundlich miteinander um und tun niemandem mit Absicht weh. Allen soll es gut gehen!<\/li><\/ul>\n\n\n\n<ul class=\"wp-block-list\"><li>Wir\nversuchen, unsere Probleme mit Worten zu l\u00f6sen \u2013 wenn wir es nicht schaffen,\nholen wir uns Hilfe.<\/li><\/ul>\n\n\n\n<ul class=\"wp-block-list\"><li>Wir\nkommen p\u00fcnktlich, ziehen uns Hausschuhe an und bereiten unseren Platz vor.<\/li><\/ul>\n\n\n\n<ul class=\"wp-block-list\"><li>Auf\nden Fluren und Treppen gehen wir und nehmen R\u00fccksicht auf andere.<\/li><\/ul>\n\n\n\n<ul class=\"wp-block-list\"><li>Wir\ngr\u00fc\u00dfen Kinder und Erwachsene freundlich.<\/li><\/ul>\n\n\n\n<ul class=\"wp-block-list\"><li>Wir\nhaben unsere Hausaufgaben immer vollst\u00e4ndig und ordentlich erledigt und\nwichtige Sachen dabei.<\/li><\/ul>\n\n\n\n<ul class=\"wp-block-list\"><li>Wir\nlassen andere in Ruhe arbeiten und spielen \u2013 und st\u00f6ren sie nicht dabei.<\/li><\/ul>\n\n\n\n<ul class=\"wp-block-list\"><li>Wir\nhelfen mit, unsere Schule sauber zu halten.<\/li><\/ul>\n\n\n\n<ul class=\"wp-block-list\"><li>Wir\ngehen mit eigenen und fremden Sachen sorgf\u00e4ltig um und r\u00e4umen auf.<\/li><\/ul>\n\n\n\n<ul class=\"wp-block-list\"><li>Wir lassen Spielzeug, Wertsachen und gef\u00e4hrliche Gegenst\u00e4nde zu Hause.<\/li><\/ul>\n\n\n\n<ul class=\"wp-block-list\"><li>Wir fragen freundlich, bevor wir Sachen anderer benutzen.<\/li><\/ul>\n\n\n\n<ul class=\"wp-block-list\"><li>Um gut lernen zu k\u00f6nnen, brauchen wir gesundes Essen und Trinken. Keine Kaugummis und S\u00fc\u00dfigkeiten!<\/li><\/ul>\n","protected":false},"excerpt":{"rendered":"<p>SCHULREGELN Wir gehen freundlich miteinander um und tun niemandem mit Absicht weh. Allen soll es gut gehen! Wir versuchen, unsere Probleme mit Worten zu l\u00f6sen \u2013 wenn wir es nicht schaffen, holen wir uns Hilfe. Wir kommen p\u00fcnktlich, ziehen uns Hausschuhe an und bereiten unseren Platz vor. Auf den Fluren und Treppen gehen wir und &hellip; <a href=\"https:\/\/wordpress.nibis.de\/gslamme\/unsere-schulregeln\/\" class=\"more-link\"><span class=\"screen-reader-text\">Unsere Schulregeln<\/span> weiterlesen <span class=\"meta-nav\">&rarr;<\/span><\/a><\/p>\n","protected":false},"author":9192276,"featured_media":0,"parent":0,"menu_order":0,"comment_status":"closed","ping_status":"closed","template":"","meta":{"footnotes":""},"class_list":["post-99","page","type-page","status-publish","hentry"],"_links":{"self":[{"href":"https:\/\/wordpress.nibis.de\/gslamme\/wp-json\/wp\/v2\/pages\/99","targetHints":{"allow":["GET"]}}],"collection":[{"href":"https:\/\/wordpress.nibis.de\/gslamme\/wp-json\/wp\/v2\/pages"}],"about":[{"href":"https:\/\/wordpress.nibis.de\/gslamme\/wp-json\/wp\/v2\/types\/page"}],"author":[{"embeddable":true,"href":"https:\/\/wordpress.nibis.de\/gslamme\/wp-json\/wp\/v2\/users\/9192276"}],"replies":[{"embeddable":true,"href":"https:\/\/wordpress.nibis.de\/gslamme\/wp-json\/wp\/v2\/comments?post=99"}],"version-history":[{"count":2,"href":"https:\/\/wordpress.nibis.de\/gslamme\/wp-json\/wp\/v2\/pages\/99\/revisions"}],"predecessor-version":[{"id":281,"href":"https:\/\/wordpress.nibis.de\/gslamme\/wp-json\/wp\/v2\/pages\/99\/revisions\/281"}],"wp:attachment":[{"href":"https:\/\/wordpress.nibis.de\/gslamme\/wp-json\/wp\/v2\/media?parent=99"}],"curies":[{"name":"wp","href":"https:\/\/api.w.org\/{rel}","templated":true}]}}