{"id":252,"date":"2024-08-25T20:02:52","date_gmt":"2024-08-25T18:02:52","guid":{"rendered":"https:\/\/wordpress.nibis.de\/gslehrte\/?page_id=252"},"modified":"2024-09-03T17:32:35","modified_gmt":"2024-09-03T15:32:35","slug":"schulordnung","status":"publish","type":"page","link":"https:\/\/wordpress.nibis.de\/gslehrte\/schulordnung\/","title":{"rendered":"Schulordnung"},"content":{"rendered":"\n<p class=\"has-text-align-center has-large-font-size\"><strong><span style=\"color:#000000\" class=\"tadv-color\"><span style=\"background-color:#0693e3\" class=\"tadv-background-color\">Schulordnung der Grundschule Lehrte<\/span><\/span><\/strong> <\/p>\n\n\n\n<p class=\"has-text-align-center has-medium-font-size\"><em><strong>Wir m\u00f6chten uns alle in unserer Schule gemeinsam wohl f\u00fchlen. Daher helfen uns folgende Regeln:<\/strong><\/em><\/p>\n\n\n\n<p class=\"has-text-align-center has-medium-font-size\"><strong><span style=\"color:#000000\" class=\"tadv-color\"><span style=\"background-color:#8ed1fc\" class=\"tadv-background-color\">Regeln f\u00fcr das Zusammenleben<\/span><\/span><\/strong><\/p>\n\n\n\n<div class=\"wp-block-image is-style-tw-hard-shadow\"><figure class=\"aligncenter size-full\"><img loading=\"lazy\" decoding=\"async\" width=\"84\" height=\"72\" src=\"https:\/\/wordpress.nibis.de\/gslehrte\/files\/2024\/08\/grafik-9.png\" alt=\"\" class=\"wp-image-289\" \/><\/figure><\/div>\n\n\n\n<ul class=\"wp-block-list\"><li>Wir begegnen uns freundlich und gr\u00fc\u00dfen uns.<\/li><li>Wir gehen r\u00fccksichtsvoll miteinander um.<\/li><li>Wir achten das Eigentum anderer Kinder und das der Schule.<\/li><li>Wenn ein Kind Hilfe braucht, helfen wir ihm oder holen Hilfe.<\/li><li>Wir beleidigen niemanden und l\u00f6sen Streit ohne Gewalt.<\/li><li>Wir bringen keine Gegenst\u00e4nde mit, die andere st\u00f6ren oder gef\u00e4hrden k\u00f6nnten (Waffen, elektronische Ger\u00e4te etc.).<\/li><\/ul>\n\n\n\n<p class=\"has-text-align-center has-medium-font-size\"><strong><span style=\"background-color:#8ed1fc\" class=\"tadv-background-color\"><span style=\"color:#000000\" class=\"tadv-color\">Regeln f\u00fcr den Unterricht<\/span><\/span><\/strong><\/p>\n\n\n\n<div class=\"wp-block-image is-style-tw-hard-shadow\"><figure class=\"aligncenter size-full is-resized\"><img loading=\"lazy\" decoding=\"async\" src=\"https:\/\/wordpress.nibis.de\/gslehrte\/files\/2024\/08\/grafik-6.png\" alt=\"\" class=\"wp-image-286\" width=\"108\" height=\"71\" srcset=\"https:\/\/wordpress.nibis.de\/gslehrte\/files\/2024\/08\/grafik-6.png 108w, https:\/\/wordpress.nibis.de\/gslehrte\/files\/2024\/08\/grafik-6-75x50.png 75w\" sizes=\"auto, (max-width: 108px) 100vw, 108px\" \/><\/figure><\/div>\n\n\n\n<ul class=\"wp-block-list\"><li>Wir halten uns an die Klassen- und Gespr\u00e4chsregeln, die wir gemeinsam f\u00fcr unsere Klasse aufgestellt haben.<\/li><\/ul>\n\n\n\n<p class=\"has-text-align-center has-medium-font-size\"><strong><span style=\"background-color:#8ed1fc\" class=\"tadv-background-color\"><span style=\"color:#000000\" class=\"tadv-color\">Regeln f\u00fcr die Hofpausen<\/span><\/span><\/strong><\/p>\n\n\n\n<div class=\"wp-block-image is-style-tw-hard-shadow\"><figure class=\"aligncenter size-full\"><img loading=\"lazy\" decoding=\"async\" width=\"80\" height=\"78\" src=\"https:\/\/wordpress.nibis.de\/gslehrte\/files\/2024\/08\/grafik-5.png\" alt=\"\" class=\"wp-image-285\" \/><\/figure><\/div>\n\n\n\n<ul class=\"wp-block-list\"><li>Wir verbringen die Pausen nur auf dem Schulgel\u00e4nde.<\/li><li>Wir spielen Fu\u00dfball nur auf dem Bolzplatz.<\/li><li>Wir spielen so, dass andere nicht gef\u00e4hrdet oder verletzt werden.<\/li><li>Nach der Pause gehen wir z\u00fcgig und p\u00fcnktlich in den Klassenraum.<\/li><li>Wir schlie\u00dfen bei den Pausenspielen niemanden aus.<\/li><li>Wir achten auf gesundes Fr\u00fchst\u00fcck und nehmen keine Getr\u00e4nke mit in die Pause.<\/li><li>W\u00e4hrend der Regenpausen bleiben wir leise und ruhig im Klassenraum.<\/li><\/ul>\n\n\n\n<p class=\"has-text-align-center has-medium-font-size\"><strong><span style=\"color:#000000\" class=\"tadv-color\"><span style=\"background-color:#8ed1fc\" class=\"tadv-background-color\">Regeln f\u00fcr Ordnung und Sauberkeit an der Schule<\/span><\/span><\/strong><\/p>\n\n\n\n<div class=\"wp-block-image is-style-tw-hard-shadow\"><figure class=\"aligncenter size-full\"><img loading=\"lazy\" decoding=\"async\" width=\"85\" height=\"85\" src=\"https:\/\/wordpress.nibis.de\/gslehrte\/files\/2024\/08\/grafik-4.png\" alt=\"\" class=\"wp-image-284\" \/><\/figure><\/div>\n\n\n\n<ul class=\"wp-block-list\"><li>Wir f\u00fchlen uns <strong>alle<\/strong> mitverantwortlich f\u00fcr die Ordnung und Sauberkeit in der Schule.<\/li><li>Wir achten auf Reinlichkeit in den Toiletten.<\/li><li>Wir gehen sorgf\u00e4ltig mit den Spielger\u00e4ten aus dem Spieleh\u00e4uschen um.<\/li><\/ul>\n\n\n\n<p class=\"has-text-align-center has-medium-font-size\"><strong><span style=\"color:#000000\" class=\"tadv-color\"><span style=\"background-color:#8ed1fc\" class=\"tadv-background-color\">Regeln f\u00fcr das Verhalten an der Bushaltestelle und Fahrradst\u00e4nder<\/span><\/span><\/strong><\/p>\n\n\n\n<div class=\"wp-block-image is-style-tw-hard-shadow\"><figure class=\"aligncenter size-full\"><img loading=\"lazy\" decoding=\"async\" width=\"104\" height=\"61\" src=\"https:\/\/wordpress.nibis.de\/gslehrte\/files\/2024\/08\/grafik-3.png\" alt=\"\" class=\"wp-image-283\" \/><\/figure><\/div>\n\n\n\n<ul class=\"wp-block-list\"><li>Wir halten uns an die in der Klasse besprochenen Busregeln.<\/li><li>Als Fu\u00dfg\u00e4nger oder Radfahrer halten wir uns an die Anweisungen der Aufsichtsperson.<\/li><\/ul>\n\n\n\n<p class=\"has-text-align-left\"><strong><span style=\"background-color:#ff6900\" class=\"tadv-background-color\"><span style=\"color:#000000\" class=\"tadv-color\">F\u00fcr Sch\u00fcler, die sich vor Aufsichtsbeginn um 8 Uhr und nach Schulschluss auf dem Schulgel\u00e4nde befinden, besteht keine Aufsichtspflicht und kein Versicherungsschutz!<\/span><\/span><\/strong><\/p>\n\n\n\n<div class=\"wp-block-image is-style-tw-hard-shadow\"><figure class=\"aligncenter size-full\"><img loading=\"lazy\" decoding=\"async\" width=\"81\" height=\"61\" src=\"https:\/\/wordpress.nibis.de\/gslehrte\/files\/2024\/08\/grafik-8.png\" alt=\"\" class=\"wp-image-288\" \/><\/figure><\/div>\n\n\n\n<p><a href=\"https:\/\/wordpress.nibis.de\/gslehrte\/schulkonzept\/\" data-type=\"page\" data-id=\"251\">zur\u00fcck<\/a><\/p>\n","protected":false},"excerpt":{"rendered":"<p>Schulordnung der Grundschule Lehrte Wir m\u00f6chten uns alle in unserer Schule gemeinsam wohl f\u00fchlen. Daher helfen uns folgende Regeln: Regeln f\u00fcr das Zusammenleben Wir begegnen uns freundlich und gr\u00fc\u00dfen uns. Wir gehen r\u00fccksichtsvoll miteinander um. Wir achten das Eigentum anderer Kinder und das der Schule. Wenn ein Kind Hilfe braucht, helfen wir ihm oder holen [&hellip;]<\/p>\n","protected":false},"author":9194368,"featured_media":0,"parent":0,"menu_order":0,"comment_status":"closed","ping_status":"closed","template":"","meta":{"footnotes":""},"class_list":["post-252","page","type-page","status-publish","hentry"],"_links":{"self":[{"href":"https:\/\/wordpress.nibis.de\/gslehrte\/wp-json\/wp\/v2\/pages\/252","targetHints":{"allow":["GET"]}}],"collection":[{"href":"https:\/\/wordpress.nibis.de\/gslehrte\/wp-json\/wp\/v2\/pages"}],"about":[{"href":"https:\/\/wordpress.nibis.de\/gslehrte\/wp-json\/wp\/v2\/types\/page"}],"author":[{"embeddable":true,"href":"https:\/\/wordpress.nibis.de\/gslehrte\/wp-json\/wp\/v2\/users\/9194368"}],"replies":[{"embeddable":true,"href":"https:\/\/wordpress.nibis.de\/gslehrte\/wp-json\/wp\/v2\/comments?post=252"}],"version-history":[{"count":8,"href":"https:\/\/wordpress.nibis.de\/gslehrte\/wp-json\/wp\/v2\/pages\/252\/revisions"}],"predecessor-version":[{"id":379,"href":"https:\/\/wordpress.nibis.de\/gslehrte\/wp-json\/wp\/v2\/pages\/252\/revisions\/379"}],"wp:attachment":[{"href":"https:\/\/wordpress.nibis.de\/gslehrte\/wp-json\/wp\/v2\/media?parent=252"}],"curies":[{"name":"wp","href":"https:\/\/api.w.org\/{rel}","templated":true}]}}