{"id":2369,"date":"2025-09-08T13:19:04","date_gmt":"2025-09-08T11:19:04","guid":{"rendered":"https:\/\/wordpress.nibis.de\/gsleng\/?page_id=2369"},"modified":"2025-09-08T13:31:02","modified_gmt":"2025-09-08T11:31:02","slug":"lesementoren","status":"publish","type":"page","link":"https:\/\/wordpress.nibis.de\/gsleng\/lesementoren\/","title":{"rendered":"Lesementoren"},"content":{"rendered":"\n<p>Wir freuen uns sehr dar\u00fcber, dass wir seit mehreren Jahren vier ehrenamtliche Lesementorinnen an unserer Grundschule begr\u00fc\u00dfen d\u00fcrfen, die unsere Sch\u00fclerinnen und Sch\u00fcler w\u00f6chentlich in ihrem Leseprozess unterst\u00fctzen und ihre Lesemotivation sowie -f\u00e4higkeiten steigern. <\/p>\n\n\n\n<p>Ein Mentor f\u00f6rdert ein Kind, einmal pro Woche eine Stunde, mindestens ein Jahr lang. Leseforscher haben diesen F\u00f6rderansatz als sehr erfolgversprechend erkannt. Er gew\u00e4hrleistet, dass ein Mentor gezielt auf die St\u00e4rken und Interessen eines Lesekinds eingehen kann. \u00dcber die Anerkennung und die Wertsch\u00e4tzung seiner F\u00e4higkeiten wird das Kind an das Lesen herangef\u00fchrt. Es entwickelt Spa\u00df am Lesen und an dem Umgang mit der Sprache.<\/p>\n\n\n\n<p>Lese-Mentoren sollten die Zeit und Motivation aufbringen, Kinder mit viel Geduld und Humor f\u00fcr das Lesen zu begeistern. <\/p>\n\n\n\n<p>Nachfolgend werden zwei Videos gezeigt, in denen die Mentor-T\u00e4tigkeit von Mentoren anderer Schulen pr\u00e4sentiert wird: <\/p>\n\n\n\n<figure class=\"wp-block-embed is-type-video is-provider-youtube wp-block-embed-youtube wp-embed-aspect-16-9 wp-has-aspect-ratio\"><div class=\"wp-block-embed__wrapper\">\n<iframe loading=\"lazy\"  id=\"_ytid_94580\"  width=\"840\" height=\"473\"  data-origwidth=\"840\" data-origheight=\"473\" src=\"https:\/\/www.youtube.com\/embed\/5E3_b7dndVg?enablejsapi=1&#038;autoplay=0&#038;cc_load_policy=0&#038;cc_lang_pref=&#038;iv_load_policy=1&#038;loop=0&#038;rel=1&#038;fs=1&#038;playsinline=0&#038;autohide=2&#038;theme=dark&#038;color=red&#038;controls=1&#038;disablekb=0&#038;\" class=\"__youtube_prefs__  epyt-is-override  no-lazyload\" title=\"YouTube player\"  allow=\"fullscreen; accelerometer; autoplay; clipboard-write; encrypted-media; gyroscope; picture-in-picture; web-share\" referrerpolicy=\"strict-origin-when-cross-origin\" allowfullscreen data-no-lazy=\"1\" data-skipgform_ajax_framebjll=\"\"><\/iframe>\n<\/div><\/figure>\n\n\n\n<figure class=\"wp-block-embed is-type-video is-provider-youtube wp-block-embed-youtube wp-embed-aspect-16-9 wp-has-aspect-ratio\"><div class=\"wp-block-embed__wrapper\">\n<iframe loading=\"lazy\"  id=\"_ytid_92874\"  width=\"840\" height=\"473\"  data-origwidth=\"840\" data-origheight=\"473\" src=\"https:\/\/www.youtube.com\/embed\/ItAXcVJ8rIs?enablejsapi=1&#038;autoplay=0&#038;cc_load_policy=0&#038;cc_lang_pref=&#038;iv_load_policy=1&#038;loop=0&#038;rel=1&#038;fs=1&#038;playsinline=0&#038;autohide=2&#038;theme=dark&#038;color=red&#038;controls=1&#038;disablekb=0&#038;\" class=\"__youtube_prefs__  epyt-is-override  no-lazyload\" title=\"YouTube player\"  allow=\"fullscreen; accelerometer; autoplay; clipboard-write; encrypted-media; gyroscope; picture-in-picture; web-share\" referrerpolicy=\"strict-origin-when-cross-origin\" allowfullscreen data-no-lazy=\"1\" data-skipgform_ajax_framebjll=\"\"><\/iframe>\n<\/div><\/figure>\n","protected":false},"excerpt":{"rendered":"<p>Wir freuen uns sehr dar\u00fcber, dass wir seit mehreren Jahren vier ehrenamtliche Lesementorinnen an unserer Grundschule begr\u00fc\u00dfen d\u00fcrfen, die unsere<\/p>\n","protected":false},"author":9193462,"featured_media":0,"parent":0,"menu_order":0,"comment_status":"closed","ping_status":"closed","template":"","meta":{"footnotes":""},"class_list":["post-2369","page","type-page","status-publish","hentry"],"_links":{"self":[{"href":"https:\/\/wordpress.nibis.de\/gsleng\/wp-json\/wp\/v2\/pages\/2369","targetHints":{"allow":["GET"]}}],"collection":[{"href":"https:\/\/wordpress.nibis.de\/gsleng\/wp-json\/wp\/v2\/pages"}],"about":[{"href":"https:\/\/wordpress.nibis.de\/gsleng\/wp-json\/wp\/v2\/types\/page"}],"author":[{"embeddable":true,"href":"https:\/\/wordpress.nibis.de\/gsleng\/wp-json\/wp\/v2\/users\/9193462"}],"replies":[{"embeddable":true,"href":"https:\/\/wordpress.nibis.de\/gsleng\/wp-json\/wp\/v2\/comments?post=2369"}],"version-history":[{"count":3,"href":"https:\/\/wordpress.nibis.de\/gsleng\/wp-json\/wp\/v2\/pages\/2369\/revisions"}],"predecessor-version":[{"id":2380,"href":"https:\/\/wordpress.nibis.de\/gsleng\/wp-json\/wp\/v2\/pages\/2369\/revisions\/2380"}],"wp:attachment":[{"href":"https:\/\/wordpress.nibis.de\/gsleng\/wp-json\/wp\/v2\/media?parent=2369"}],"curies":[{"name":"wp","href":"https:\/\/api.w.org\/{rel}","templated":true}]}}