{"id":87,"date":"2021-11-16T15:14:33","date_gmt":"2021-11-16T14:14:33","guid":{"rendered":"https:\/\/wordpress.nibis.de\/gslengden\/?page_id=87"},"modified":"2025-09-16T13:21:03","modified_gmt":"2025-09-16T11:21:03","slug":"unser-team","status":"publish","type":"page","link":"https:\/\/wordpress.nibis.de\/gslengden\/unser-team\/","title":{"rendered":"Team"},"content":{"rendered":"\r\n<p><strong>Schulleiterin<\/strong>: Silke Preu\u00dfe<\/p>\r\n\r\n\r\n\r\n<p><strong>Sekret\u00e4rin<\/strong>: Rita Thom\u00e4<\/p>\r\n\r\n\r\n\r\n<p><strong>Hausmeister<\/strong>: Andreas Dana<\/p>\r\n\r\n\r\n\r\n<p><strong>Lehrkr\u00e4fte<\/strong>:<\/p>\r\n\r\n\r\n\r\n<ul class=\"wp-block-list\">\r\n<li>Bianca Hogh-Holub &#8211; Klasse 1<\/li>\r\n<li>Chantal K\u00e4ding &#8211; Klasse 2<\/li>\r\n<li>Sophia Katzwinkel &#8211; Klasse 3<\/li>\r\n<li>Astrid Meincke \u00a0&#8211; Klasse 4<\/li>\r\n<li>Silke Preu\u00dfe &#8211; Fachlehrerin\u00a0<\/li>\r\n<\/ul>\r\n\r\n\r\n\r\n<p><strong>F\u00f6rderschullehrerin f\u00fcr den Inklusionsbereich:<\/strong><\/p>\r\n\r\n\r\n\r\n<ul class=\"wp-block-list\">\r\n<li>Astrid Hartmann-Racky<\/li>\r\n<\/ul>\r\n\r\n\r\n\r\n<p><strong>P\u00e4dagogische Mitarbeiterinnen:<\/strong><\/p>\r\n\r\n\r\n\r\n<ul class=\"wp-block-list\">\r\n<li>Claudia Deutsch<\/li>\r\n<li>Melanie Deutsch<\/li>\r\n<li>Katharina Pecher<\/li>\r\n<\/ul>\r\n\r\n\r\n\r\n<p><strong>Bundesfreiwilligendienst<\/strong><\/p>\r\n<ul>\r\n<li>Lilly Cullmann<\/li>\r\n<\/ul>\r\n<p><strong>Honorarkraft<\/strong>:<\/p>\r\n\r\n\r\n\r\n<ul class=\"wp-block-list\">\r\n<li>Svitlana Starodubtseva<\/li>\r\n<\/ul>\r\n<p>Wir suchen dringend Honorarkr\u00e4fte!<\/p>\r\n\r\n\r\n","protected":false},"excerpt":{"rendered":"<p>Schulleiterin: Silke Preu\u00dfe Sekret\u00e4rin: Rita Thom\u00e4 Hausmeister: Andreas Dana Lehrkr\u00e4fte: Bianca Hogh-Holub &#8211; Klasse 1 Chantal K\u00e4ding &#8211; Klasse 2 Sophia Katzwinkel &#8211; Klasse 3 Astrid Meincke \u00a0&#8211; Klasse 4 Silke Preu\u00dfe &#8211; Fachlehrerin\u00a0 F\u00f6rderschullehrerin f\u00fcr den Inklusionsbereich: Astrid Hartmann-Racky P\u00e4dagogische Mitarbeiterinnen: Claudia Deutsch Melanie Deutsch Katharina Pecher Bundesfreiwilligendienst Lilly Cullmann Honorarkraft: Svitlana Starodubtseva Wir &#8230; <a title=\"Team\" class=\"read-more\" href=\"https:\/\/wordpress.nibis.de\/gslengden\/unser-team\/\" aria-label=\"Mehr Informationen \u00fcber Team\">Weiterlesen<\/a><\/p>\n","protected":false},"author":9193904,"featured_media":0,"parent":0,"menu_order":0,"comment_status":"closed","ping_status":"closed","template":"","meta":{"footnotes":""},"class_list":["post-87","page","type-page","status-publish"],"_links":{"self":[{"href":"https:\/\/wordpress.nibis.de\/gslengden\/wp-json\/wp\/v2\/pages\/87","targetHints":{"allow":["GET"]}}],"collection":[{"href":"https:\/\/wordpress.nibis.de\/gslengden\/wp-json\/wp\/v2\/pages"}],"about":[{"href":"https:\/\/wordpress.nibis.de\/gslengden\/wp-json\/wp\/v2\/types\/page"}],"author":[{"embeddable":true,"href":"https:\/\/wordpress.nibis.de\/gslengden\/wp-json\/wp\/v2\/users\/9193904"}],"replies":[{"embeddable":true,"href":"https:\/\/wordpress.nibis.de\/gslengden\/wp-json\/wp\/v2\/comments?post=87"}],"version-history":[{"count":17,"href":"https:\/\/wordpress.nibis.de\/gslengden\/wp-json\/wp\/v2\/pages\/87\/revisions"}],"predecessor-version":[{"id":382,"href":"https:\/\/wordpress.nibis.de\/gslengden\/wp-json\/wp\/v2\/pages\/87\/revisions\/382"}],"wp:attachment":[{"href":"https:\/\/wordpress.nibis.de\/gslengden\/wp-json\/wp\/v2\/media?parent=87"}],"curies":[{"name":"wp","href":"https:\/\/api.w.org\/{rel}","templated":true}]}}

<p><strong>Schulleiterin</strong>: Silke Preuße</p>



<p><strong>Sekretärin</strong>: Rita Thomä</p>



<p><strong>Hausmeister</strong>: Andreas Dana</p>



<p><strong>Lehrkräfte</strong>:</p>



<ul class="wp-block-list">
<li>Bianca Hogh-Holub &#8211; Klasse 1</li>
<li>Chantal Käding &#8211; Klasse 2</li>
<li>Sophia Katzwinkel &#8211; Klasse 3</li>
<li>Astrid Meincke  &#8211; Klasse 4</li>
<li>Silke Preuße &#8211; Fachlehrerin </li>
</ul>



<p><strong>Förderschullehrerin für den Inklusionsbereich:</strong></p>



<ul class="wp-block-list">
<li>Astrid Hartmann-Racky</li>
</ul>



<p><strong>Pädagogische Mitarbeiterinnen:</strong></p>



<ul class="wp-block-list">
<li>Claudia Deutsch</li>
<li>Melanie Deutsch</li>
<li>Katharina Pecher</li>
</ul>



<p><strong>Bundesfreiwilligendienst</strong></p>
<ul>
<li>Lilly Cullmann</li>
</ul>
<p><strong>Honorarkraft</strong>:</p>



<ul class="wp-block-list">
<li>Svitlana Starodubtseva</li>
</ul>
<p>Wir suchen dringend Honorarkräfte!</p>

<p>Schulleiterin: Silke Preuße Sekretärin: Rita Thomä Hausmeister: Andreas Dana Lehrkräfte: Bianca Hogh-Holub &#8211; Klasse 1 Chantal Käding &#8211; Klasse 2 Sophia Katzwinkel &#8211; Klasse 3 Astrid Meincke  &#8211; Klasse 4 Silke Preuße &#8211; Fachlehrerin  Förderschullehrerin für den Inklusionsbereich: Astrid Hartmann-Racky Pädagogische Mitarbeiterinnen: Claudia Deutsch Melanie Deutsch Katharina Pecher Bundesfreiwilligendienst Lilly Cullmann Honorarkraft: Svitlana Starodubtseva Wir &#8230; <a title="Team" class="read-more" href="https://wordpress.nibis.de/gslengden/unser-team/" aria-label="Mehr Informationen über Team">Weiterlesen</a></p>
