{"id":2,"date":"2019-02-25T14:54:35","date_gmt":"2019-02-25T13:54:35","guid":{"rendered":"https:\/\/wordpress.nibis.de\/gslessen\/?page_id=2"},"modified":"2025-01-06T17:49:22","modified_gmt":"2025-01-06T16:49:22","slug":"beispiel-seite","status":"publish","type":"page","link":"https:\/\/wordpress.nibis.de\/gslessen\/","title":{"rendered":"Herzlich Willkommen!"},"content":{"rendered":"\n\n\n<p>Auf der Seite der Grundschule Gro\u00df Lessen finden Sie wichtige Informationen zu unserer Schule.<\/p>\n\n\n\n<p>Viel Spa\u00df beim St\u00f6bern!&nbsp;&nbsp;<\/p>\n\n\n\n<figure class=\"wp-block-gallery has-nested-images columns-default is-cropped wp-block-gallery-1 is-layout-flex wp-block-gallery-is-layout-flex\">\n<figure class=\"wp-block-image size-large\"><img loading=\"lazy\" decoding=\"async\" width=\"313\" height=\"412\" data-id=\"957\" src=\"https:\/\/wordpress.nibis.de\/gslessen\/files\/2025\/01\/IMG_7288-4.jpg\" alt=\"\" class=\"wp-image-957\" srcset=\"https:\/\/wordpress.nibis.de\/gslessen\/files\/2025\/01\/IMG_7288-4.jpg 313w, https:\/\/wordpress.nibis.de\/gslessen\/files\/2025\/01\/IMG_7288-4-228x300.jpg 228w\" sizes=\"auto, (max-width: 313px) 100vw, 313px\" \/><\/figure>\n\n\n\n<figure class=\"wp-block-image size-large\"><img loading=\"lazy\" decoding=\"async\" width=\"640\" height=\"480\" data-id=\"958\" src=\"https:\/\/wordpress.nibis.de\/gslessen\/files\/2025\/01\/hochbee6tz-1.jpg\" alt=\"\" class=\"wp-image-958\" srcset=\"https:\/\/wordpress.nibis.de\/gslessen\/files\/2025\/01\/hochbee6tz-1.jpg 640w, https:\/\/wordpress.nibis.de\/gslessen\/files\/2025\/01\/hochbee6tz-1-300x225.jpg 300w\" sizes=\"auto, (max-width: 640px) 100vw, 640px\" \/><\/figure>\n\n\n\n<figure class=\"wp-block-image size-large\"><img loading=\"lazy\" decoding=\"async\" width=\"1024\" height=\"768\" data-id=\"959\" src=\"https:\/\/wordpress.nibis.de\/gslessen\/files\/2025\/01\/PHOTO-2025-01-05-14-31-28-2-1024x768.jpg\" alt=\"\" class=\"wp-image-959\" srcset=\"https:\/\/wordpress.nibis.de\/gslessen\/files\/2025\/01\/PHOTO-2025-01-05-14-31-28-2-1024x768.jpg 1024w, https:\/\/wordpress.nibis.de\/gslessen\/files\/2025\/01\/PHOTO-2025-01-05-14-31-28-2-300x225.jpg 300w, https:\/\/wordpress.nibis.de\/gslessen\/files\/2025\/01\/PHOTO-2025-01-05-14-31-28-2-768x576.jpg 768w, https:\/\/wordpress.nibis.de\/gslessen\/files\/2025\/01\/PHOTO-2025-01-05-14-31-28-2-1536x1152.jpg 1536w, https:\/\/wordpress.nibis.de\/gslessen\/files\/2025\/01\/PHOTO-2025-01-05-14-31-28-2.jpg 2048w\" sizes=\"auto, (max-width: 1024px) 100vw, 1024px\" \/><\/figure>\n\n\n\n<figure class=\"wp-block-image size-large\"><img loading=\"lazy\" decoding=\"async\" width=\"640\" height=\"480\" data-id=\"961\" src=\"https:\/\/wordpress.nibis.de\/gslessen\/files\/2025\/01\/PHOTO-2025-01-05-14-31-28-003-1.jpg\" alt=\"\" class=\"wp-image-961\" srcset=\"https:\/\/wordpress.nibis.de\/gslessen\/files\/2025\/01\/PHOTO-2025-01-05-14-31-28-003-1.jpg 640w, https:\/\/wordpress.nibis.de\/gslessen\/files\/2025\/01\/PHOTO-2025-01-05-14-31-28-003-1-300x225.jpg 300w\" sizes=\"auto, (max-width: 640px) 100vw, 640px\" \/><\/figure>\n<\/figure>\n\n\n\n<figure class=\"wp-block-gallery has-nested-images columns-default is-cropped wp-block-gallery-2 is-layout-flex wp-block-gallery-is-layout-flex\"><\/figure>\n","protected":false},"excerpt":{"rendered":"<p>Auf der Seite der Grundschule Gro\u00df Lessen finden Sie wichtige Informationen zu unserer Schule. Viel Spa\u00df beim St\u00f6bern!&nbsp;&nbsp;<\/p>\n","protected":false},"author":9193018,"featured_media":0,"parent":0,"menu_order":0,"comment_status":"closed","ping_status":"closed","template":"","meta":{"footnotes":""},"class_list":["post-2","page","type-page","status-publish","hentry"],"_links":{"self":[{"href":"https:\/\/wordpress.nibis.de\/gslessen\/wp-json\/wp\/v2\/pages\/2","targetHints":{"allow":["GET"]}}],"collection":[{"href":"https:\/\/wordpress.nibis.de\/gslessen\/wp-json\/wp\/v2\/pages"}],"about":[{"href":"https:\/\/wordpress.nibis.de\/gslessen\/wp-json\/wp\/v2\/types\/page"}],"author":[{"embeddable":true,"href":"https:\/\/wordpress.nibis.de\/gslessen\/wp-json\/wp\/v2\/users\/9193018"}],"replies":[{"embeddable":true,"href":"https:\/\/wordpress.nibis.de\/gslessen\/wp-json\/wp\/v2\/comments?post=2"}],"version-history":[{"count":71,"href":"https:\/\/wordpress.nibis.de\/gslessen\/wp-json\/wp\/v2\/pages\/2\/revisions"}],"predecessor-version":[{"id":962,"href":"https:\/\/wordpress.nibis.de\/gslessen\/wp-json\/wp\/v2\/pages\/2\/revisions\/962"}],"wp:attachment":[{"href":"https:\/\/wordpress.nibis.de\/gslessen\/wp-json\/wp\/v2\/media?parent=2"}],"curies":[{"name":"wp","href":"https:\/\/api.w.org\/{rel}","templated":true}]}}