{"id":76,"date":"2019-11-05T10:33:26","date_gmt":"2019-11-05T09:33:26","guid":{"rendered":"https:\/\/wordpress.nibis.de\/gslessen\/?page_id=76"},"modified":"2025-02-25T10:25:33","modified_gmt":"2025-02-25T09:25:33","slug":"foerderverein-macht-mit","status":"publish","type":"page","link":"https:\/\/wordpress.nibis.de\/gslessen\/foerderverein-macht-mit\/","title":{"rendered":"F\u00f6rderverein &#8222;Macht mit&#8220;"},"content":{"rendered":"\n<p>Der F\u00f6rderverein &#8222;Macht mit&#8220; der Grundschule Gro\u00df Lessen unterst\u00fctzt einige Veranstaltungen (z. B. &#8222;Mein K\u00f6rper geh\u00f6rt mir&#8220;, die Zirkusprojektwoche oder Tagesfahrten). Neben den Ausfl\u00fcgen sind uns die Besuche au\u00dferschulischer Lernorte wichtig. Wer au\u00dferschulische Lernorte besucht, durchbricht die Routine: Neue Tore zum Lernen tun sich auf!<\/p>\n\n\n\n<p>Ausfl\u00fcge und Klassenfahrten haben f\u00fcr uns einen wichtigen Stellenwert in der Grundschulzeit und sind im Jahresverlauf fest etabliert.<\/p>\n\n\n\n<p>Ebenso unterst\u00fctzt der F\u00f6rderverein die Schule bei der Umsetzung verschiedenster Projekte. In Zusammenarbeit entstand so ein neugestalteter, kindgerechter Schulhof sowie eine Bibliothek, in der die Kinder die Welt der B\u00fccher entdecken k\u00f6nnen.<\/p>\n\n\n\n<div class=\"wp-block-image\"><figure class=\"aligncenter\"><img loading=\"lazy\" decoding=\"async\" width=\"218\" height=\"169\" src=\"https:\/\/wordpress.nibis.de\/gslessen\/files\/2019\/05\/Logo-F\u00f6rderverein.jpg\" alt=\"\" class=\"wp-image-78\" \/><\/figure><\/div>\n\n\n\n<p>Den F\u00f6rderverein gibt es seit 2006. Er hat sich zum Ziel gesetzt, gute schulische Bedingungen erg\u00e4nzend zum p\u00e4dagogischen Engagement der Lehrer zu schaffen und dort wo die finanziellen Mittel des Schultr\u00e4gers ihre Grenzen erreichen materiell und finanziell zu unterst\u00fctzen.<\/p>\n\n\n\n<p>Der F\u00f6rderverein ist zu erreichen unter:<br>F\u00f6rderverein der Grundschule Gro\u00df Lessen<br>Gro\u00df Lessen 38<br>27232 Sulingen<\/p>\n\n\n\n<p>&#105;&#x6e;f&#111;&#x2d;f&#111;&#x65;r&#x64;&#x65;&#114;&#x76;e&#114;&#x65;i&#110;&#x40;g&#x6d;&#x78;&#46;&#x64;&#x65;<\/p>\n\n\n\n<p>1.&nbsp; Vorsitzende: Daniela Schwier<br>Melloh 4<br>27232 Sulingen<br>Tel.: 04273-444<\/p>\n\n\n\n\n\n<figure class=\"wp-block-image size-large\"><img loading=\"lazy\" decoding=\"async\" width=\"1024\" height=\"768\" src=\"https:\/\/wordpress.nibis.de\/gslessen\/files\/2024\/04\/P3140084-002-1024x768.jpg\" alt=\"\" class=\"wp-image-839\" srcset=\"https:\/\/wordpress.nibis.de\/gslessen\/files\/2024\/04\/P3140084-002-1024x768.jpg 1024w, https:\/\/wordpress.nibis.de\/gslessen\/files\/2024\/04\/P3140084-002-300x225.jpg 300w, https:\/\/wordpress.nibis.de\/gslessen\/files\/2024\/04\/P3140084-002-768x576.jpg 768w, https:\/\/wordpress.nibis.de\/gslessen\/files\/2024\/04\/P3140084-002-1536x1152.jpg 1536w, https:\/\/wordpress.nibis.de\/gslessen\/files\/2024\/04\/P3140084-002-2048x1536.jpg 2048w\" sizes=\"auto, (max-width: 1024px) 100vw, 1024px\" \/><\/figure>\n\n\n\n<p><a href=\"https:\/\/wordpress.nibis.de\/gslessen\/files\/2025\/02\/Beitrittserklaerung_ab-2019.pdf\">Beitrittserklaerung_ab 2019<\/a><\/p>\n<p><a href=\"https:\/\/wordpress.nibis.de\/gslessen\/files\/2025\/02\/Satzung_gueltig-ab-02-2019-Ergaenzung-Datenschutz.pdf\">Satzung_g\u00fcltig ab 02-2019 (Erg\u00e4nzung Datenschutz)<\/a><\/p>\n<p>\u00a0<\/p>\n\n\n\n<h2 class=\"wp-block-heading\"><\/h2>\n","protected":false},"excerpt":{"rendered":"<p>Der F\u00f6rderverein &#8222;Macht mit&#8220; der Grundschule Gro\u00df Lessen unterst\u00fctzt einige Veranstaltungen (z. B. &#8222;Mein K\u00f6rper geh\u00f6rt mir&#8220;, die Zirkusprojektwoche oder Tagesfahrten). Neben den Ausfl\u00fcgen sind uns die Besuche au\u00dferschulischer Lernorte wichtig. Wer au\u00dferschulische Lernorte besucht, durchbricht die Routine: Neue Tore zum Lernen tun sich auf! Ausfl\u00fcge und Klassenfahrten haben f\u00fcr uns einen wichtigen Stellenwert in &hellip; <a href=\"https:\/\/wordpress.nibis.de\/gslessen\/foerderverein-macht-mit\/\" class=\"more-link\"><span class=\"screen-reader-text\">F\u00f6rderverein &#8222;Macht mit&#8220;<\/span> weiterlesen <span class=\"meta-nav\">&rarr;<\/span><\/a><\/p>\n","protected":false},"author":9193018,"featured_media":0,"parent":0,"menu_order":0,"comment_status":"closed","ping_status":"closed","template":"","meta":{"footnotes":""},"class_list":["post-76","page","type-page","status-publish","hentry"],"_links":{"self":[{"href":"https:\/\/wordpress.nibis.de\/gslessen\/wp-json\/wp\/v2\/pages\/76","targetHints":{"allow":["GET"]}}],"collection":[{"href":"https:\/\/wordpress.nibis.de\/gslessen\/wp-json\/wp\/v2\/pages"}],"about":[{"href":"https:\/\/wordpress.nibis.de\/gslessen\/wp-json\/wp\/v2\/types\/page"}],"author":[{"embeddable":true,"href":"https:\/\/wordpress.nibis.de\/gslessen\/wp-json\/wp\/v2\/users\/9193018"}],"replies":[{"embeddable":true,"href":"https:\/\/wordpress.nibis.de\/gslessen\/wp-json\/wp\/v2\/comments?post=76"}],"version-history":[{"count":9,"href":"https:\/\/wordpress.nibis.de\/gslessen\/wp-json\/wp\/v2\/pages\/76\/revisions"}],"predecessor-version":[{"id":978,"href":"https:\/\/wordpress.nibis.de\/gslessen\/wp-json\/wp\/v2\/pages\/76\/revisions\/978"}],"wp:attachment":[{"href":"https:\/\/wordpress.nibis.de\/gslessen\/wp-json\/wp\/v2\/media?parent=76"}],"curies":[{"name":"wp","href":"https:\/\/api.w.org\/{rel}","templated":true}]}}