{"id":773,"date":"2024-01-03T11:37:00","date_gmt":"2024-01-03T10:37:00","guid":{"rendered":"https:\/\/wordpress.nibis.de\/gslessen\/?page_id=773"},"modified":"2025-01-06T17:53:22","modified_gmt":"2025-01-06T16:53:22","slug":"myday","status":"publish","type":"page","link":"https:\/\/wordpress.nibis.de\/gslessen\/myday\/","title":{"rendered":"MyDay"},"content":{"rendered":"\n<figure class=\"wp-block-gallery has-nested-images columns-default is-cropped wp-block-gallery-1 is-layout-flex wp-block-gallery-is-layout-flex\">\n<figure class=\"wp-block-image size-large\"><img loading=\"lazy\" decoding=\"async\" width=\"640\" height=\"480\" data-id=\"967\" src=\"https:\/\/wordpress.nibis.de\/gslessen\/files\/2025\/01\/PHOTO-2025-01-05-14-29-41-1.jpg\" alt=\"\" class=\"wp-image-967\" srcset=\"https:\/\/wordpress.nibis.de\/gslessen\/files\/2025\/01\/PHOTO-2025-01-05-14-29-41-1.jpg 640w, https:\/\/wordpress.nibis.de\/gslessen\/files\/2025\/01\/PHOTO-2025-01-05-14-29-41-1-300x225.jpg 300w\" sizes=\"auto, (max-width: 640px) 100vw, 640px\" \/><\/figure>\n\n\n\n<figure class=\"wp-block-image size-large\"><img loading=\"lazy\" decoding=\"async\" width=\"1024\" height=\"768\" data-id=\"968\" src=\"https:\/\/wordpress.nibis.de\/gslessen\/files\/2025\/01\/PHOTO-2025-01-05-14-29-42-005-2-1024x768.jpg\" alt=\"\" class=\"wp-image-968\" srcset=\"https:\/\/wordpress.nibis.de\/gslessen\/files\/2025\/01\/PHOTO-2025-01-05-14-29-42-005-2-1024x768.jpg 1024w, https:\/\/wordpress.nibis.de\/gslessen\/files\/2025\/01\/PHOTO-2025-01-05-14-29-42-005-2-300x225.jpg 300w, https:\/\/wordpress.nibis.de\/gslessen\/files\/2025\/01\/PHOTO-2025-01-05-14-29-42-005-2-768x576.jpg 768w, https:\/\/wordpress.nibis.de\/gslessen\/files\/2025\/01\/PHOTO-2025-01-05-14-29-42-005-2-1536x1152.jpg 1536w, https:\/\/wordpress.nibis.de\/gslessen\/files\/2025\/01\/PHOTO-2025-01-05-14-29-42-005-2.jpg 1600w\" sizes=\"auto, (max-width: 1024px) 100vw, 1024px\" \/><\/figure>\n\n\n\n<figure class=\"wp-block-image size-large\"><img loading=\"lazy\" decoding=\"async\" width=\"1024\" height=\"768\" data-id=\"969\" src=\"https:\/\/wordpress.nibis.de\/gslessen\/files\/2025\/01\/PHOTO-2025-01-05-14-29-42-007-2-1024x768.jpg\" alt=\"\" class=\"wp-image-969\" srcset=\"https:\/\/wordpress.nibis.de\/gslessen\/files\/2025\/01\/PHOTO-2025-01-05-14-29-42-007-2-1024x768.jpg 1024w, https:\/\/wordpress.nibis.de\/gslessen\/files\/2025\/01\/PHOTO-2025-01-05-14-29-42-007-2-300x225.jpg 300w, https:\/\/wordpress.nibis.de\/gslessen\/files\/2025\/01\/PHOTO-2025-01-05-14-29-42-007-2-768x576.jpg 768w, https:\/\/wordpress.nibis.de\/gslessen\/files\/2025\/01\/PHOTO-2025-01-05-14-29-42-007-2-1536x1152.jpg 1536w, https:\/\/wordpress.nibis.de\/gslessen\/files\/2025\/01\/PHOTO-2025-01-05-14-29-42-007-2.jpg 1600w\" sizes=\"auto, (max-width: 1024px) 100vw, 1024px\" \/><\/figure>\n\n\n\n<figure class=\"wp-block-image size-large\"><img loading=\"lazy\" decoding=\"async\" width=\"1024\" height=\"768\" data-id=\"963\" src=\"https:\/\/wordpress.nibis.de\/gslessen\/files\/2025\/01\/PHOTO-2025-01-05-14-29-42-003-1-1024x768.jpg\" alt=\"\" class=\"wp-image-963\" srcset=\"https:\/\/wordpress.nibis.de\/gslessen\/files\/2025\/01\/PHOTO-2025-01-05-14-29-42-003-1-1024x768.jpg 1024w, https:\/\/wordpress.nibis.de\/gslessen\/files\/2025\/01\/PHOTO-2025-01-05-14-29-42-003-1-300x225.jpg 300w, https:\/\/wordpress.nibis.de\/gslessen\/files\/2025\/01\/PHOTO-2025-01-05-14-29-42-003-1-768x576.jpg 768w, https:\/\/wordpress.nibis.de\/gslessen\/files\/2025\/01\/PHOTO-2025-01-05-14-29-42-003-1-1536x1152.jpg 1536w, https:\/\/wordpress.nibis.de\/gslessen\/files\/2025\/01\/PHOTO-2025-01-05-14-29-42-003-1.jpg 1600w\" sizes=\"auto, (max-width: 1024px) 100vw, 1024px\" \/><\/figure>\n\n\n\n<figure class=\"wp-block-image size-large\"><img loading=\"lazy\" decoding=\"async\" width=\"1024\" height=\"768\" data-id=\"971\" src=\"https:\/\/wordpress.nibis.de\/gslessen\/files\/2025\/01\/PHOTO-2024-12-28-13-22-13-2-1024x768.jpg\" alt=\"\" class=\"wp-image-971\" srcset=\"https:\/\/wordpress.nibis.de\/gslessen\/files\/2025\/01\/PHOTO-2024-12-28-13-22-13-2-1024x768.jpg 1024w, https:\/\/wordpress.nibis.de\/gslessen\/files\/2025\/01\/PHOTO-2024-12-28-13-22-13-2-300x225.jpg 300w, https:\/\/wordpress.nibis.de\/gslessen\/files\/2025\/01\/PHOTO-2024-12-28-13-22-13-2-768x576.jpg 768w, https:\/\/wordpress.nibis.de\/gslessen\/files\/2025\/01\/PHOTO-2024-12-28-13-22-13-2-1536x1152.jpg 1536w, https:\/\/wordpress.nibis.de\/gslessen\/files\/2025\/01\/PHOTO-2024-12-28-13-22-13-2.jpg 2048w\" sizes=\"auto, (max-width: 1024px) 100vw, 1024px\" \/><\/figure>\n<\/figure>\n\n\n\n<p><\/p>\n\n\n\n<p>Im Herbst 2023  haben wir auf einer schulinternen Fortbildung mit dem gesamten Team uns mit den Themen Bildung f\u00fcr nachhaltige Entwicklung, dem Konzept \u201eFreiday\u201c und den Future Skills auseinandergesetzt. Entstanden ist unser MyDay. <\/p>\n\n\n\n<p>Am MyDay besch\u00e4ftigen sich die Kinder mit aktuellen gesellschaftlichen und \u00f6kologischen Herausforderungen, die sich an den Global Goals der Vereinten Nationen orientieren. Sie finden Antworten auf selbstgew\u00e4hlte Zukunftsfragen. Sie entwickeln gemeinsam mit anderen Sch\u00fcler*innen konkrete L\u00f6sungen f\u00fcr die gesellschaftlichen und \u00f6kologischen Herausforderungen. Dabei recherchieren, planen und t\u00fcfteln sie selbst, wie sie ihre Projektideen in die Tat umsetzen k\u00f6nnen. Lehrer*innen treten in den Hintergrund und nehmen eine begleitende Rolle ein. Am MyDay k\u00f6nnen sie aktiv werden und ihre Umgebung selbst gestalten. Sie lernen, neue Perspektiven einzunehmen, entwickeln ihre Probleml\u00f6sef\u00e4higkeit und die Bereitschaft f\u00fcr Ver\u00e4nderung und Innovation. <\/p>\n\n\n\n<p>Jeden Mittwoch starten wir mit kurzen Pr\u00e4sentationen oder Kooperativen Spielen gemeinsam mit allen Sch\u00fcler*innen in der Sporthalle in den Tag.<\/p>\n\n\n\n<p>Anschlie\u00dfend erfolgt die Arbeit in den Gruppen. In einem ca. viertelj\u00e4hrlichen Rhythmus d\u00fcrfen die Kinder neue Themenvorschl\u00e4ge einbringen, ihre Gruppe wechseln oder an bereits gew\u00e4hlten Thematiken weiterarbeiten. In einer Gruppe von maximal zw\u00f6lf Kindern arbeiten die Kinder intensiv an ihren selbst gew\u00e4hlten Schwerpunkten. Jede Gruppe wird durch eine Lehrkraft oder Mitarbeiterin betreut.<\/p>\n\n\n\n<p>Um die Ergebnisse entsprechend zu w\u00fcrdigen und der gesamten Schulgemeinschaft zug\u00e4nglich zu machen, hat unser F\u00f6rderverein einen Bauwagen angeschafft. In diesem werden die Ergebnisse ausgestellt und Sch\u00fcler*innen, Mitarbeiter*innen und auch Eltern k\u00f6nnen sich t\u00e4glich \u00fcber die Ergebnisse des MyDays informieren. Der Bauwagen ist inzwischen mehr als ein Pr\u00e4sentationsraum, er ist zum Lebens- und Lernraum f\u00fcr die Kinder geworden.<\/p>\n\n\n\n<p>Nach einem Jahr steht die Schulgemeinschaft fest hinter dem MyDay. Ziel ist es f\u00fcr uns, die Ziele f\u00fcr Bildung f\u00fcr nachhaltige Entwicklung nicht nur zu lehren und zu lernen, sondern wir m\u00f6chten die Kinder bef\u00e4higen, in einen transformierenden Prozess zu kommen.<\/p>\n\n\n\n<p><\/p>\n\n\n\n<h2 class=\"wp-block-heading\"><\/h2>\n\n\n\n<p><\/p>\n\n\n\n<p><\/p>\n\n\n\n<p><\/p>\n","protected":false},"excerpt":{"rendered":"<p>Im Herbst 2023 haben wir auf einer schulinternen Fortbildung mit dem gesamten Team uns mit den Themen Bildung f\u00fcr nachhaltige Entwicklung, dem Konzept \u201eFreiday\u201c und den Future Skills auseinandergesetzt. Entstanden ist unser MyDay. Am MyDay besch\u00e4ftigen sich die Kinder mit aktuellen gesellschaftlichen und \u00f6kologischen Herausforderungen, die sich an den Global Goals der Vereinten Nationen orientieren. &hellip; <a href=\"https:\/\/wordpress.nibis.de\/gslessen\/myday\/\" class=\"more-link\"><span class=\"screen-reader-text\">MyDay<\/span> weiterlesen <span class=\"meta-nav\">&rarr;<\/span><\/a><\/p>\n","protected":false},"author":9193018,"featured_media":0,"parent":0,"menu_order":0,"comment_status":"closed","ping_status":"closed","template":"","meta":{"footnotes":""},"class_list":["post-773","page","type-page","status-publish","hentry"],"_links":{"self":[{"href":"https:\/\/wordpress.nibis.de\/gslessen\/wp-json\/wp\/v2\/pages\/773","targetHints":{"allow":["GET"]}}],"collection":[{"href":"https:\/\/wordpress.nibis.de\/gslessen\/wp-json\/wp\/v2\/pages"}],"about":[{"href":"https:\/\/wordpress.nibis.de\/gslessen\/wp-json\/wp\/v2\/types\/page"}],"author":[{"embeddable":true,"href":"https:\/\/wordpress.nibis.de\/gslessen\/wp-json\/wp\/v2\/users\/9193018"}],"replies":[{"embeddable":true,"href":"https:\/\/wordpress.nibis.de\/gslessen\/wp-json\/wp\/v2\/comments?post=773"}],"version-history":[{"count":10,"href":"https:\/\/wordpress.nibis.de\/gslessen\/wp-json\/wp\/v2\/pages\/773\/revisions"}],"predecessor-version":[{"id":972,"href":"https:\/\/wordpress.nibis.de\/gslessen\/wp-json\/wp\/v2\/pages\/773\/revisions\/972"}],"wp:attachment":[{"href":"https:\/\/wordpress.nibis.de\/gslessen\/wp-json\/wp\/v2\/media?parent=773"}],"curies":[{"name":"wp","href":"https:\/\/api.w.org\/{rel}","templated":true}]}}