{"id":2187,"date":"2019-11-14T20:38:26","date_gmt":"2019-11-14T18:38:26","guid":{"rendered":"https:\/\/wordpress.nibis.de\/gslieben\/?page_id=2187"},"modified":"2023-03-09T16:13:31","modified_gmt":"2023-03-09T14:13:31","slug":"eckdaten-der-schule","status":"publish","type":"page","link":"https:\/\/wordpress.nibis.de\/gslieben\/eckdaten-der-schule\/","title":{"rendered":"Eckdaten der Schule"},"content":{"rendered":"<p><span style=\"font-family: arial, helvetica, sans-serif;font-size: 12pt\">Unsere Grundschule befindet sich im n\u00f6rdlichen Harzvorland und geh\u00f6rt der Gemeinde Liebenburg und dem Landkreis Goslar an. Sie liegt zentral in Liebenburg in unmittelbarer N\u00e4he zum St. Trinitatis-Kindergarten und dem Rathaus.<\/span><\/p>\n<p><span style=\"font-family: arial, helvetica, sans-serif;font-size: 12pt\">Sie wird von ca. 110 Sch\u00fclerinnen und Sch\u00fclern aus Liebenburg, D\u00f6hren, Klein Mahner, Neuenkirchen und L\u00fcderode besucht.<\/span><\/p>\n<p><span style=\"font-family: arial, helvetica, sans-serif;font-size: 12pt\">Seit August 2017 wird unsere Schule als offene Ganztagsschule gef\u00fchrt. So k\u00f6nnen unsere Sch\u00fclerinnen und Sch\u00fcler nach dem Unterricht in der Zeit von 12.30 Uhr bis 15.10 Uhr am gemeinsamen Mittagessen, einer betreuten Lernzeit und an vielf\u00e4ltigen Kursen aus verschiedenen Bereichen wie Sport, Kreativit\u00e4t, Musik, Lesen oder dem Umgang mit Computern teilnehmen.<\/span><\/p>\n<p><span style=\"font-family: arial, helvetica, sans-serif;font-size: 12pt\">In den letzten Jahren, besonders mit der Einf\u00fchrung der Ganztagsschule, wurde unsere Schule durch zahlreiche Renovierungsarbeiten fortw\u00e4hrend versch\u00f6nert. So verf\u00fcgen wir \u00fcber ein gutes Raumangebot mit hellen und freundlichen Klassenr\u00e4umen, attraktiv ausgestatteten Betreuungs- und F\u00f6rderr\u00e4umen, einer neu eingerichteten K\u00fcche und Mensa und einem Computerraum. Auch der Schulhof wurde kindgerecht umgestaltet.<\/span><\/p>\n<p><span style=\"font-size: 18pt;color: #ff0000\"><strong><span style=\"font-family: arial, helvetica, sans-serif\"><span style=\"color: #ff0000\">Wissenswerte Schuldaten<\/span><\/span><\/strong><\/span><\/p>\n<table style=\"width: 75.3589%;border-style: double;border-color: #080303;height: 826px\">\n<tbody>\n<tr style=\"height: 27px\">\n<td style=\"width: 221.933px;height: 27px\"><span style=\"font-family: arial, helvetica, sans-serif;font-size: 12pt\"><strong>Anschrift<\/strong><\/span><\/td>\n<td style=\"width: 404.067px;height: 27px\"><span style=\"font-family: arial, helvetica, sans-serif;font-size: 12pt\">Sch\u00e4ferwiese 18, <\/span><span style=\"font-family: arial, helvetica, sans-serif;font-size: 12pt\">38704 Liebenburg<\/span><\/td>\n<\/tr>\n<tr style=\"height: 27px\">\n<td style=\"width: 221.933px;height: 27px\"><span style=\"font-family: arial, helvetica, sans-serif;font-size: 12pt\"><strong>Telefon<\/strong><\/span><\/td>\n<td style=\"width: 404.067px;height: 27px\"><span style=\"font-family: arial, helvetica, sans-serif;font-size: 12pt\">05346\/1295<\/span><\/td>\n<\/tr>\n<tr style=\"height: 27px\">\n<td style=\"width: 221.933px;height: 27px\"><\/td>\n<td style=\"width: 404.067px;height: 27px\"><\/td>\n<\/tr>\n<tr style=\"height: 10px\">\n<td style=\"width: 221.933px;height: 10px\"><span style=\"font-family: arial, helvetica, sans-serif;font-size: 12pt\"><strong>E-Mail<\/strong><\/span><\/td>\n<td style=\"width: 404.067px;height: 10px\"><span style=\"font-family: arial, helvetica, sans-serif;font-size: 12pt\">&#107;&#x6f;n&#116;&#x61;k&#116;&#x40;g&#x73;&#x6c;&#105;&#x65;b&#101;&#x6e;b&#117;&#x72;g&#x2e;&#x6f;&#110;&#x6d;&#x69;&#99;&#x72;o&#115;&#x6f;f&#116;&#x2e;d&#x65;<\/span><\/td>\n<\/tr>\n<tr style=\"height: 27px\">\n<td style=\"width: 221.933px;height: 27px\"><span style=\"font-family: arial, helvetica, sans-serif;font-size: 12pt\"><strong>Schulleiterin<\/strong><\/span><\/td>\n<td style=\"width: 404.067px;height: 27px\"><span style=\"font-family: arial, helvetica, sans-serif;font-size: 12pt\">Susanne Wortmann<\/span><\/td>\n<\/tr>\n<tr style=\"height: 27px\">\n<td style=\"width: 221.933px;height: 27px\"><span style=\"font-family: arial, helvetica, sans-serif;font-size: 12pt\"><strong>Schulsekret\u00e4rin<\/strong><\/span><\/td>\n<td style=\"width: 404.067px;height: 27px\"><span style=\"font-family: arial, helvetica, sans-serif;font-size: 12pt\">Christine Barge<\/span><\/td>\n<\/tr>\n<tr style=\"height: 27px\">\n<td style=\"width: 221.933px;height: 27px\"><span style=\"font-family: arial, helvetica, sans-serif;font-size: 12pt\"><strong>\u00d6ffnungszeiten Schulb\u00fcro<\/strong><\/span><\/td>\n<td style=\"width: 404.067px;height: 27px\"><span style=\"font-family: arial, helvetica, sans-serif;font-size: 12pt\">Montag bis Donnerstag 8.30 \u2013 12.00 Uhr<\/span><\/td>\n<\/tr>\n<tr style=\"height: 170px\">\n<td style=\"width: 221.933px;height: 170px\"><span style=\"font-family: arial, helvetica, sans-serif;font-size: 12pt\"><strong>\u00d6ffnungszeiten Schulgeb\u00e4ude<\/strong><\/span><\/td>\n<td style=\"width: 404.067px;height: 170px\"><span style=\"font-family: arial, helvetica, sans-serif;font-size: 12pt\">7.25 Uhr \u2013 8.00 Uhr, 9.25 Uhr \u2013 9.55 Uhr, <\/span><\/p>\n<p><span style=\"font-family: arial, helvetica, sans-serif;font-size: 12pt\">11.20 \u2013 11.50 Uhr, 13.10 Uhr \u2013 13.30 Uhr<\/span><\/td>\n<\/tr>\n<tr style=\"height: 27px\">\n<td style=\"width: 221.933px;height: 27px\"><span style=\"font-family: arial, helvetica, sans-serif;font-size: 12pt\"><strong>Hausmeister<\/strong><\/span><\/td>\n<td style=\"width: 404.067px;height: 27px\"><span style=\"font-family: arial, helvetica, sans-serif;font-size: 12pt\">Ulrich Plotzitzka<\/span><\/td>\n<\/tr>\n<tr style=\"height: 27px\">\n<td style=\"width: 221.933px;height: 27px\"><span style=\"font-family: arial, helvetica, sans-serif;font-size: 12pt\"><strong>Schultr\u00e4ger<\/strong><\/span><\/td>\n<td style=\"width: 404.067px;height: 27px\"><span style=\"font-family: arial, helvetica, sans-serif;font-size: 12pt\">Gemeinde Liebenburg<\/span><\/td>\n<\/tr>\n<tr style=\"height: 27px\">\n<td style=\"width: 221.933px;height: 27px\"><span style=\"font-family: arial, helvetica, sans-serif;font-size: 12pt\"><strong>Caterer f\u00fcr das Mittagessen<\/strong><\/span><\/td>\n<td style=\"width: 404.067px;height: 27px\"><span style=\"font-family: arial, helvetica, sans-serif;font-size: 12pt\">Habekost und Fichtner, Goslar<\/span><\/td>\n<\/tr>\n<tr style=\"height: 233px\">\n<td style=\"width: 221.933px;height: 233px\"><span style=\"font-family: arial, helvetica, sans-serif;font-size: 12pt\"><strong>Sch\u00fclerbef\u00f6rderung<\/strong><\/span><\/td>\n<td style=\"width: 404.067px;height: 233px\"><span style=\"font-family: arial, helvetica, sans-serif;font-size: 12pt\">Landkreis Goslar<\/span><\/p>\n<p><span style=\"font-family: arial, helvetica, sans-serif;font-size: 12pt\">Informationen zum Busverkehr:<\/span><\/p>\n<p><span style=\"font-family: arial, helvetica, sans-serif;font-size: 12pt\"><a href=\"http:\/\/www.harzbus-goslar.de\">www.harzbus-goslar.de<\/a><\/span><\/td>\n<\/tr>\n<tr style=\"height: 170px\">\n<td style=\"width: 221.933px;height: 170px\"><span style=\"font-family: arial, helvetica, sans-serif;font-size: 12pt\"><strong>BUT-Antr\u00e4ge<\/strong><\/span><\/td>\n<td style=\"width: 404.067px;height: 170px\"><span style=\"font-family: arial, helvetica, sans-serif;font-size: 12pt\">Landkreis Goslar<\/span><\/p>\n<p><span style=\"font-family: arial, helvetica, sans-serif;font-size: 12pt\"><a href=\"http:\/\/www.landkreis-goslar.de\">www.landkreis-goslar.de<\/a><\/span><\/td>\n<\/tr>\n<\/tbody>\n<\/table>\n","protected":false},"excerpt":{"rendered":"<p>Unsere Grundschule befindet sich im n\u00f6rdlichen Harzvorland und geh\u00f6rt der Gemeinde Liebenburg und dem Landkreis Goslar an. Sie liegt zentral in Liebenburg in unmittelbarer N\u00e4he zum St. Trinitatis-Kindergarten und dem Rathaus. Sie wird von ca. 110 Sch\u00fclerinnen und Sch\u00fclern aus Liebenburg, D\u00f6hren, Klein Mahner, Neuenkirchen und L\u00fcderode besucht. Seit August 2017 wird unsere Schule als offene Ganztagsschule gef\u00fchrt. So k\u00f6nnen unsere Sch\u00fclerinnen und Sch\u00fcler nach dem Unterricht in der Zeit von 12.30 Uhr bis 15.10 Uhr am gemeinsamen Mittagessen, einer&#8230;<\/p>\n<p class=\"read-more\"><a class=\"btn btn-default\" href=\"https:\/\/wordpress.nibis.de\/gslieben\/eckdaten-der-schule\/\">Weiterlesen<span class=\"screen-reader-text\"> Weiterlesen<\/span><\/a><\/p>\n","protected":false},"author":576,"featured_media":0,"parent":0,"menu_order":0,"comment_status":"closed","ping_status":"closed","template":"","meta":{"footnotes":""},"class_list":["post-2187","page","type-page","status-publish","hentry"],"_links":{"self":[{"href":"https:\/\/wordpress.nibis.de\/gslieben\/wp-json\/wp\/v2\/pages\/2187","targetHints":{"allow":["GET"]}}],"collection":[{"href":"https:\/\/wordpress.nibis.de\/gslieben\/wp-json\/wp\/v2\/pages"}],"about":[{"href":"https:\/\/wordpress.nibis.de\/gslieben\/wp-json\/wp\/v2\/types\/page"}],"author":[{"embeddable":true,"href":"https:\/\/wordpress.nibis.de\/gslieben\/wp-json\/wp\/v2\/users\/576"}],"replies":[{"embeddable":true,"href":"https:\/\/wordpress.nibis.de\/gslieben\/wp-json\/wp\/v2\/comments?post=2187"}],"version-history":[{"count":9,"href":"https:\/\/wordpress.nibis.de\/gslieben\/wp-json\/wp\/v2\/pages\/2187\/revisions"}],"predecessor-version":[{"id":2734,"href":"https:\/\/wordpress.nibis.de\/gslieben\/wp-json\/wp\/v2\/pages\/2187\/revisions\/2734"}],"wp:attachment":[{"href":"https:\/\/wordpress.nibis.de\/gslieben\/wp-json\/wp\/v2\/media?parent=2187"}],"curies":[{"name":"wp","href":"https:\/\/api.w.org\/{rel}","templated":true}]}}