{"id":2193,"date":"2019-11-14T20:54:03","date_gmt":"2019-11-14T18:54:03","guid":{"rendered":"https:\/\/wordpress.nibis.de\/gslieben\/?page_id=2193"},"modified":"2022-11-07T16:37:03","modified_gmt":"2022-11-07T14:37:03","slug":"kollegium","status":"publish","type":"page","link":"https:\/\/wordpress.nibis.de\/gslieben\/kollegium\/","title":{"rendered":"Kollegium"},"content":{"rendered":"<p><span style=\"font-size: 24pt\"><strong><span style=\"color: #ff0000;font-family: arial, helvetica, sans-serif\">Kollegium<\/span><\/strong><\/span><\/p>\n<p style=\"text-align: left\"><span style=\"font-family: arial, helvetica, sans-serif;color: #000000\">Die Grundschule Liebenburg ist eine zweiz\u00fcgige Grundschule mit derzeit sechs Klassen.<\/span><\/p>\n<p style=\"text-align: left\"><span style=\"font-family: arial, helvetica, sans-serif;color: #000000\">Unterrichtet und betreut werden die ca. 110 Kinder von neun Lehrerinnen und f\u00fcnf p\u00e4dagogischen Mitarbeiterinnen. Zus\u00e4tzliche Lernangebote erfolgen durch eine F\u00f6rderschullehrerin.<\/span><\/p>\n<p>\u00a0<\/p>\n\n\n<figure class=\"wp-block-image size-large\"><a href=\"https:\/\/wordpress.nibis.de\/gslieben\/files\/2022\/11\/Kollegium-scaled.jpg\"><img loading=\"lazy\" decoding=\"async\" width=\"1024\" height=\"740\" src=\"https:\/\/wordpress.nibis.de\/gslieben\/files\/2022\/11\/Kollegium-1024x740.jpg\" alt=\"\" class=\"wp-image-2605\" srcset=\"https:\/\/wordpress.nibis.de\/gslieben\/files\/2022\/11\/Kollegium-1024x740.jpg 1024w, https:\/\/wordpress.nibis.de\/gslieben\/files\/2022\/11\/Kollegium-300x217.jpg 300w, https:\/\/wordpress.nibis.de\/gslieben\/files\/2022\/11\/Kollegium-768x555.jpg 768w, https:\/\/wordpress.nibis.de\/gslieben\/files\/2022\/11\/Kollegium-1536x1109.jpg 1536w, https:\/\/wordpress.nibis.de\/gslieben\/files\/2022\/11\/Kollegium-2048x1479.jpg 2048w\" sizes=\"auto, (max-width: 1024px) 100vw, 1024px\" \/><\/a><\/figure>\n","protected":false},"excerpt":{"rendered":"<p>Kollegium Die Grundschule Liebenburg ist eine zweiz\u00fcgige Grundschule mit derzeit sechs Klassen. Unterrichtet und betreut werden die ca. 110 Kinder von neun Lehrerinnen und f\u00fcnf p\u00e4dagogischen Mitarbeiterinnen. Zus\u00e4tzliche Lernangebote erfolgen durch eine F\u00f6rderschullehrerin. \u00a0<\/p>\n","protected":false},"author":576,"featured_media":0,"parent":0,"menu_order":0,"comment_status":"closed","ping_status":"closed","template":"","meta":{"footnotes":""},"class_list":["post-2193","page","type-page","status-publish","hentry"],"_links":{"self":[{"href":"https:\/\/wordpress.nibis.de\/gslieben\/wp-json\/wp\/v2\/pages\/2193","targetHints":{"allow":["GET"]}}],"collection":[{"href":"https:\/\/wordpress.nibis.de\/gslieben\/wp-json\/wp\/v2\/pages"}],"about":[{"href":"https:\/\/wordpress.nibis.de\/gslieben\/wp-json\/wp\/v2\/types\/page"}],"author":[{"embeddable":true,"href":"https:\/\/wordpress.nibis.de\/gslieben\/wp-json\/wp\/v2\/users\/576"}],"replies":[{"embeddable":true,"href":"https:\/\/wordpress.nibis.de\/gslieben\/wp-json\/wp\/v2\/comments?post=2193"}],"version-history":[{"count":7,"href":"https:\/\/wordpress.nibis.de\/gslieben\/wp-json\/wp\/v2\/pages\/2193\/revisions"}],"predecessor-version":[{"id":2606,"href":"https:\/\/wordpress.nibis.de\/gslieben\/wp-json\/wp\/v2\/pages\/2193\/revisions\/2606"}],"wp:attachment":[{"href":"https:\/\/wordpress.nibis.de\/gslieben\/wp-json\/wp\/v2\/media?parent=2193"}],"curies":[{"name":"wp","href":"https:\/\/api.w.org\/{rel}","templated":true}]}}