{"id":2612,"date":"2022-11-07T17:25:40","date_gmt":"2022-11-07T15:25:40","guid":{"rendered":"https:\/\/wordpress.nibis.de\/gslieben\/?page_id=2612"},"modified":"2023-03-24T09:17:39","modified_gmt":"2023-03-24T07:17:39","slug":"schuljahr-2022-2023","status":"publish","type":"page","link":"https:\/\/wordpress.nibis.de\/gslieben\/schuljahr-2022-2023\/","title":{"rendered":"Schuljahr 2022\/2023"},"content":{"rendered":"<h2><span style=\"font-family: 'arial black', sans-serif;font-size: 24pt\"><strong>Brennballturnier<\/strong><\/span><\/h2>\n<p>Am 23.03.2023 war es endlich wieder so weit! Die GS Liebenburg und die GS Othfresen veranstalteten ein Brennballturnier in unserer Sporthalle. Der dritte Jahrgang beider Schulen stellten dabei die Mannschaften. Bei einem \u00e4u\u00dfert fairen Wettkampftag gewannen am Ende die G\u00e4ste aus Othfresen.<\/p>\n<div id='gallery-1' class='gallery galleryid-2612 gallery-columns-3 gallery-size-thumbnail'><figure class='gallery-item'>\n\t\t\t<div class='gallery-icon landscape'>\n\t\t\t\t<a href='https:\/\/wordpress.nibis.de\/gslieben\/schuljahr-2022-2023\/7274bc8c-e746-4103-92d2-73dea926e84b\/'><img loading=\"lazy\" decoding=\"async\" width=\"250\" height=\"141\" src=\"https:\/\/wordpress.nibis.de\/gslieben\/files\/2023\/03\/7274BC8C-E746-4103-92D2-73DEA926E84B-250x141.jpeg\" class=\"attachment-thumbnail size-thumbnail\" alt=\"\" srcset=\"https:\/\/wordpress.nibis.de\/gslieben\/files\/2023\/03\/7274BC8C-E746-4103-92D2-73DEA926E84B-250x141.jpeg 250w, https:\/\/wordpress.nibis.de\/gslieben\/files\/2023\/03\/7274BC8C-E746-4103-92D2-73DEA926E84B-850x478.jpeg 850w, https:\/\/wordpress.nibis.de\/gslieben\/files\/2023\/03\/7274BC8C-E746-4103-92D2-73DEA926E84B-1200x675.jpeg 1200w\" sizes=\"auto, (max-width: 250px) 100vw, 250px\" \/><\/a>\n\t\t\t<\/div><\/figure><figure class='gallery-item'>\n\t\t\t<div class='gallery-icon landscape'>\n\t\t\t\t<a href='https:\/\/wordpress.nibis.de\/gslieben\/schuljahr-2022-2023\/20230323_084017\/'><img loading=\"lazy\" decoding=\"async\" width=\"250\" height=\"141\" src=\"https:\/\/wordpress.nibis.de\/gslieben\/files\/2023\/03\/20230323_084017-250x141.jpg\" class=\"attachment-thumbnail size-thumbnail\" alt=\"\" srcset=\"https:\/\/wordpress.nibis.de\/gslieben\/files\/2023\/03\/20230323_084017-250x141.jpg 250w, https:\/\/wordpress.nibis.de\/gslieben\/files\/2023\/03\/20230323_084017-850x478.jpg 850w, https:\/\/wordpress.nibis.de\/gslieben\/files\/2023\/03\/20230323_084017-1200x675.jpg 1200w\" sizes=\"auto, (max-width: 250px) 100vw, 250px\" \/><\/a>\n\t\t\t<\/div><\/figure><figure class='gallery-item'>\n\t\t\t<div class='gallery-icon landscape'>\n\t\t\t\t<a href='https:\/\/wordpress.nibis.de\/gslieben\/schuljahr-2022-2023\/20230323_084138\/'><img loading=\"lazy\" decoding=\"async\" width=\"250\" height=\"141\" src=\"https:\/\/wordpress.nibis.de\/gslieben\/files\/2023\/03\/20230323_084138-250x141.jpg\" class=\"attachment-thumbnail size-thumbnail\" alt=\"\" srcset=\"https:\/\/wordpress.nibis.de\/gslieben\/files\/2023\/03\/20230323_084138-250x141.jpg 250w, https:\/\/wordpress.nibis.de\/gslieben\/files\/2023\/03\/20230323_084138-850x478.jpg 850w, https:\/\/wordpress.nibis.de\/gslieben\/files\/2023\/03\/20230323_084138-1200x675.jpg 1200w\" sizes=\"auto, (max-width: 250px) 100vw, 250px\" \/><\/a>\n\t\t\t<\/div><\/figure>\n\t\t<\/div>\n\n<p>\u00a0<\/p>\n<p><span style=\"font-family: arial, helvetica, sans-serif;font-size: 24pt\"><strong>Die Weckm\u00e4nner sind da!<\/strong><\/span><\/p>\n<p style=\"text-align: justify\"><span style=\"font-family: arial, helvetica, sans-serif\">Der Schulverein hat sich f\u00fcr alle Kinder eine tolle \u00dcberraschung \u00fcberlegt. Zu St. Martin bekam jedes Kind einen leckeren Weckmann \u00fcberreicht. <\/span><\/p>\n<p style=\"text-align: justify\"><strong><span style=\"font-family: arial, helvetica, sans-serif\">Was ist ein Weckmann? <\/span><\/strong><\/p>\n<p style=\"text-align: justify\"><span style=\"font-family: arial, helvetica, sans-serif\">Ihren Namen haben die Weckm\u00e4nner von einem &#8222;Weck&#8220;,<br \/>das ist ein \u201eWei\u00dfes Brot\u201c und damit Festtagsgeb\u00e4ck, denn<br \/>Wei\u00dfbrot war etwas besonderes.<br \/>Und der &#8222;Mann&#8220; im Wort &#8222;Weckmann&#8220; ist der heilige Mann,<br \/>der gefeiert wird und dessen Abbild sie zeigen sollen.<br \/>Die Weckm\u00e4nner teilt man mit Armen, Kranken und<br \/>Kindern in der Martinszeit.<\/span><\/p>\n<p>\u00a0<\/p>\n<p style=\"text-align: justify\"><span style=\"font-family: arial, helvetica, sans-serif\"><strong><img loading=\"lazy\" decoding=\"async\" class=\"alignnone size-medium wp-image-2621\" src=\"https:\/\/wordpress.nibis.de\/gslieben\/files\/2022\/11\/0D8AE040-4288-448D-9532-5219E4BFD278-225x300.jpeg\" alt=\"\" width=\"225\" height=\"300\" srcset=\"https:\/\/wordpress.nibis.de\/gslieben\/files\/2022\/11\/0D8AE040-4288-448D-9532-5219E4BFD278-225x300.jpeg 225w, https:\/\/wordpress.nibis.de\/gslieben\/files\/2022\/11\/0D8AE040-4288-448D-9532-5219E4BFD278-768x1024.jpeg 768w, https:\/\/wordpress.nibis.de\/gslieben\/files\/2022\/11\/0D8AE040-4288-448D-9532-5219E4BFD278-1152x1536.jpeg 1152w, https:\/\/wordpress.nibis.de\/gslieben\/files\/2022\/11\/0D8AE040-4288-448D-9532-5219E4BFD278-1536x2048.jpeg 1536w, https:\/\/wordpress.nibis.de\/gslieben\/files\/2022\/11\/0D8AE040-4288-448D-9532-5219E4BFD278-scaled.jpeg 1920w\" sizes=\"auto, (max-width: 225px) 100vw, 225px\" \/> <img loading=\"lazy\" decoding=\"async\" class=\"size-medium wp-image-2622 alignleft\" src=\"https:\/\/wordpress.nibis.de\/gslieben\/files\/2022\/11\/20221111_090152-300x225.jpg\" alt=\"\" width=\"300\" height=\"225\" srcset=\"https:\/\/wordpress.nibis.de\/gslieben\/files\/2022\/11\/20221111_090152-300x225.jpg 300w, https:\/\/wordpress.nibis.de\/gslieben\/files\/2022\/11\/20221111_090152-1024x768.jpg 1024w, https:\/\/wordpress.nibis.de\/gslieben\/files\/2022\/11\/20221111_090152-768x576.jpg 768w, https:\/\/wordpress.nibis.de\/gslieben\/files\/2022\/11\/20221111_090152-1536x1152.jpg 1536w, https:\/\/wordpress.nibis.de\/gslieben\/files\/2022\/11\/20221111_090152-2048x1536.jpg 2048w\" sizes=\"auto, (max-width: 300px) 100vw, 300px\" \/> <img loading=\"lazy\" decoding=\"async\" class=\"alignnone size-medium wp-image-2623\" src=\"https:\/\/wordpress.nibis.de\/gslieben\/files\/2022\/11\/CA031967-F9EE-4C61-83E7-D7883B3F2725-225x300.jpeg\" alt=\"\" width=\"225\" height=\"300\" srcset=\"https:\/\/wordpress.nibis.de\/gslieben\/files\/2022\/11\/CA031967-F9EE-4C61-83E7-D7883B3F2725-225x300.jpeg 225w, https:\/\/wordpress.nibis.de\/gslieben\/files\/2022\/11\/CA031967-F9EE-4C61-83E7-D7883B3F2725-768x1024.jpeg 768w, https:\/\/wordpress.nibis.de\/gslieben\/files\/2022\/11\/CA031967-F9EE-4C61-83E7-D7883B3F2725-1152x1536.jpeg 1152w, https:\/\/wordpress.nibis.de\/gslieben\/files\/2022\/11\/CA031967-F9EE-4C61-83E7-D7883B3F2725-1536x2048.jpeg 1536w, https:\/\/wordpress.nibis.de\/gslieben\/files\/2022\/11\/CA031967-F9EE-4C61-83E7-D7883B3F2725-scaled.jpeg 1920w\" sizes=\"auto, (max-width: 225px) 100vw, 225px\" \/> <img loading=\"lazy\" decoding=\"async\" class=\"size-medium wp-image-2624 alignleft\" src=\"https:\/\/wordpress.nibis.de\/gslieben\/files\/2022\/11\/EBA466F5-00F1-49FC-88E9-CA56DFA891DA-300x224.jpeg\" alt=\"\" width=\"300\" height=\"224\" srcset=\"https:\/\/wordpress.nibis.de\/gslieben\/files\/2022\/11\/EBA466F5-00F1-49FC-88E9-CA56DFA891DA-300x224.jpeg 300w, https:\/\/wordpress.nibis.de\/gslieben\/files\/2022\/11\/EBA466F5-00F1-49FC-88E9-CA56DFA891DA-1024x766.jpeg 1024w, https:\/\/wordpress.nibis.de\/gslieben\/files\/2022\/11\/EBA466F5-00F1-49FC-88E9-CA56DFA891DA-768x574.jpeg 768w, https:\/\/wordpress.nibis.de\/gslieben\/files\/2022\/11\/EBA466F5-00F1-49FC-88E9-CA56DFA891DA-1536x1149.jpeg 1536w, https:\/\/wordpress.nibis.de\/gslieben\/files\/2022\/11\/EBA466F5-00F1-49FC-88E9-CA56DFA891DA-2048x1532.jpeg 2048w\" sizes=\"auto, (max-width: 300px) 100vw, 300px\" \/> <img loading=\"lazy\" decoding=\"async\" class=\"size-medium wp-image-2625 alignnone\" src=\"https:\/\/wordpress.nibis.de\/gslieben\/files\/2022\/11\/IMG_20221111_090111-300x225.jpg\" alt=\"\" width=\"300\" height=\"225\" srcset=\"https:\/\/wordpress.nibis.de\/gslieben\/files\/2022\/11\/IMG_20221111_090111-300x225.jpg 300w, https:\/\/wordpress.nibis.de\/gslieben\/files\/2022\/11\/IMG_20221111_090111-1024x768.jpg 1024w, https:\/\/wordpress.nibis.de\/gslieben\/files\/2022\/11\/IMG_20221111_090111-768x576.jpg 768w, https:\/\/wordpress.nibis.de\/gslieben\/files\/2022\/11\/IMG_20221111_090111-1536x1152.jpg 1536w, https:\/\/wordpress.nibis.de\/gslieben\/files\/2022\/11\/IMG_20221111_090111-2048x1536.jpg 2048w\" sizes=\"auto, (max-width: 300px) 100vw, 300px\" \/><\/strong><\/span><\/p>\n<p><span style=\"font-family: arial, helvetica, sans-serif\">Herzlichen Dank an den Schulverein!<\/span><\/p>\n\n","protected":false},"excerpt":{"rendered":"<p>Brennballturnier Am 23.03.2023 war es endlich wieder so weit! Die GS Liebenburg und die GS Othfresen veranstalteten ein Brennballturnier in unserer Sporthalle. Der dritte Jahrgang beider Schulen stellten dabei die Mannschaften. Bei einem \u00e4u\u00dfert fairen Wettkampftag gewannen am Ende die G\u00e4ste aus Othfresen. \u00a0 Die Weckm\u00e4nner sind da! Der Schulverein hat sich f\u00fcr alle Kinder eine tolle \u00dcberraschung \u00fcberlegt. Zu St. Martin bekam jedes Kind einen leckeren Weckmann \u00fcberreicht. Was ist ein Weckmann? Ihren Namen haben die Weckm\u00e4nner von einem&#8230;<\/p>\n<p class=\"read-more\"><a class=\"btn btn-default\" href=\"https:\/\/wordpress.nibis.de\/gslieben\/schuljahr-2022-2023\/\">Weiterlesen<span class=\"screen-reader-text\"> Weiterlesen<\/span><\/a><\/p>\n","protected":false},"author":576,"featured_media":0,"parent":0,"menu_order":0,"comment_status":"closed","ping_status":"closed","template":"","meta":{"footnotes":""},"class_list":["post-2612","page","type-page","status-publish","hentry"],"_links":{"self":[{"href":"https:\/\/wordpress.nibis.de\/gslieben\/wp-json\/wp\/v2\/pages\/2612","targetHints":{"allow":["GET"]}}],"collection":[{"href":"https:\/\/wordpress.nibis.de\/gslieben\/wp-json\/wp\/v2\/pages"}],"about":[{"href":"https:\/\/wordpress.nibis.de\/gslieben\/wp-json\/wp\/v2\/types\/page"}],"author":[{"embeddable":true,"href":"https:\/\/wordpress.nibis.de\/gslieben\/wp-json\/wp\/v2\/users\/576"}],"replies":[{"embeddable":true,"href":"https:\/\/wordpress.nibis.de\/gslieben\/wp-json\/wp\/v2\/comments?post=2612"}],"version-history":[{"count":5,"href":"https:\/\/wordpress.nibis.de\/gslieben\/wp-json\/wp\/v2\/pages\/2612\/revisions"}],"predecessor-version":[{"id":2766,"href":"https:\/\/wordpress.nibis.de\/gslieben\/wp-json\/wp\/v2\/pages\/2612\/revisions\/2766"}],"wp:attachment":[{"href":"https:\/\/wordpress.nibis.de\/gslieben\/wp-json\/wp\/v2\/media?parent=2612"}],"curies":[{"name":"wp","href":"https:\/\/api.w.org\/{rel}","templated":true}]}}