{"id":997,"date":"2016-08-01T18:14:45","date_gmt":"2016-08-01T16:14:45","guid":{"rendered":"http:\/\/wordpress.nibis.de\/gslieben\/?page_id=997"},"modified":"2019-11-18T18:27:59","modified_gmt":"2019-11-18T16:27:59","slug":"jahresberichte-des-schulvereins-liebenburg","status":"publish","type":"page","link":"https:\/\/wordpress.nibis.de\/gslieben\/schulverein\/jahresberichte-des-schulvereins-liebenburg\/","title":{"rendered":"Jahresberichte"},"content":{"rendered":"<p><span style=\"font-family: arial, helvetica, sans-serif;font-size: 18pt;color: #ff0000\"><strong><span style=\"color: #ff0000\">Schulverein<\/span><\/strong><strong><span style=\"color: #ff0000\"> der Grundschule Liebenburg<\/span><\/strong><\/span><\/p>\n<p><strong><u>Vorstand, Mitglieder, Versammlungen Schuljahr 2018\/2019<\/u><\/strong><\/p>\n<p>Zu Beginn des Schuljahres wurde am 13.09.2018 eine Mitgliederversammlung des Schulvereins abgehalten. Hier wurde folgender Vorstand gew\u00e4hlt:<\/p>\n<ol>\n<li>Vorsitzende Frau Heike Behrens<\/li>\n<li>Vorsitzender Herr Michael Gottschalk<\/li>\n<li>Kassenpr\u00fcfung Frau Grit Sch\u00f6ttle<\/li>\n<\/ol>\n<p>Auf der Mitgliederversammlung vom 04.04.2019 wurde eine weitere Vorstandswahl wegen des Ausscheidens von Frau Behrens durchgef\u00fchrt. Aktuell besteht folgender Vorstand:<\/p>\n<ol>\n<li>Vorsitzender Herr Sven Voges<\/li>\n<li>Vorsitzender Herr Michael Gottschalk<\/li>\n<li>Kassenpr\u00fcfung Frau Grit Sch\u00f6ttle<\/li>\n<\/ol>\n<p>Aktuell hat der Schulverein 43 Mitglieder (Stand August 2019).<\/p>\n<p><strong><em>Finanzen <u>Schuljahr 2018\/2019<\/u><\/em><\/strong><\/p>\n<p>Zum Schuljahresanfang des Schuljahres 2018\/2019 verf\u00fcgt der Schulverein \u00fcber einen Betrag in H\u00f6he von <strong><em><u>3990,76<\/u><\/em><\/strong><em><u> \u20ac<\/u>.<\/em><\/p>\n<p>Neben den Mitgliedsbeitr\u00e4gen konnten gr\u00f6\u00dfere Spenden verbucht werden:<\/p>\n<p>Einschulung:\u00a0\u00a0\u00a0\u00a0\u00a0\u00a0\u00a0\u00a0\u00a0\u00a0\u00a0\u00a0\u00a0\u00a0\u00a0\u00a0\u00a0\u00a0\u00a0\u00a0\u00a0\u00a0\u00a0 \u00a0\u00a0\u00a0\u00a0\u00a0\u00a0\u00a0\u00a0\u00a0\u00a0\u00a0 231,25 \u20ac<\/p>\n<p>Basar Liebenburg:\u00a0\u00a0\u00a0\u00a0\u00a0\u00a0\u00a0\u00a0\u00a0\u00a0\u00a0\u00a0\u00a0\u00a0\u00a0\u00a0\u00a0\u00a0\u00a0\u00a0\u00a0\u00a0\u00a0\u00a0\u00a0 100,00 \u20ac (2 x 50,00 \u20ac)<\/p>\n<p>Lions FV GS Kaiserpfalz:\u00a0\u00a0\u00a0\u00a0\u00a0\u00a0\u00a0\u00a0\u00a0\u00a0\u00a0\u00a0\u00a0 500,00 \u20ac<\/p>\n<p>Eine Spende der FA Bosch in H\u00f6he von 1000,00 \u20ac ist zugesagt aber noch nicht verbucht.<\/p>\n<p>Als Sachspende der ausscheidenden Klasse 4a und b konnte ein Roller entgegengenommen werden.<\/p>\n<p>Die Steuererkl\u00e4rung f\u00fcr die Jahre 2016, 2017 und 2018 ist erfolgt. Es wurde der entsprechende Freistellungsbescheid vom FA GS erteilt. Die k\u00fcnftigen Steuererkl\u00e4rungen sind nur noch elektronisch m\u00f6glich (ELSTER).<\/p>\n<p>Die Einzelposten der Ausgaben und Einnahmen liegen diesem Jahresbericht bei. Zus\u00e4tzlich zu den Finanzmitteln (Konto und Barkasse) steht ein IKEA-Gutschein in H\u00f6he von 300,00 \u20ac zur Verf\u00fcgung (Froschh\u00fcpfwettbewerb Juni 2019); ebenso gibt es noch Restmittel von \u00e4lteren IKEA-Gutscheinen. Die Anschaffungen daraus werden mit der Grundschule abgestimmt.<\/p>\n<p><strong><em>T\u00e4tigkeitsbericht <u>Schuljahr 2018\/2019<\/u><\/em><\/strong><\/p>\n<p>Das <strong><em><u>Gesunde Fr\u00fchst\u00fcck<\/u><\/em><\/strong> ist inzwischen etabliert und wird jeweils am Dienstag vor den Ferien angeboten (viermal pro Schuljahr). Es gibt einen festen Helferstamm, der sich unterschiedlich intensiv einbringt. Das Fr\u00fchst\u00fcck wird inzwischen \u201everkauft\u201c, die Kinder lernen so den Umgang mit Geld und kommen in der Regel mit einem Betrag von 2 \u2013 3 \u20ac aus. Seitens der Schule sollte weiterhin auf diese vier Termin im Jahr R\u00fccksicht genommen und nicht Zusammenlegungen mit z. B. Lehrerverabschiedungen \u00fcberlegt werden. Dieser Fr\u00fchst\u00fcckstag ist allein f\u00fcr die Kinder und das Thema \u201eGesunde und regionale Lebensmittel\u201c gedacht. Eine rechtzeitige Terminplanung sollte das grunds\u00e4tzlich erm\u00f6glichen. Der Verkauf der Lebensmittel soll weiterhin so bleiben, um die Wertsch\u00e4tzung f\u00fcr das Essen zu erzielen, und die Kinder dazu animieren, dass sie ihr Essen verzehren und nicht wegschmei\u00dfen.<\/p>\n<p>Am 19.10.2018 wurde wieder die <strong><em><u>Halloweenparty<\/u><\/em><\/strong> durchgef\u00fchrt. Die Organisation klappte gut, allerdings war die Hilfsbereitschaft der Eltern sehr d\u00fcrftig, so dass die Durchf\u00fchrung gef\u00e4hrdet war. Erst ein zweiter Aufruf konnte die Elternschaft zur Mithilfe bewegen \u2013 diese Entwicklung ist sehr bedauerlich und kann hoffentlich umgekehrt werden. Ansonsten sind diese besonderen Aktionen f\u00fcr die Kinder nicht mehr m\u00f6glich. Insgesamt haben knapp 100 Kinder teilgenommen, denen es durchweg gut gefallen hat. Die Verk\u00f6stigung mit Wasser\/Schorle sowie Laugengeb\u00e4ck und W\u00fcrstchen war v\u00f6llig ausreichend. Ausschlaggebend f\u00fcr das Gelingen der Veranstaltung war der DJ und seine Musikanlage sowie das Engagement einige M\u00fctter bei der Animation. Dennoch gibt es Verbesserungsvorschl\u00e4ge: Die Musik ist sehr laut, gerade die kleinsten kommen damit nicht klar. Ohne jegliche Anleitung f\u00fchlen sich die Kleinsten nicht so wohl \u2013 hier ist mehr Animation gefragt. Die Eintrittskarten sollten im Vorfeld gekauft werden, um die Einlasszeit zu verk\u00fcrzen. Bei der Abholung m\u00fcssen die Eltern mehr Verst\u00e4ndnis daf\u00fcr zeigen, dass nur Kinder gehen d\u00fcrfen, deren Abholung erfolgt wie besprochen. Es muss nachvollziehbar f\u00fcr die Organisatoren sein, welches Kind von wem abgeholt wird\/wurde.<\/p>\n<p>Beim NP-Markt in Liebenburg wurde eine Pfandbon-Aktion f\u00fcr das Kalenderjahr 2019 eingerichtet. Die Spende (f\u00fcr das Schuljahr 2019\/2020) wurden wegen Gesch\u00e4ftsschlie\u00dfung bereits im August 2019 ausgezahlt: 196,19 \u20ac. Hier sollte die Spendenaktion im neuen EDEKA-Markt wenn m\u00f6glich fortgef\u00fchrt werden.<\/p>\n<p>Der Chor der Grundschule hat wieder beim Adventsmarkt Klinik Dr. Fontheim mitgemacht.<\/p>\n<p>Als gr\u00f6\u00dfere Anschaffungen wurde diverse Besch\u00e4ftigungs- und Spielm\u00f6glichkeiten f\u00fcr den GTS-Betrieb besorgt. Dazu z\u00e4hlen auch sechs Paar Inliner mit Sch\u00fctzerausr\u00fcstung. Ebenso wurden gebrauchte Roller und diverse Spielsachen angeschafft. Auch die Ausr\u00fcstung in der K\u00fcche wurde aufgestockt, um die Fr\u00fchst\u00fccksvorbereitungen oder andere Aktionen wie das Sport- und Spielfest besser unterst\u00fctzen zu k\u00f6nnen.<\/p>\n<p>F\u00fcr das kommende Schuljahr sollen weitere Mitglieder f\u00fcr diesen Schulverein geworben werden. Au\u00dferdem werden wir das Projekt der Schulhofgestaltung begleiten sowie auch die Schule in Einzelprojekten unterst\u00fctzen. Folgende Aktionen sind bereits geplant:<\/p>\n<ul>\n<li>Fr\u00fchst\u00fcck an den Dienstagen vor den Ferien<\/li>\n<li>Halloweenparty am 01.11.2019<\/li>\n<li>Singen der Chorkinder beim Adventsmarkt Klinik Dr. Fontheim (?TERMIN?)<\/li>\n<\/ul>\n<p>Der Schulverein hat sich ma\u00dfgeblich zusammen mit der Grundschule darum gek\u00fcmmert, dass die <strong><em><u>Schulhofgestaltung<\/u><\/em><\/strong> im Zuge der GTS-Einrichtung vorangetrieben wird. Dazu waren diverse Gespr\u00e4che und Termine notwendig. Die Schulhofgestaltung wurde von einem Planer dem Schulverein, der Schule und der Gemeinde vorgestellt. Es liegt ein Kostenvoranschlag vor. F\u00fcr die Schulfeste wurde dazu auch eine Plakatwand erstellt.<\/p>\n<p>Die Umsetzung ist durch in Aussicht gestellt F\u00f6rdergelder auf 2019 verlegt worden. Der aktuelle Stand ist bis dato nicht kommuniziert.<\/p>\n<p>In Abh\u00e4ngigkeit von der Kosten\u00fcbernahme durch die Gemeinde ist zu entscheiden, wie der Schulverein die Etablierung der geplanten Schulhofanlage unterst\u00fctzen und gegebenenfalls dazu noch Spendenaktionen ins Leben rufen kann (direkte Ansprache namhafter und auch ortsans\u00e4ssiger Firmen, Spendenlauf etc.). Dies muss z\u00fcgig umgesetzt werden, da die Firmen ihre Haushalte besprechen. In dem Zusammenhang ist die Flyergestaltung f\u00fcr eine gute Au\u00dfendarstellung dringend umzusetzen.<\/p>\n<p>Der Vorstand bedankt sich bei allen Mitgliedern und Helfern f\u00fcr die organisatorische und tatkr\u00e4ftige Unterst\u00fctzung bei zur\u00fcckliegenden und zuk\u00fcnftigen Aktionen!<\/p>\n<p>Liebenburg, 07.09.2019<\/p>\n<p>Sven Voges<\/p>\n<p>F\u00fcr den Schulverein der<\/p>\n<p>Grundschule Liebenburg<\/p>\n","protected":false},"excerpt":{"rendered":"<p>Schulverein der Grundschule Liebenburg Vorstand, Mitglieder, Versammlungen Schuljahr 2018\/2019 Zu Beginn des Schuljahres wurde am 13.09.2018 eine Mitgliederversammlung des Schulvereins abgehalten. Hier wurde folgender Vorstand gew\u00e4hlt: Vorsitzende Frau Heike Behrens Vorsitzender Herr Michael Gottschalk Kassenpr\u00fcfung Frau Grit Sch\u00f6ttle Auf der Mitgliederversammlung vom 04.04.2019 wurde eine weitere Vorstandswahl wegen des Ausscheidens von Frau Behrens durchgef\u00fchrt. Aktuell besteht folgender Vorstand: Vorsitzender Herr Sven Voges Vorsitzender Herr Michael Gottschalk Kassenpr\u00fcfung Frau Grit Sch\u00f6ttle Aktuell hat der Schulverein 43 Mitglieder (Stand August 2019). Finanzen&#8230;<\/p>\n<p class=\"read-more\"><a class=\"btn btn-default\" href=\"https:\/\/wordpress.nibis.de\/gslieben\/schulverein\/jahresberichte-des-schulvereins-liebenburg\/\">Weiterlesen<span class=\"screen-reader-text\"> Weiterlesen<\/span><\/a><\/p>\n","protected":false},"author":576,"featured_media":0,"parent":672,"menu_order":0,"comment_status":"closed","ping_status":"closed","template":"","meta":{"footnotes":""},"class_list":["post-997","page","type-page","status-publish","hentry"],"_links":{"self":[{"href":"https:\/\/wordpress.nibis.de\/gslieben\/wp-json\/wp\/v2\/pages\/997","targetHints":{"allow":["GET"]}}],"collection":[{"href":"https:\/\/wordpress.nibis.de\/gslieben\/wp-json\/wp\/v2\/pages"}],"about":[{"href":"https:\/\/wordpress.nibis.de\/gslieben\/wp-json\/wp\/v2\/types\/page"}],"author":[{"embeddable":true,"href":"https:\/\/wordpress.nibis.de\/gslieben\/wp-json\/wp\/v2\/users\/576"}],"replies":[{"embeddable":true,"href":"https:\/\/wordpress.nibis.de\/gslieben\/wp-json\/wp\/v2\/comments?post=997"}],"version-history":[{"count":7,"href":"https:\/\/wordpress.nibis.de\/gslieben\/wp-json\/wp\/v2\/pages\/997\/revisions"}],"predecessor-version":[{"id":2234,"href":"https:\/\/wordpress.nibis.de\/gslieben\/wp-json\/wp\/v2\/pages\/997\/revisions\/2234"}],"up":[{"embeddable":true,"href":"https:\/\/wordpress.nibis.de\/gslieben\/wp-json\/wp\/v2\/pages\/672"}],"wp:attachment":[{"href":"https:\/\/wordpress.nibis.de\/gslieben\/wp-json\/wp\/v2\/media?parent=997"}],"curies":[{"name":"wp","href":"https:\/\/api.w.org\/{rel}","templated":true}]}}

<p><span style="font-family: arial, helvetica, sans-serif;font-size: 18pt;color: #ff0000"><strong><span style="color: #ff0000">Schulverein</span></strong><strong><span style="color: #ff0000"> der Grundschule Liebenburg</span></strong></span></p>
<p><strong><u>Vorstand, Mitglieder, Versammlungen Schuljahr 2018/2019</u></strong></p>
<p>Zu Beginn des Schuljahres wurde am 13.09.2018 eine Mitgliederversammlung des Schulvereins abgehalten. Hier wurde folgender Vorstand gewählt:</p>
<ol>
<li>Vorsitzende Frau Heike Behrens</li>
<li>Vorsitzender Herr Michael Gottschalk</li>
<li>Kassenprüfung Frau Grit Schöttle</li>
</ol>
<p>Auf der Mitgliederversammlung vom 04.04.2019 wurde eine weitere Vorstandswahl wegen des Ausscheidens von Frau Behrens durchgeführt. Aktuell besteht folgender Vorstand:</p>
<ol>
<li>Vorsitzender Herr Sven Voges</li>
<li>Vorsitzender Herr Michael Gottschalk</li>
<li>Kassenprüfung Frau Grit Schöttle</li>
</ol>
<p>Aktuell hat der Schulverein 43 Mitglieder (Stand August 2019).</p>
<p><strong><em>Finanzen <u>Schuljahr 2018/2019</u></em></strong></p>
<p>Zum Schuljahresanfang des Schuljahres 2018/2019 verfügt der Schulverein über einen Betrag in Höhe von <strong><em><u>3990,76</u></em></strong><em><u> €</u>.</em></p>
<p>Neben den Mitgliedsbeiträgen konnten größere Spenden verbucht werden:</p>
<p>Einschulung:                                    231,25 €</p>
<p>Basar Liebenburg:                          100,00 € (2 x 50,00 €)</p>
<p>Lions FV GS Kaiserpfalz:              500,00 €</p>
<p>Eine Spende der FA Bosch in Höhe von 1000,00 € ist zugesagt aber noch nicht verbucht.</p>
<p>Als Sachspende der ausscheidenden Klasse 4a und b konnte ein Roller entgegengenommen werden.</p>
<p>Die Steuererklärung für die Jahre 2016, 2017 und 2018 ist erfolgt. Es wurde der entsprechende Freistellungsbescheid vom FA GS erteilt. Die künftigen Steuererklärungen sind nur noch elektronisch möglich (ELSTER).</p>
<p>Die Einzelposten der Ausgaben und Einnahmen liegen diesem Jahresbericht bei. Zusätzlich zu den Finanzmitteln (Konto und Barkasse) steht ein IKEA-Gutschein in Höhe von 300,00 € zur Verfügung (Froschhüpfwettbewerb Juni 2019); ebenso gibt es noch Restmittel von älteren IKEA-Gutscheinen. Die Anschaffungen daraus werden mit der Grundschule abgestimmt.</p>
<p><strong><em>Tätigkeitsbericht <u>Schuljahr 2018/2019</u></em></strong></p>
<p>Das <strong><em><u>Gesunde Frühstück</u></em></strong> ist inzwischen etabliert und wird jeweils am Dienstag vor den Ferien angeboten (viermal pro Schuljahr). Es gibt einen festen Helferstamm, der sich unterschiedlich intensiv einbringt. Das Frühstück wird inzwischen „verkauft“, die Kinder lernen so den Umgang mit Geld und kommen in der Regel mit einem Betrag von 2 – 3 € aus. Seitens der Schule sollte weiterhin auf diese vier Termin im Jahr Rücksicht genommen und nicht Zusammenlegungen mit z. B. Lehrerverabschiedungen überlegt werden. Dieser Frühstückstag ist allein für die Kinder und das Thema „Gesunde und regionale Lebensmittel“ gedacht. Eine rechtzeitige Terminplanung sollte das grundsätzlich ermöglichen. Der Verkauf der Lebensmittel soll weiterhin so bleiben, um die Wertschätzung für das Essen zu erzielen, und die Kinder dazu animieren, dass sie ihr Essen verzehren und nicht wegschmeißen.</p>
<p>Am 19.10.2018 wurde wieder die <strong><em><u>Halloweenparty</u></em></strong> durchgeführt. Die Organisation klappte gut, allerdings war die Hilfsbereitschaft der Eltern sehr dürftig, so dass die Durchführung gefährdet war. Erst ein zweiter Aufruf konnte die Elternschaft zur Mithilfe bewegen – diese Entwicklung ist sehr bedauerlich und kann hoffentlich umgekehrt werden. Ansonsten sind diese besonderen Aktionen für die Kinder nicht mehr möglich. Insgesamt haben knapp 100 Kinder teilgenommen, denen es durchweg gut gefallen hat. Die Verköstigung mit Wasser/Schorle sowie Laugengebäck und Würstchen war völlig ausreichend. Ausschlaggebend für das Gelingen der Veranstaltung war der DJ und seine Musikanlage sowie das Engagement einige Mütter bei der Animation. Dennoch gibt es Verbesserungsvorschläge: Die Musik ist sehr laut, gerade die kleinsten kommen damit nicht klar. Ohne jegliche Anleitung fühlen sich die Kleinsten nicht so wohl – hier ist mehr Animation gefragt. Die Eintrittskarten sollten im Vorfeld gekauft werden, um die Einlasszeit zu verkürzen. Bei der Abholung müssen die Eltern mehr Verständnis dafür zeigen, dass nur Kinder gehen dürfen, deren Abholung erfolgt wie besprochen. Es muss nachvollziehbar für die Organisatoren sein, welches Kind von wem abgeholt wird/wurde.</p>
<p>Beim NP-Markt in Liebenburg wurde eine Pfandbon-Aktion für das Kalenderjahr 2019 eingerichtet. Die Spende (für das Schuljahr 2019/2020) wurden wegen Geschäftsschließung bereits im August 2019 ausgezahlt: 196,19 €. Hier sollte die Spendenaktion im neuen EDEKA-Markt wenn möglich fortgeführt werden.</p>
<p>Der Chor der Grundschule hat wieder beim Adventsmarkt Klinik Dr. Fontheim mitgemacht.</p>
<p>Als größere Anschaffungen wurde diverse Beschäftigungs- und Spielmöglichkeiten für den GTS-Betrieb besorgt. Dazu zählen auch sechs Paar Inliner mit Schützerausrüstung. Ebenso wurden gebrauchte Roller und diverse Spielsachen angeschafft. Auch die Ausrüstung in der Küche wurde aufgestockt, um die Frühstücksvorbereitungen oder andere Aktionen wie das Sport- und Spielfest besser unterstützen zu können.</p>
<p>Für das kommende Schuljahr sollen weitere Mitglieder für diesen Schulverein geworben werden. Außerdem werden wir das Projekt der Schulhofgestaltung begleiten sowie auch die Schule in Einzelprojekten unterstützen. Folgende Aktionen sind bereits geplant:</p>
<ul>
<li>Frühstück an den Dienstagen vor den Ferien</li>
<li>Halloweenparty am 01.11.2019</li>
<li>Singen der Chorkinder beim Adventsmarkt Klinik Dr. Fontheim (?TERMIN?)</li>
</ul>
<p>Der Schulverein hat sich maßgeblich zusammen mit der Grundschule darum gekümmert, dass die <strong><em><u>Schulhofgestaltung</u></em></strong> im Zuge der GTS-Einrichtung vorangetrieben wird. Dazu waren diverse Gespräche und Termine notwendig. Die Schulhofgestaltung wurde von einem Planer dem Schulverein, der Schule und der Gemeinde vorgestellt. Es liegt ein Kostenvoranschlag vor. Für die Schulfeste wurde dazu auch eine Plakatwand erstellt.</p>
<p>Die Umsetzung ist durch in Aussicht gestellt Fördergelder auf 2019 verlegt worden. Der aktuelle Stand ist bis dato nicht kommuniziert.</p>
<p>In Abhängigkeit von der Kostenübernahme durch die Gemeinde ist zu entscheiden, wie der Schulverein die Etablierung der geplanten Schulhofanlage unterstützen und gegebenenfalls dazu noch Spendenaktionen ins Leben rufen kann (direkte Ansprache namhafter und auch ortsansässiger Firmen, Spendenlauf etc.). Dies muss zügig umgesetzt werden, da die Firmen ihre Haushalte besprechen. In dem Zusammenhang ist die Flyergestaltung für eine gute Außendarstellung dringend umzusetzen.</p>
<p>Der Vorstand bedankt sich bei allen Mitgliedern und Helfern für die organisatorische und tatkräftige Unterstützung bei zurückliegenden und zukünftigen Aktionen!</p>
<p>Liebenburg, 07.09.2019</p>
<p>Sven Voges</p>
<p>Für den Schulverein der</p>
<p>Grundschule Liebenburg</p>

<p>Schulverein der Grundschule Liebenburg Vorstand, Mitglieder, Versammlungen Schuljahr 2018/2019 Zu Beginn des Schuljahres wurde am 13.09.2018 eine Mitgliederversammlung des Schulvereins abgehalten. Hier wurde folgender Vorstand gewählt: Vorsitzende Frau Heike Behrens Vorsitzender Herr Michael Gottschalk Kassenprüfung Frau Grit Schöttle Auf der Mitgliederversammlung vom 04.04.2019 wurde eine weitere Vorstandswahl wegen des Ausscheidens von Frau Behrens durchgeführt. Aktuell besteht folgender Vorstand: Vorsitzender Herr Sven Voges Vorsitzender Herr Michael Gottschalk Kassenprüfung Frau Grit Schöttle Aktuell hat der Schulverein 43 Mitglieder (Stand August 2019). Finanzen&#8230;</p>
<p class="read-more"><a class="btn btn-default" href="https://wordpress.nibis.de/gslieben/schulverein/jahresberichte-des-schulvereins-liebenburg/">Weiterlesen<span class="screen-reader-text"> Weiterlesen</span></a></p>
