{"id":1227,"date":"2022-11-28T12:03:23","date_gmt":"2022-11-28T11:03:23","guid":{"rendered":"https:\/\/wordpress.nibis.de\/gslima\/?page_id=1227"},"modified":"2022-11-30T17:13:47","modified_gmt":"2022-11-30T16:13:47","slug":"eu-schulprogramm","status":"publish","type":"page","link":"https:\/\/wordpress.nibis.de\/gslima\/eu-schulprogramm\/","title":{"rendered":"EU Schulprogramm"},"content":{"rendered":"\n<div class=\"wp-block-columns has-green-background-color has-background is-layout-flex wp-container-core-columns-is-layout-d0b3c9c8 wp-block-columns-is-layout-flex\">\n<div class=\"wp-block-column is-layout-flow wp-block-column-is-layout-flow\">\n<figure class=\"wp-block-image size-full\"><img loading=\"lazy\" decoding=\"async\" width=\"768\" height=\"201\" src=\"https:\/\/wordpress.nibis.de\/gslima\/files\/2022\/11\/logo-768x201-1.jpg\" alt=\"\" class=\"wp-image-1244\" srcset=\"https:\/\/wordpress.nibis.de\/gslima\/files\/2022\/11\/logo-768x201-1.jpg 768w, https:\/\/wordpress.nibis.de\/gslima\/files\/2022\/11\/logo-768x201-1-300x79.jpg 300w\" sizes=\"auto, (max-width: 768px) 100vw, 768px\" \/><\/figure>\n<\/div>\n<\/div>\n\n\n\n<div class=\"wp-block-group\"><div class=\"wp-block-group__inner-container is-layout-flow wp-block-group-is-layout-flow\">\n<div class=\"wp-block-columns is-layout-flex wp-container-core-columns-is-layout-d0b3c9c8 wp-block-columns-is-layout-flex\">\n<div class=\"wp-block-column is-layout-flow wp-block-column-is-layout-flow\" style=\"--col-width:100%;flex-basis:100%\">\n<div class=\"wp-block-columns alignwide has-green-background-color has-background is-layout-flex wp-container-core-columns-is-layout-d0b3c9c8 wp-block-columns-is-layout-flex\">\n<div class=\"wp-block-column is-layout-flow wp-block-column-is-layout-flow\" style=\"--col-width:100%;flex-basis:100%\">\n<p>Bereits seit dem Schuljahr 19\/20 wird unsere Schule \u00fcber das EU Schulprogramm Niedersachsen 1 mal pro Woche mit leckerem Obst und Gem\u00fcse beliefert. So ist in jeder Klasse und auch im Nachmittag gen\u00fcgend Obst da, das von den Kindern sehr gerne verzehrt wird.<\/p>\n<\/div>\n<\/div>\n<\/div>\n<\/div>\n<\/div><\/div>\n\n\n","protected":false},"excerpt":{"rendered":"<p>Bereits seit dem Schuljahr 19\/20 wird unsere Schule \u00fcber das EU Schulprogramm Niedersachsen 1 mal pro Woche mit leckerem Obst und Gem\u00fcse beliefert. So ist in jeder Klasse und auch im Nachmittag gen\u00fcgend Obst da, das von den Kindern sehr gerne verzehrt wird.<\/p>\n","protected":false},"author":9194019,"featured_media":0,"parent":0,"menu_order":0,"comment_status":"closed","ping_status":"closed","template":"","meta":{"footnotes":""},"class_list":["post-1227","page","type-page","status-publish","hentry","entry"],"_links":{"self":[{"href":"https:\/\/wordpress.nibis.de\/gslima\/wp-json\/wp\/v2\/pages\/1227","targetHints":{"allow":["GET"]}}],"collection":[{"href":"https:\/\/wordpress.nibis.de\/gslima\/wp-json\/wp\/v2\/pages"}],"about":[{"href":"https:\/\/wordpress.nibis.de\/gslima\/wp-json\/wp\/v2\/types\/page"}],"author":[{"embeddable":true,"href":"https:\/\/wordpress.nibis.de\/gslima\/wp-json\/wp\/v2\/users\/9194019"}],"replies":[{"embeddable":true,"href":"https:\/\/wordpress.nibis.de\/gslima\/wp-json\/wp\/v2\/comments?post=1227"}],"version-history":[{"count":5,"href":"https:\/\/wordpress.nibis.de\/gslima\/wp-json\/wp\/v2\/pages\/1227\/revisions"}],"predecessor-version":[{"id":1284,"href":"https:\/\/wordpress.nibis.de\/gslima\/wp-json\/wp\/v2\/pages\/1227\/revisions\/1284"}],"wp:attachment":[{"href":"https:\/\/wordpress.nibis.de\/gslima\/wp-json\/wp\/v2\/media?parent=1227"}],"curies":[{"name":"wp","href":"https:\/\/api.w.org\/{rel}","templated":true}]}}