{"id":1458,"date":"2022-12-19T13:15:36","date_gmt":"2022-12-19T12:15:36","guid":{"rendered":"https:\/\/wordpress.nibis.de\/gslima\/?page_id=1458"},"modified":"2026-03-10T10:44:50","modified_gmt":"2026-03-10T09:44:50","slug":"abmeldungen-vom-ganztag","status":"publish","type":"page","link":"https:\/\/wordpress.nibis.de\/gslima\/ganztag\/abmeldungen-vom-ganztag\/","title":{"rendered":"Abmeldungen vom Ganztag"},"content":{"rendered":"\n<div class=\"wp-block-columns alignwide is-layout-flex wp-container-core-columns-is-layout-d0b3c9c8 wp-block-columns-is-layout-flex\">\n<div class=\"wp-block-column is-vertically-aligned-center is-layout-flow wp-block-column-is-layout-flow\" style=\"--col-width:100%;flex-basis:100%\">\n<p>Sollten Sie die Ganztagsbetreuung f\u00fcr ihr Kind nutzen gilt an diesen Tagen eine <strong>Schulpflicht bis 16 Uhr bzw. 14.30 Uhr<\/strong><br \/>Bei wichtigen therapeutischen oder medizinischen Terminen k\u00f6nnen Sie ihr Kind von der Nachmittagsbetreuung befreien.<\/p>\n<p>Beachten Sie, dass eine Abmeldung vom Ganztag lediglich eine Ausnahme, nicht die Regel sein darf und eine Befreiung f\u00fcr Freizeitaktivit\u00e4ten oder andere private Termine grunds\u00e4tzlich nicht m\u00f6glich ist.<br \/>Abmeldungen und \u00c4nderungen m\u00fcssen immer bis <strong>sp\u00e4testens 9:30 Uhr<\/strong> des betreffenden Tages bei uns eingegangen sein. Sp\u00e4tere Abmeldungen werden von uns nicht mehr bearbeitet. <br \/>Nutzen Sie hierf\u00fcr einen der folgenden Wege: <br \/>Anruf im B\u00fcro des Ganztags (0511 16831302) oder per Mail an &#x67;&#115;&#x2e;&#108;i&#x6e;&#100;e&#x6e;&#101;&#x72;&#x6d;a&#x72;&#107;t&#x2d;&#107;&#x6f;&#x40;s&#x73;&#98;-&#x68;&#97;n&#x6e;&#111;&#x76;&#101;r&#x2e;&#100;e<br \/>Die Abmeldung muss immer \u00fcber die Koordination des Ganztags erfolgen.<\/p>\n<p>\u00a0<\/p>\n<p><strong>\u00c4nderungen<\/strong><br \/>Sollte es aufgrund privater oder beruflicher Ver\u00e4nderungen n\u00f6tig sein, die Betreuungstage\/-zeiten zu \u00e4ndern, kommen SIe rechtzeitig auf uns zu. Wir versuchen in Notf\u00e4llen und bei Betreuungsengp\u00e4ssen zu unterst\u00fctzen. Jedliche \u00c4nderungen wirken sich auf die Betreuung und Abl\u00e4ufe aus. WIr behalten uns deshalb vor einen Nachweis einzufordern.<\/p>\n<\/div>\n<\/div>\n","protected":false},"excerpt":{"rendered":"<p>Sollten Sie die Ganztagsbetreuung f\u00fcr ihr Kind nutzen gilt an diesen Tagen eine Schulpflicht bis 16 Uhr bzw. 14.30 UhrBei wichtigen therapeutischen oder medizinischen Terminen k\u00f6nnen Sie ihr Kind von der Nachmittagsbetreuung befreien. Beachten Sie, dass eine Abmeldung vom Ganztag lediglich eine Ausnahme, nicht die Regel sein darf und eine Befreiung f\u00fcr Freizeitaktivit\u00e4ten oder andere&hellip; <a class=\"more-link\" href=\"https:\/\/wordpress.nibis.de\/gslima\/ganztag\/abmeldungen-vom-ganztag\/\"><span class=\"screen-reader-text\">Abmeldungen vom Ganztag<\/span> weiterlesen<\/a><\/p>\n","protected":false},"author":9194083,"featured_media":0,"parent":180,"menu_order":0,"comment_status":"closed","ping_status":"closed","template":"","meta":{"footnotes":""},"class_list":["post-1458","page","type-page","status-publish","hentry","entry"],"_links":{"self":[{"href":"https:\/\/wordpress.nibis.de\/gslima\/wp-json\/wp\/v2\/pages\/1458","targetHints":{"allow":["GET"]}}],"collection":[{"href":"https:\/\/wordpress.nibis.de\/gslima\/wp-json\/wp\/v2\/pages"}],"about":[{"href":"https:\/\/wordpress.nibis.de\/gslima\/wp-json\/wp\/v2\/types\/page"}],"author":[{"embeddable":true,"href":"https:\/\/wordpress.nibis.de\/gslima\/wp-json\/wp\/v2\/users\/9194083"}],"replies":[{"embeddable":true,"href":"https:\/\/wordpress.nibis.de\/gslima\/wp-json\/wp\/v2\/comments?post=1458"}],"version-history":[{"count":15,"href":"https:\/\/wordpress.nibis.de\/gslima\/wp-json\/wp\/v2\/pages\/1458\/revisions"}],"predecessor-version":[{"id":2432,"href":"https:\/\/wordpress.nibis.de\/gslima\/wp-json\/wp\/v2\/pages\/1458\/revisions\/2432"}],"up":[{"embeddable":true,"href":"https:\/\/wordpress.nibis.de\/gslima\/wp-json\/wp\/v2\/pages\/180"}],"wp:attachment":[{"href":"https:\/\/wordpress.nibis.de\/gslima\/wp-json\/wp\/v2\/media?parent=1458"}],"curies":[{"name":"wp","href":"https:\/\/api.w.org\/{rel}","templated":true}]}}