{"id":3039,"date":"2026-02-11T14:12:28","date_gmt":"2026-02-11T13:12:28","guid":{"rendered":"https:\/\/wordpress.nibis.de\/gslinden\/?page_id=3039"},"modified":"2026-02-18T10:15:45","modified_gmt":"2026-02-18T09:15:45","slug":"einschulung","status":"publish","type":"page","link":"https:\/\/wordpress.nibis.de\/gslinden\/einschulung\/","title":{"rendered":"Einschulung"},"content":{"rendered":"\n<p data-start=\"0\" data-end=\"60\"><strong><span style=\"font-family: arial, helvetica, sans-serif;font-size: 12pt\">Ein besonderer Meilenstein<\/span><\/strong><\/p>\n<p data-start=\"62\" data-end=\"471\"><span style=\"font-family: arial, helvetica, sans-serif\">Die Einschulung ist ein aufregender und bedeutender Schritt \u2013 f\u00fcr die Kinder ebenso wie f\u00fcr ihre Familien. Mit dem ersten Schultag beginnt ein neuer Lebensabschnitt voller Neugier, Lernen und gemeinsamer Erlebnisse. Die Einschulung markiert offiziell den Start in die Grundschulzeit und wird vielerorts mit einer feierlichen Aufnahme in die Schulgemeinschaft begangen.<\/span><\/p>\n<p data-start=\"473\" data-end=\"836\"><span style=\"font-family: arial, helvetica, sans-serif\">An unserer Schule hei\u00dfen wir alle Schulanf\u00e4nger:innen herzlich willkommen. Uns ist es wichtig, den \u00dcbergang vom Kindergarten in die Schule behutsam und kindgerecht zu gestalten. Mit einem abwechslungsreichen Programm, einer pers\u00f6nlichen Begr\u00fc\u00dfung und viel Raum zum Kennenlernen schaffen wir einen gelungenen Start in diesen neuen Lebensabschnitt.<\/span><\/p>\n<p data-start=\"838\" data-end=\"1102\" data-is-last-node=\"\" data-is-only-node=\"\"><span style=\"font-family: arial, helvetica, sans-serif\">Hier finden Sie alle wichtigen Informationen rund um die Einschulung. Wir freuen uns darauf, Sie und Ihr Kind auf diesem spannenden Weg begleiten zu d\u00fcrfen!<\/span><\/p>\n","protected":false},"excerpt":{"rendered":"<p>Ein besonderer Meilenstein Die Einschulung ist ein aufregender und bedeutender Schritt \u2013 f\u00fcr die Kinder ebenso wie f\u00fcr ihre Familien. Mit dem ersten Schultag beginnt ein neuer Lebensabschnitt voller Neugier, Lernen und gemeinsamer Erlebnisse. Die Einschulung markiert offiziell den Start &hellip; <a href=\"https:\/\/wordpress.nibis.de\/gslinden\/einschulung\/\">Weiterlesen <span class=\"meta-nav\">&rarr;<\/span><\/a><\/p>\n","protected":false},"author":559,"featured_media":0,"parent":0,"menu_order":5,"comment_status":"closed","ping_status":"closed","template":"","meta":{"footnotes":""},"class_list":["post-3039","page","type-page","status-publish","hentry"],"_links":{"self":[{"href":"https:\/\/wordpress.nibis.de\/gslinden\/wp-json\/wp\/v2\/pages\/3039","targetHints":{"allow":["GET"]}}],"collection":[{"href":"https:\/\/wordpress.nibis.de\/gslinden\/wp-json\/wp\/v2\/pages"}],"about":[{"href":"https:\/\/wordpress.nibis.de\/gslinden\/wp-json\/wp\/v2\/types\/page"}],"author":[{"embeddable":true,"href":"https:\/\/wordpress.nibis.de\/gslinden\/wp-json\/wp\/v2\/users\/559"}],"replies":[{"embeddable":true,"href":"https:\/\/wordpress.nibis.de\/gslinden\/wp-json\/wp\/v2\/comments?post=3039"}],"version-history":[{"count":3,"href":"https:\/\/wordpress.nibis.de\/gslinden\/wp-json\/wp\/v2\/pages\/3039\/revisions"}],"predecessor-version":[{"id":3442,"href":"https:\/\/wordpress.nibis.de\/gslinden\/wp-json\/wp\/v2\/pages\/3039\/revisions\/3442"}],"wp:attachment":[{"href":"https:\/\/wordpress.nibis.de\/gslinden\/wp-json\/wp\/v2\/media?parent=3039"}],"curies":[{"name":"wp","href":"https:\/\/api.w.org\/{rel}","templated":true}]}}