{"id":3104,"date":"2026-02-16T11:08:59","date_gmt":"2026-02-16T10:08:59","guid":{"rendered":"https:\/\/wordpress.nibis.de\/gslinden\/?page_id=3104"},"modified":"2026-02-17T10:56:46","modified_gmt":"2026-02-17T09:56:46","slug":"arbeitsgemeinschaften-2","status":"publish","type":"page","link":"https:\/\/wordpress.nibis.de\/gslinden\/unser-schulalltag\/arbeitsgemeinschaften-2\/","title":{"rendered":"Arbeitsgemeinschaften"},"content":{"rendered":"\n<p style=\"text-align: left\"><span style=\"font-family: arial, helvetica, sans-serif\">F\u00fcr die 3. und 4. Klassen werden w\u00f6chentlich AG-Stunden in verschiedenen Bereichen angeboten. Die Kinder d\u00fcrfen frei w\u00e4hlen, m\u00fcssen aber verpflichtend und regelm\u00e4\u00dfig an einer AG teilnehmen. Nach einem halben Jahr darf gewechselt werden. Es gibt keine Zensuren, jedoch werden besondere F\u00e4higkeiten im Zeugnis vermerkt. <\/span><\/p>\n<p style=\"text-align: left\"><span style=\"font-family: arial, helvetica, sans-serif\">Folgende AGs werden im zweiten Halbjahr 2025\/2026 angeboten:<\/span><\/p>\n<p><span style=\"font-family: arial, helvetica, sans-serif\"><strong>Baseball<br \/><\/strong>Hier lernst du die Grundlagen des Baseballs: werfen, schlafen, fangen und nat\u00fcrlich spannende Spiele im Team.<\/span><\/p>\n<p><span style=\"font-family: arial, helvetica, sans-serif\"><strong>Spiel(platz)<br \/><\/strong>Wir sind drau\u00dfen in der freien Natur. Manchmal verlassen wir auch das Schulgel\u00e4nde und gehen auf Spielpl\u00e4tze. Wenn du Bewegungsspiele magst und auch frei spielen m\u00f6chtest, ist die AG genau richtig f\u00fcr dich.<\/span><\/p>\n<p><span style=\"font-family: arial, helvetica, sans-serif\"><strong>Programmieren<br \/><\/strong>Heute stecken Computer \u00fcberall (Handys, Autos, Spielkonsolen, Waschmaschinen) und helfen uns bei fast allem. Aber &#8211; wie erz\u00e4hlen wir dem Computer, was wir wollen und was sie tun sollen? Wenn dich das interessiert, dann bist du in der AG genau richtig!<\/span><\/p>\n<p><span style=\"font-family: arial, helvetica, sans-serif\"><strong>Mathe f\u00fcr schlaue K\u00e4ngurus<br \/><\/strong>Wir l\u00f6sen gemeinsam und alleine Knobel-, Logik- und Mathe-K\u00e4nguru-Aufgaben. Wenn du gerne knobelst und Lust auf Mathe hast, bist du in dieser AG richtig.<\/span><\/p>\n<p><span style=\"font-family: arial, helvetica, sans-serif\"><strong>Anpfiff f\u00fcrs Lesen<br \/><\/strong>Diese AG richtet sich speziell an Kinder, die zus\u00e4tzliche Lesef\u00f6rderung brauchen. Mit \u00dcbungen rund ums Lesen und kleinen Fu\u00dfballspielen trainierst du dabei Kopf und K\u00f6rper zugleich.<\/span><\/p>\n<p><span style=\"font-family: arial, helvetica, sans-serif\"><strong>Basketball<br \/><\/strong>In dieser AG lernt ihr spielerisch die Grundlagen des Basketballs kennen, verbessert eure Koordination und erlebt Teamgeist und Spa\u00df am Spiel.<\/span><\/p>\n<p><span style=\"font-family: arial, helvetica, sans-serif\"><strong>Schulgarten<br \/><\/strong>Gemeinsam gestalten wir unseren Schulgarten &#8211; wir pflanzen, pflegen, bauen und beobachten, wie alles w\u00e4chst und gedeiht.<\/span><\/p>\n<p><span style=\"font-family: arial, helvetica, sans-serif\"><strong>Schulzeitung<br \/><\/strong>In dieser AG kannst du schreiben, malen, Fragen stellen und kreativ sein. Du denkst dir spannende Themen aus, f\u00fchrst Interviews und gestaltest mit anderen Kindern eure eigene Schulzeitung.<\/span><\/p>\n<p><span style=\"font-family: arial, helvetica, sans-serif\"><strong>Kreativ<br \/><\/strong>Wir malen und basteln mit verschiedenen Materialien: Pastellkreide, \u00d6lpastell, Deckfarben, Gouache, Ton, Tonkarton, Wolle usw.<\/span><\/p>\n","protected":false},"excerpt":{"rendered":"<p>F\u00fcr die 3. und 4. Klassen werden w\u00f6chentlich AG-Stunden in verschiedenen Bereichen angeboten. Die Kinder d\u00fcrfen frei w\u00e4hlen, m\u00fcssen aber verpflichtend und regelm\u00e4\u00dfig an einer AG teilnehmen. Nach einem halben Jahr darf gewechselt werden. Es gibt keine Zensuren, jedoch werden &hellip; <a href=\"https:\/\/wordpress.nibis.de\/gslinden\/unser-schulalltag\/arbeitsgemeinschaften-2\/\">Weiterlesen <span class=\"meta-nav\">&rarr;<\/span><\/a><\/p>\n","protected":false},"author":559,"featured_media":0,"parent":2661,"menu_order":0,"comment_status":"closed","ping_status":"closed","template":"","meta":{"footnotes":""},"class_list":["post-3104","page","type-page","status-publish","hentry"],"_links":{"self":[{"href":"https:\/\/wordpress.nibis.de\/gslinden\/wp-json\/wp\/v2\/pages\/3104","targetHints":{"allow":["GET"]}}],"collection":[{"href":"https:\/\/wordpress.nibis.de\/gslinden\/wp-json\/wp\/v2\/pages"}],"about":[{"href":"https:\/\/wordpress.nibis.de\/gslinden\/wp-json\/wp\/v2\/types\/page"}],"author":[{"embeddable":true,"href":"https:\/\/wordpress.nibis.de\/gslinden\/wp-json\/wp\/v2\/users\/559"}],"replies":[{"embeddable":true,"href":"https:\/\/wordpress.nibis.de\/gslinden\/wp-json\/wp\/v2\/comments?post=3104"}],"version-history":[{"count":4,"href":"https:\/\/wordpress.nibis.de\/gslinden\/wp-json\/wp\/v2\/pages\/3104\/revisions"}],"predecessor-version":[{"id":3157,"href":"https:\/\/wordpress.nibis.de\/gslinden\/wp-json\/wp\/v2\/pages\/3104\/revisions\/3157"}],"up":[{"embeddable":true,"href":"https:\/\/wordpress.nibis.de\/gslinden\/wp-json\/wp\/v2\/pages\/2661"}],"wp:attachment":[{"href":"https:\/\/wordpress.nibis.de\/gslinden\/wp-json\/wp\/v2\/media?parent=3104"}],"curies":[{"name":"wp","href":"https:\/\/api.w.org\/{rel}","templated":true}]}}