{"id":3430,"date":"2026-02-18T12:19:55","date_gmt":"2026-02-18T11:19:55","guid":{"rendered":"https:\/\/wordpress.nibis.de\/gslinden\/?page_id=3430"},"modified":"2026-02-18T12:58:04","modified_gmt":"2026-02-18T11:58:04","slug":"kann-kinder","status":"publish","type":"page","link":"https:\/\/wordpress.nibis.de\/gslinden\/einschulung\/kann-kinder\/","title":{"rendered":"Kann-Kinder"},"content":{"rendered":"\n<p data-start=\"49\" data-end=\"390\"><span style=\"font-family: arial, helvetica, sans-serif\">Kinder, die nach dem 30. September des Einschulungsjahres sechs Jahre alt werden, k\u00f6nnen unter be<span style=\"font-size: 12pt;color: #000000\">stimmten Voraussetzungen vorzeitig eingeschult werden \u2013 sie gelten als sogenannte \u201eKann-Kinder\u201c.<\/span><\/span><\/p>\n<h3 data-start=\"392\" data-end=\"421\"><span style=\"text-decoration: underline;font-size: 12pt;color: #000000\"><span style=\"font-family: arial, helvetica, sans-serif\">Was bedeutet \u201eKann-Kind\u201c?<\/span><\/span><\/h3>\n<p data-start=\"423\" data-end=\"643\"><span style=\"font-family: arial, helvetica, sans-serif;font-size: 12pt;color: #000000\">Ein Kann-Kind ist ein Kind, das das erforderliche Alter f\u00fcr die regul\u00e4re Einschulung noch nicht erreicht hat, aber auf Antrag der Erziehungsberechtigten eingeschult werden kann, wenn es die n\u00f6tige Schulreife besitzt.<\/span><\/p>\n<p data-start=\"423\" data-end=\"643\"><span style=\"text-decoration: underline;font-size: 12pt;color: #000000\"><span style=\"font-family: arial, helvetica, sans-serif\">Voraussetzungen f\u00fcr die vorzeitige Einschulung<\/span><\/span><\/p>\n<p data-start=\"423\" data-end=\"643\"><span style=\"font-family: arial, helvetica, sans-serif;font-size: 12pt;color: #000000\">Ob ein Kann-Kind eingeschult wird, entscheidet die Schulleitung nach sorgf\u00e4ltiger Pr\u00fcfung. Dabei werden u. a. ber\u00fccksichtigt:<\/span><\/p>\n<ul style=\"list-style-type: disc\">\n<li data-start=\"423\" data-end=\"643\"><span style=\"font-family: arial, helvetica, sans-serif;font-size: 12pt;color: #000000\">kognitive Entwicklung (z. B. Sprachverst\u00e4ndnis, Zahlen- und Mengenverst\u00e4ndnis)<\/span><\/li>\n<li data-start=\"423\" data-end=\"643\"><span style=\"font-family: arial, helvetica, sans-serif;font-size: 12pt;color: #000000\">soziale und emotionale Reife (z. B. Selbstst\u00e4ndigkeit, Gruppenf\u00e4higkeit)<\/span><\/li>\n<li data-start=\"423\" data-end=\"643\"><span style=\"font-family: arial, helvetica, sans-serif;font-size: 12pt;color: #000000\">Konzentrationsf\u00e4higkeit und Ausdauer<\/span><\/li>\n<li data-start=\"423\" data-end=\"643\"><span style=\"font-family: arial, helvetica, sans-serif;font-size: 12pt;color: #000000\">Motorische F\u00e4higkeiten<\/span><\/li>\n<\/ul>\n<p><span style=\"font-family: arial, helvetica, sans-serif\">In der Regel findet ein Gespr\u00e4ch mit den Eltern statt. Auch R\u00fcckmeldungen aus dem Kindergarten und das Ergebnis der Schuleingangsuntersuchung k\u00f6nnen in die Entscheidung einbezogen werden.<\/span><\/p>\n<p><span style=\"font-family: arial, helvetica, sans-serif\">Es besteht kein Anspruch auf vorzeitige Einschulung. Die Entscheidung orientiert sich am Wohl des Kind, eine einmal ausgesprochene Aufnahme ist allerdings verbindlich.<\/span><\/p>\n<p><span style=\"font-family: arial, helvetica, sans-serif\">Uns ist es wichtig, dass jedes Kind zu dem Zeitpunkt eingeschult wird, der seiner pers\u00f6nlichen Entwicklung am besten entspricht. Gerne beraten wir Sie individuell, wenn Sie \u00fcberlegen, Ihr Kind als Kann-Kind anzumelden.<\/span><\/p>\n","protected":false},"excerpt":{"rendered":"<p>Kinder, die nach dem 30. September des Einschulungsjahres sechs Jahre alt werden, k\u00f6nnen unter bestimmten Voraussetzungen vorzeitig eingeschult werden \u2013 sie gelten als sogenannte \u201eKann-Kinder\u201c. Was bedeutet \u201eKann-Kind\u201c? Ein Kann-Kind ist ein Kind, das das erforderliche Alter f\u00fcr die regul\u00e4re &hellip; <a href=\"https:\/\/wordpress.nibis.de\/gslinden\/einschulung\/kann-kinder\/\">Weiterlesen <span class=\"meta-nav\">&rarr;<\/span><\/a><\/p>\n","protected":false},"author":559,"featured_media":0,"parent":3039,"menu_order":3,"comment_status":"closed","ping_status":"closed","template":"","meta":{"footnotes":""},"class_list":["post-3430","page","type-page","status-publish","hentry"],"_links":{"self":[{"href":"https:\/\/wordpress.nibis.de\/gslinden\/wp-json\/wp\/v2\/pages\/3430","targetHints":{"allow":["GET"]}}],"collection":[{"href":"https:\/\/wordpress.nibis.de\/gslinden\/wp-json\/wp\/v2\/pages"}],"about":[{"href":"https:\/\/wordpress.nibis.de\/gslinden\/wp-json\/wp\/v2\/types\/page"}],"author":[{"embeddable":true,"href":"https:\/\/wordpress.nibis.de\/gslinden\/wp-json\/wp\/v2\/users\/559"}],"replies":[{"embeddable":true,"href":"https:\/\/wordpress.nibis.de\/gslinden\/wp-json\/wp\/v2\/comments?post=3430"}],"version-history":[{"count":2,"href":"https:\/\/wordpress.nibis.de\/gslinden\/wp-json\/wp\/v2\/pages\/3430\/revisions"}],"predecessor-version":[{"id":3435,"href":"https:\/\/wordpress.nibis.de\/gslinden\/wp-json\/wp\/v2\/pages\/3430\/revisions\/3435"}],"up":[{"embeddable":true,"href":"https:\/\/wordpress.nibis.de\/gslinden\/wp-json\/wp\/v2\/pages\/3039"}],"wp:attachment":[{"href":"https:\/\/wordpress.nibis.de\/gslinden\/wp-json\/wp\/v2\/media?parent=3430"}],"curies":[{"name":"wp","href":"https:\/\/api.w.org\/{rel}","templated":true}]}}