{"id":3549,"date":"2026-03-03T10:57:10","date_gmt":"2026-03-03T09:57:10","guid":{"rendered":"https:\/\/wordpress.nibis.de\/gslinden\/?page_id=3549"},"modified":"2026-03-03T13:21:49","modified_gmt":"2026-03-03T12:21:49","slug":"klasse-2000","status":"publish","type":"page","link":"https:\/\/wordpress.nibis.de\/gslinden\/unser-schulalltag\/klasse-2000\/","title":{"rendered":"Klasse 2000"},"content":{"rendered":"\n<div class=\"wp-block-image\">\n<div class=\"wp-block-image\">\n<div class=\"wp-block-image\">\n<div class=\"wp-block-image\" style=\"text-align: left\">\n<div class=\"wp-block-image\">\n<div class=\"wp-block-image\">\n<div class=\"wp-block-image\" style=\"text-align: right\"><img loading=\"lazy\" decoding=\"async\" class=\"wpa-warning wpa-image-missing-alt alignright size-medium wp-image-3573\" src=\"https:\/\/wordpress.nibis.de\/gslinden\/files\/2026\/03\/Klaro-Logo-2025-300x297.jpg\" alt=\"\" width=\"300\" height=\"297\" data-warning=\"Missing alt text\" srcset=\"https:\/\/wordpress.nibis.de\/gslinden\/files\/2026\/03\/Klaro-Logo-2025-300x297.jpg 300w, https:\/\/wordpress.nibis.de\/gslinden\/files\/2026\/03\/Klaro-Logo-2025-150x150.jpg 150w, https:\/\/wordpress.nibis.de\/gslinden\/files\/2026\/03\/Klaro-Logo-2025-100x99.jpg 100w, https:\/\/wordpress.nibis.de\/gslinden\/files\/2026\/03\/Klaro-Logo-2025.jpg 732w\" sizes=\"auto, (max-width: 300px) 100vw, 300px\" \/><\/div>\n<span style=\"font-family: arial, helvetica, sans-serif;font-size: 16px\">Klasse 2000 ist ein Gesundheits- und Suchtpr\u00e4ventionsprogramm, das die Schulkinder vom ersten Schuljahr an \u00fcber die gesamte Grundschulzeit begleitet.<\/span><\/div>\n<\/div>\n<\/div>\n<\/div>\n<\/div>\n<\/div>\n<p><span style=\"font-family: arial, helvetica, sans-serif\">Das Projekt vermittelt auf anschauliche Weise Einsicht in Bereiche der Gesundheitsf\u00f6rderung und Pr\u00e4vention:<\/span><\/p>\n<ul style=\"list-style-type: disc\">\n<li><span style=\"font-family: arial, helvetica, sans-serif\">F\u00f6rderung der K\u00f6rperwahrnehmung und einer positiven Einstellung zur Gesundheit<\/span><\/li>\n<li><span style=\"font-family: arial, helvetica, sans-serif\">St\u00e4rkung der sozialen Kompetenz und des Selbstwertgef\u00fchls<\/span><\/li>\n<li><span style=\"font-family: arial, helvetica, sans-serif\">Schulung eines kritischen Umgangs mit Genussmitteln, Alltagsdrogen und Medien<\/span><\/li>\n<li><span style=\"font-family: arial, helvetica, sans-serif\">Schaffung eines gesundheitsf\u00f6rdernden Umfeldes<\/span><\/li>\n<\/ul>\n<p><span style=\"font-family: arial, helvetica, sans-serif\">Diese Stunden, die in Teilen den Inhalten des Sachunterrichts entsprechen, werden durch die Gesundheitsf\u00f6rderin oder eine Lehrkraft gehalten, die auf ein gut durchdachtes Konzept mit aufeinander aufbauenden Unterrichtseinheiten zur\u00fcckgreifen kann.<\/span><\/p>\n<p><span style=\"font-family: arial, helvetica, sans-serif\">Um dieses zu finanzieren, ist die Schule auf Sponsoring in Form von Patenschaften f\u00fcr einzelne Schulklassen angewiesen. Die Kosten f\u00fcr ein Schuljahr und eine Klasse betragen pro Jahr 220 Euro. Selbstverst\u00e4ndlich kann ein Sponsorenvertrag auch \u00fcber ein Schulhalbjahr oder Teilsummen geschlossen werden. Jede Spende hilft uns weiter!<\/span><\/p>\n<p><span style=\"font-family: arial, helvetica, sans-serif\">Wir nehmen seit dem Schuljahr 2008\/2009 an diesem Projekt teil.\u00a0<\/span><\/p>\n<p><span style=\"font-family: arial, helvetica, sans-serif\">Sollten Sie Interesse an weiteren In<span style=\"color: #000000\">formationen oder einer Patenschaft haben, so nehmen Sie gerne Kontakt mit der Schulleitung auf (<a style=\"color: #000000\" href=\"&#x6d;&#97;i&#x6c;&#x74;&#111;:&#x73;&#x63;&#104;u&#x6c;&#108;e&#x69;&#x74;&#117;n&#x67;&#x40;&#103;s&#x2d;&#108;&#98;&#x73;&#x2e;&#100;e\">&#115;&#x63;&#104;&#x75;&#108;&#x6c;e&#x69;t&#117;&#x6e;&#103;&#x40;&#103;&#x73;-&#x6c;b&#115;&#x2e;&#100;&#x65;<\/a>).<\/span><\/span><\/p>\n<div class=\"wp-block-image\" style=\"text-align: center\"><img loading=\"lazy\" decoding=\"async\" class=\"wpa-warning wpa-image-missing-alt aligncenter size-large wp-image-3558\" src=\"https:\/\/wordpress.nibis.de\/gslinden\/files\/2026\/03\/Urkunde-Klasse-2000-2025-724x1024.jpg\" alt=\"\" width=\"640\" height=\"905\" data-warning=\"Missing alt text\" srcset=\"https:\/\/wordpress.nibis.de\/gslinden\/files\/2026\/03\/Urkunde-Klasse-2000-2025-724x1024.jpg 724w, https:\/\/wordpress.nibis.de\/gslinden\/files\/2026\/03\/Urkunde-Klasse-2000-2025-212x300.jpg 212w, https:\/\/wordpress.nibis.de\/gslinden\/files\/2026\/03\/Urkunde-Klasse-2000-2025-768x1086.jpg 768w, https:\/\/wordpress.nibis.de\/gslinden\/files\/2026\/03\/Urkunde-Klasse-2000-2025-100x141.jpg 100w, https:\/\/wordpress.nibis.de\/gslinden\/files\/2026\/03\/Urkunde-Klasse-2000-2025-1086x1536.jpg 1086w, https:\/\/wordpress.nibis.de\/gslinden\/files\/2026\/03\/Urkunde-Klasse-2000-2025.jpg 1240w\" sizes=\"auto, (max-width: 640px) 100vw, 640px\" \/><\/div>\n","protected":false},"excerpt":{"rendered":"<p>Klasse 2000 ist ein Gesundheits- und Suchtpr\u00e4ventionsprogramm, das die Schulkinder vom ersten Schuljahr an \u00fcber die gesamte Grundschulzeit begleitet. Das Projekt vermittelt auf anschauliche Weise Einsicht in Bereiche der Gesundheitsf\u00f6rderung und Pr\u00e4vention: F\u00f6rderung der K\u00f6rperwahrnehmung und einer positiven Einstellung zur &hellip; <a href=\"https:\/\/wordpress.nibis.de\/gslinden\/unser-schulalltag\/klasse-2000\/\">Weiterlesen <span class=\"meta-nav\">&rarr;<\/span><\/a><\/p>\n","protected":false},"author":559,"featured_media":0,"parent":2661,"menu_order":3,"comment_status":"closed","ping_status":"closed","template":"","meta":{"footnotes":""},"class_list":["post-3549","page","type-page","status-publish","hentry"],"_links":{"self":[{"href":"https:\/\/wordpress.nibis.de\/gslinden\/wp-json\/wp\/v2\/pages\/3549","targetHints":{"allow":["GET"]}}],"collection":[{"href":"https:\/\/wordpress.nibis.de\/gslinden\/wp-json\/wp\/v2\/pages"}],"about":[{"href":"https:\/\/wordpress.nibis.de\/gslinden\/wp-json\/wp\/v2\/types\/page"}],"author":[{"embeddable":true,"href":"https:\/\/wordpress.nibis.de\/gslinden\/wp-json\/wp\/v2\/users\/559"}],"replies":[{"embeddable":true,"href":"https:\/\/wordpress.nibis.de\/gslinden\/wp-json\/wp\/v2\/comments?post=3549"}],"version-history":[{"count":10,"href":"https:\/\/wordpress.nibis.de\/gslinden\/wp-json\/wp\/v2\/pages\/3549\/revisions"}],"predecessor-version":[{"id":3582,"href":"https:\/\/wordpress.nibis.de\/gslinden\/wp-json\/wp\/v2\/pages\/3549\/revisions\/3582"}],"up":[{"embeddable":true,"href":"https:\/\/wordpress.nibis.de\/gslinden\/wp-json\/wp\/v2\/pages\/2661"}],"wp:attachment":[{"href":"https:\/\/wordpress.nibis.de\/gslinden\/wp-json\/wp\/v2\/media?parent=3549"}],"curies":[{"name":"wp","href":"https:\/\/api.w.org\/{rel}","templated":true}]}}