{"id":3651,"date":"2026-03-05T12:14:22","date_gmt":"2026-03-05T11:14:22","guid":{"rendered":"https:\/\/wordpress.nibis.de\/gslinden\/?page_id=3651"},"modified":"2026-03-05T12:14:22","modified_gmt":"2026-03-05T11:14:22","slug":"elternsprechtag","status":"publish","type":"page","link":"https:\/\/wordpress.nibis.de\/gslinden\/elternsprechtag\/","title":{"rendered":"Elternsprechtag"},"content":{"rendered":"\n<p><span style=\"font-family: arial, helvetica, sans-serif\">Die Elternsprechtage der Schule bieten die M\u00f6glichkeit zu Gespr\u00e4chen mit den Lehrkr\u00e4ften, die die Eltern nicht auslassen sollten Zum Elternsprechtag werden die Eltern von ihren Klassenlehrkr\u00e4ften eingeladen. Dar\u00fcber hinaus k\u00f6nnen jederzeit individuelle Gespr\u00e4chstermine vereinbart werden.<\/span><\/p>\n","protected":false},"excerpt":{"rendered":"<p>Die Elternsprechtage der Schule bieten die M\u00f6glichkeit zu Gespr\u00e4chen mit den Lehrkr\u00e4ften, die die Eltern nicht auslassen sollten Zum Elternsprechtag werden die Eltern von ihren Klassenlehrkr\u00e4ften eingeladen. Dar\u00fcber hinaus k\u00f6nnen jederzeit individuelle Gespr\u00e4chstermine vereinbart werden.<\/p>\n","protected":false},"author":559,"featured_media":0,"parent":0,"menu_order":0,"comment_status":"closed","ping_status":"closed","template":"","meta":{"footnotes":""},"class_list":["post-3651","page","type-page","status-publish","hentry"],"_links":{"self":[{"href":"https:\/\/wordpress.nibis.de\/gslinden\/wp-json\/wp\/v2\/pages\/3651","targetHints":{"allow":["GET"]}}],"collection":[{"href":"https:\/\/wordpress.nibis.de\/gslinden\/wp-json\/wp\/v2\/pages"}],"about":[{"href":"https:\/\/wordpress.nibis.de\/gslinden\/wp-json\/wp\/v2\/types\/page"}],"author":[{"embeddable":true,"href":"https:\/\/wordpress.nibis.de\/gslinden\/wp-json\/wp\/v2\/users\/559"}],"replies":[{"embeddable":true,"href":"https:\/\/wordpress.nibis.de\/gslinden\/wp-json\/wp\/v2\/comments?post=3651"}],"version-history":[{"count":1,"href":"https:\/\/wordpress.nibis.de\/gslinden\/wp-json\/wp\/v2\/pages\/3651\/revisions"}],"predecessor-version":[{"id":3652,"href":"https:\/\/wordpress.nibis.de\/gslinden\/wp-json\/wp\/v2\/pages\/3651\/revisions\/3652"}],"wp:attachment":[{"href":"https:\/\/wordpress.nibis.de\/gslinden\/wp-json\/wp\/v2\/media?parent=3651"}],"curies":[{"name":"wp","href":"https:\/\/api.w.org\/{rel}","templated":true}]}}