{"id":3653,"date":"2026-03-05T12:14:43","date_gmt":"2026-03-05T11:14:43","guid":{"rendered":"https:\/\/wordpress.nibis.de\/gslinden\/?page_id=3653"},"modified":"2026-03-05T12:14:43","modified_gmt":"2026-03-05T11:14:43","slug":"elternvertretung","status":"publish","type":"page","link":"https:\/\/wordpress.nibis.de\/gslinden\/elternvertretung\/","title":{"rendered":"Elternvertretung"},"content":{"rendered":"\n<p><span style=\"font-family: arial, helvetica, sans-serif\">Zu Beginn des ersten und dritten Schuljahres werden die Eltervertreter:innen f\u00fcr die Klassen gew\u00e4hlt. Die gew\u00e4hlten Eltern laden zu den folgenden Elternabenden ein und geh\u00f6ren dem Schulelternrat an. Dieser wiederum entsendet seine Vertreter:innen in den Schulvorstand, die Gesamtkonferenz und die Fachkonferenzen, die die Belange der gesamten Schulgemeinschaft er\u00f6rtern.<\/span><\/p>\n","protected":false},"excerpt":{"rendered":"<p>Zu Beginn des ersten und dritten Schuljahres werden die Eltervertreter:innen f\u00fcr die Klassen gew\u00e4hlt. Die gew\u00e4hlten Eltern laden zu den folgenden Elternabenden ein und geh\u00f6ren dem Schulelternrat an. Dieser wiederum entsendet seine Vertreter:innen in den Schulvorstand, die Gesamtkonferenz und die &hellip; <a href=\"https:\/\/wordpress.nibis.de\/gslinden\/elternvertretung\/\">Weiterlesen <span class=\"meta-nav\">&rarr;<\/span><\/a><\/p>\n","protected":false},"author":559,"featured_media":0,"parent":0,"menu_order":0,"comment_status":"closed","ping_status":"closed","template":"","meta":{"footnotes":""},"class_list":["post-3653","page","type-page","status-publish","hentry"],"_links":{"self":[{"href":"https:\/\/wordpress.nibis.de\/gslinden\/wp-json\/wp\/v2\/pages\/3653","targetHints":{"allow":["GET"]}}],"collection":[{"href":"https:\/\/wordpress.nibis.de\/gslinden\/wp-json\/wp\/v2\/pages"}],"about":[{"href":"https:\/\/wordpress.nibis.de\/gslinden\/wp-json\/wp\/v2\/types\/page"}],"author":[{"embeddable":true,"href":"https:\/\/wordpress.nibis.de\/gslinden\/wp-json\/wp\/v2\/users\/559"}],"replies":[{"embeddable":true,"href":"https:\/\/wordpress.nibis.de\/gslinden\/wp-json\/wp\/v2\/comments?post=3653"}],"version-history":[{"count":1,"href":"https:\/\/wordpress.nibis.de\/gslinden\/wp-json\/wp\/v2\/pages\/3653\/revisions"}],"predecessor-version":[{"id":3654,"href":"https:\/\/wordpress.nibis.de\/gslinden\/wp-json\/wp\/v2\/pages\/3653\/revisions\/3654"}],"wp:attachment":[{"href":"https:\/\/wordpress.nibis.de\/gslinden\/wp-json\/wp\/v2\/media?parent=3653"}],"curies":[{"name":"wp","href":"https:\/\/api.w.org\/{rel}","templated":true}]}}