{"id":3661,"date":"2026-03-05T12:16:05","date_gmt":"2026-03-05T11:16:05","guid":{"rendered":"https:\/\/wordpress.nibis.de\/gslinden\/?page_id=3661"},"modified":"2026-03-05T12:16:05","modified_gmt":"2026-03-05T11:16:05","slug":"fruehstueck","status":"publish","type":"page","link":"https:\/\/wordpress.nibis.de\/gslinden\/fruehstueck\/","title":{"rendered":"Fr\u00fchst\u00fcck"},"content":{"rendered":"\n<p><span style=\"font-family: arial, helvetica, sans-serif\">Bitte achten Sie auf ein gesundes, ausgewogenes Fr\u00fchst\u00fcck. Obst als auch ein Brot sind hier die Favoriten. Das gemeinsame Fr\u00fchst\u00fcck findet nach der zweiten Stunde in der Klasse statt. Geben Sie Ihrem Kind bitte auch immer etwas zu trinken mit. Wir bef\u00fcrworten eher Wasser und Saftschorlen. Cola oder Brausen sind nicht geeignet. Achten Sie auch auf \u201eBruchfestigkeit\u201c der Getr\u00e4nkeflaschen und auf einen Schraubverschluss.<\/span><\/p>\n","protected":false},"excerpt":{"rendered":"<p>Bitte achten Sie auf ein gesundes, ausgewogenes Fr\u00fchst\u00fcck. Obst als auch ein Brot sind hier die Favoriten. Das gemeinsame Fr\u00fchst\u00fcck findet nach der zweiten Stunde in der Klasse statt. Geben Sie Ihrem Kind bitte auch immer etwas zu trinken mit. &hellip; <a href=\"https:\/\/wordpress.nibis.de\/gslinden\/fruehstueck\/\">Weiterlesen <span class=\"meta-nav\">&rarr;<\/span><\/a><\/p>\n","protected":false},"author":559,"featured_media":0,"parent":0,"menu_order":0,"comment_status":"closed","ping_status":"closed","template":"","meta":{"footnotes":""},"class_list":["post-3661","page","type-page","status-publish","hentry"],"_links":{"self":[{"href":"https:\/\/wordpress.nibis.de\/gslinden\/wp-json\/wp\/v2\/pages\/3661","targetHints":{"allow":["GET"]}}],"collection":[{"href":"https:\/\/wordpress.nibis.de\/gslinden\/wp-json\/wp\/v2\/pages"}],"about":[{"href":"https:\/\/wordpress.nibis.de\/gslinden\/wp-json\/wp\/v2\/types\/page"}],"author":[{"embeddable":true,"href":"https:\/\/wordpress.nibis.de\/gslinden\/wp-json\/wp\/v2\/users\/559"}],"replies":[{"embeddable":true,"href":"https:\/\/wordpress.nibis.de\/gslinden\/wp-json\/wp\/v2\/comments?post=3661"}],"version-history":[{"count":1,"href":"https:\/\/wordpress.nibis.de\/gslinden\/wp-json\/wp\/v2\/pages\/3661\/revisions"}],"predecessor-version":[{"id":3662,"href":"https:\/\/wordpress.nibis.de\/gslinden\/wp-json\/wp\/v2\/pages\/3661\/revisions\/3662"}],"wp:attachment":[{"href":"https:\/\/wordpress.nibis.de\/gslinden\/wp-json\/wp\/v2\/media?parent=3661"}],"curies":[{"name":"wp","href":"https:\/\/api.w.org\/{rel}","templated":true}]}}