{"id":3675,"date":"2026-03-05T12:30:10","date_gmt":"2026-03-05T11:30:10","guid":{"rendered":"https:\/\/wordpress.nibis.de\/gslinden\/?page_id=3675"},"modified":"2026-03-05T12:30:10","modified_gmt":"2026-03-05T11:30:10","slug":"zeugnisse","status":"publish","type":"page","link":"https:\/\/wordpress.nibis.de\/gslinden\/zeugnisse\/","title":{"rendered":"Zeugnisse"},"content":{"rendered":"\n<p><span style=\"font-family: arial, helvetica, sans-serif\">Im ersten Schuljahr erhalten die Sch\u00fcler:innen am Ende des Schuljahres ein Zeugnis in beschreibender Form insbesondere \u00fcber die Lernst\u00e4nde in den F\u00e4chern Deutsch und Mathematik sowie \u00fcber besondere F\u00e4higkeiten und Aussagen \u00fcber ihr Arbeits- und Sozialverhalten. Gleiches gilt f\u00fcr das zweite Schuljahr \u2013 zus\u00e4tzlich erhalten sie aber auch noch zum Schulhalbjahr ein Zeugnis.<\/span><\/p>\n<p><span style=\"font-family: arial, helvetica, sans-serif\">Im dritten und vierten Schuljahr werden Zensuren erteilt, die von sehr gut (1), gut (2), befriedigend (3), ausreichend (4), mangelhaft (5) bis ungen\u00fcgend (6) reichen und sowohl die schriftlichen als auch m\u00fcndlichen Leistungen bewerten.<\/span><\/p>\n","protected":false},"excerpt":{"rendered":"<p>Im ersten Schuljahr erhalten die Sch\u00fcler:innen am Ende des Schuljahres ein Zeugnis in beschreibender Form insbesondere \u00fcber die Lernst\u00e4nde in den F\u00e4chern Deutsch und Mathematik sowie \u00fcber besondere F\u00e4higkeiten und Aussagen \u00fcber ihr Arbeits- und Sozialverhalten. Gleiches gilt f\u00fcr das &hellip; <a href=\"https:\/\/wordpress.nibis.de\/gslinden\/zeugnisse\/\">Weiterlesen <span class=\"meta-nav\">&rarr;<\/span><\/a><\/p>\n","protected":false},"author":559,"featured_media":0,"parent":0,"menu_order":0,"comment_status":"closed","ping_status":"closed","template":"","meta":{"footnotes":""},"class_list":["post-3675","page","type-page","status-publish","hentry"],"_links":{"self":[{"href":"https:\/\/wordpress.nibis.de\/gslinden\/wp-json\/wp\/v2\/pages\/3675","targetHints":{"allow":["GET"]}}],"collection":[{"href":"https:\/\/wordpress.nibis.de\/gslinden\/wp-json\/wp\/v2\/pages"}],"about":[{"href":"https:\/\/wordpress.nibis.de\/gslinden\/wp-json\/wp\/v2\/types\/page"}],"author":[{"embeddable":true,"href":"https:\/\/wordpress.nibis.de\/gslinden\/wp-json\/wp\/v2\/users\/559"}],"replies":[{"embeddable":true,"href":"https:\/\/wordpress.nibis.de\/gslinden\/wp-json\/wp\/v2\/comments?post=3675"}],"version-history":[{"count":1,"href":"https:\/\/wordpress.nibis.de\/gslinden\/wp-json\/wp\/v2\/pages\/3675\/revisions"}],"predecessor-version":[{"id":3676,"href":"https:\/\/wordpress.nibis.de\/gslinden\/wp-json\/wp\/v2\/pages\/3675\/revisions\/3676"}],"wp:attachment":[{"href":"https:\/\/wordpress.nibis.de\/gslinden\/wp-json\/wp\/v2\/media?parent=3675"}],"curies":[{"name":"wp","href":"https:\/\/api.w.org\/{rel}","templated":true}]}}