{"id":3679,"date":"2026-03-05T12:31:49","date_gmt":"2026-03-05T11:31:49","guid":{"rendered":"https:\/\/wordpress.nibis.de\/gslinden\/?page_id=3679"},"modified":"2026-03-05T12:31:50","modified_gmt":"2026-03-05T11:31:50","slug":"religionsunterricht","status":"publish","type":"page","link":"https:\/\/wordpress.nibis.de\/gslinden\/religionsunterricht\/","title":{"rendered":"Religionsunterricht"},"content":{"rendered":"\n<p><span style=\"font-family: arial, helvetica, sans-serif\">Im 1. bis 4. Schuljahr wird der Religionsunterricht als konfessionell-kooperativer Religionsunterricht erteilt. Das bedeutet, dass alle Kinder gemeinsam unterrichtet werden, die Klasse muss nicht aufgeteilt werden. Dadurch wird die besondere Bedeutung der sozialen Aspekte betont. In die Religionsstunden werden auch Faustlos-Stunden bzw. deren Inhalte integriert.<\/span><\/p>\n<p><br \/><span style=\"font-family: arial, helvetica, sans-serif\"><strong>NEU:<\/strong> Ab dem Schuljahr 2026\/2027 gibt es f\u00fcr die neuen Erstkl\u00e4ssler die M\u00f6glichkeit, zwischen \u201eChristlicher Religion\u201c und \u201eWerte und Normen\u201c zu w\u00e4hlen. Eines der beiden F\u00e4cher ist Pflicht.<\/span><\/p>\n","protected":false},"excerpt":{"rendered":"<p>Im 1. bis 4. Schuljahr wird der Religionsunterricht als konfessionell-kooperativer Religionsunterricht erteilt. Das bedeutet, dass alle Kinder gemeinsam unterrichtet werden, die Klasse muss nicht aufgeteilt werden. Dadurch wird die besondere Bedeutung der sozialen Aspekte betont. In die Religionsstunden werden auch &hellip; <a href=\"https:\/\/wordpress.nibis.de\/gslinden\/religionsunterricht\/\">Weiterlesen <span class=\"meta-nav\">&rarr;<\/span><\/a><\/p>\n","protected":false},"author":559,"featured_media":0,"parent":0,"menu_order":0,"comment_status":"closed","ping_status":"closed","template":"","meta":{"footnotes":""},"class_list":["post-3679","page","type-page","status-publish","hentry"],"_links":{"self":[{"href":"https:\/\/wordpress.nibis.de\/gslinden\/wp-json\/wp\/v2\/pages\/3679","targetHints":{"allow":["GET"]}}],"collection":[{"href":"https:\/\/wordpress.nibis.de\/gslinden\/wp-json\/wp\/v2\/pages"}],"about":[{"href":"https:\/\/wordpress.nibis.de\/gslinden\/wp-json\/wp\/v2\/types\/page"}],"author":[{"embeddable":true,"href":"https:\/\/wordpress.nibis.de\/gslinden\/wp-json\/wp\/v2\/users\/559"}],"replies":[{"embeddable":true,"href":"https:\/\/wordpress.nibis.de\/gslinden\/wp-json\/wp\/v2\/comments?post=3679"}],"version-history":[{"count":1,"href":"https:\/\/wordpress.nibis.de\/gslinden\/wp-json\/wp\/v2\/pages\/3679\/revisions"}],"predecessor-version":[{"id":3680,"href":"https:\/\/wordpress.nibis.de\/gslinden\/wp-json\/wp\/v2\/pages\/3679\/revisions\/3680"}],"wp:attachment":[{"href":"https:\/\/wordpress.nibis.de\/gslinden\/wp-json\/wp\/v2\/media?parent=3679"}],"curies":[{"name":"wp","href":"https:\/\/api.w.org\/{rel}","templated":true}]}}

<p><span style="font-family: arial, helvetica, sans-serif">Im 1. bis 4. Schuljahr wird der Religionsunterricht als konfessionell-kooperativer Religionsunterricht erteilt. Das bedeutet, dass alle Kinder gemeinsam unterrichtet werden, die Klasse muss nicht aufgeteilt werden. Dadurch wird die besondere Bedeutung der sozialen Aspekte betont. In die Religionsstunden werden auch Faustlos-Stunden bzw. deren Inhalte integriert.</span></p>
<p><br /><span style="font-family: arial, helvetica, sans-serif"><strong>NEU:</strong> Ab dem Schuljahr 2026/2027 gibt es für die neuen Erstklässler die Möglichkeit, zwischen „Christlicher Religion“ und „Werte und Normen“ zu wählen. Eines der beiden Fächer ist Pflicht.</span></p>
