{"id":3754,"date":"2026-03-05T13:39:41","date_gmt":"2026-03-05T12:39:41","guid":{"rendered":"https:\/\/wordpress.nibis.de\/gslinden\/?page_id=3754"},"modified":"2026-03-05T13:39:42","modified_gmt":"2026-03-05T12:39:42","slug":"deutsch-als-zweitsprache-daz","status":"publish","type":"page","link":"https:\/\/wordpress.nibis.de\/gslinden\/deutsch-als-zweitsprache-daz\/","title":{"rendered":"Deutsch als Zweitsprache (DaZ)"},"content":{"rendered":"\n<p><span style=\"font-family: arial, helvetica, sans-serif\">Im DaZ Unterricht (Deutsch als Zweitsprache) werden Kinder mit nichtdeutschsprachiger Herkunft in einer Kleingruppe gef\u00f6rdert. Dieser parallel zum Unterricht laufende F\u00f6rderunterricht soll die Sch\u00fcler:innen beim Erwerb und Erweitern ihrer deutschen Sprachkenntnisse und ihrer sprachlichen Handlungsf\u00e4higkeit in und au\u00dferhalb des Unterrichts unterst\u00fctzen.<\/span><\/p>\n","protected":false},"excerpt":{"rendered":"<p>Im DaZ Unterricht (Deutsch als Zweitsprache) werden Kinder mit nichtdeutschsprachiger Herkunft in einer Kleingruppe gef\u00f6rdert. Dieser parallel zum Unterricht laufende F\u00f6rderunterricht soll die Sch\u00fcler:innen beim Erwerb und Erweitern ihrer deutschen Sprachkenntnisse und ihrer sprachlichen Handlungsf\u00e4higkeit in und au\u00dferhalb des Unterrichts &hellip; <a href=\"https:\/\/wordpress.nibis.de\/gslinden\/deutsch-als-zweitsprache-daz\/\">Weiterlesen <span class=\"meta-nav\">&rarr;<\/span><\/a><\/p>\n","protected":false},"author":559,"featured_media":0,"parent":0,"menu_order":0,"comment_status":"closed","ping_status":"closed","template":"","meta":{"footnotes":""},"class_list":["post-3754","page","type-page","status-publish","hentry"],"_links":{"self":[{"href":"https:\/\/wordpress.nibis.de\/gslinden\/wp-json\/wp\/v2\/pages\/3754","targetHints":{"allow":["GET"]}}],"collection":[{"href":"https:\/\/wordpress.nibis.de\/gslinden\/wp-json\/wp\/v2\/pages"}],"about":[{"href":"https:\/\/wordpress.nibis.de\/gslinden\/wp-json\/wp\/v2\/types\/page"}],"author":[{"embeddable":true,"href":"https:\/\/wordpress.nibis.de\/gslinden\/wp-json\/wp\/v2\/users\/559"}],"replies":[{"embeddable":true,"href":"https:\/\/wordpress.nibis.de\/gslinden\/wp-json\/wp\/v2\/comments?post=3754"}],"version-history":[{"count":1,"href":"https:\/\/wordpress.nibis.de\/gslinden\/wp-json\/wp\/v2\/pages\/3754\/revisions"}],"predecessor-version":[{"id":3755,"href":"https:\/\/wordpress.nibis.de\/gslinden\/wp-json\/wp\/v2\/pages\/3754\/revisions\/3755"}],"wp:attachment":[{"href":"https:\/\/wordpress.nibis.de\/gslinden\/wp-json\/wp\/v2\/media?parent=3754"}],"curies":[{"name":"wp","href":"https:\/\/api.w.org\/{rel}","templated":true}]}}