{"id":496,"date":"2017-04-20T20:03:59","date_gmt":"2017-04-20T18:03:59","guid":{"rendered":"http:\/\/wordpress.nibis.de\/gsmarie\/?page_id=496"},"modified":"2018-05-27T14:43:50","modified_gmt":"2018-05-27T12:43:50","slug":"496-2","status":"publish","type":"page","link":"https:\/\/wordpress.nibis.de\/gsmarie\/schwerpunkte-der-paedagogischen-arbeit\/496-2\/","title":{"rendered":"Schulhund"},"content":{"rendered":"<p><strong>Mein Name ist Marly<\/strong><\/p>\n<p><img loading=\"lazy\" decoding=\"async\" class=\"alignleft wp-image-497\" src=\"http:\/\/wordpress.nibis.de\/gsmarie\/files\/2017\/04\/mc_schulhund-marley-e1527424851291.jpg\" alt=\"\" width=\"308\" height=\"259\" \/><\/p>\n<p>Das ist englisch und bedeutet so viel wie \u201eWeide neben dem Teich\u201c. Ich bin eine Eloh\u00fcndin. Seit August 2010 bin ich Klassenhund der jetzigen Hundeklasse. Was macht ein Klassenhund, werden sich nun einige fragen. Also genau genommen bin ich ein KLASSEN-BEGLEITHUND \u2013 ich begleite meine Klasse im Unterricht. Ich nehme am Unterricht teil, bewege mich frei durch den Klassenraum, lege mich meinen Sch\u00fclerinnen und Sch\u00fclern zu F\u00fc\u00dfen oder erlaube ihnen manchmal, mich zu streicheln. Meine Sch\u00fclerinnen und Sch\u00fcler haben mich so gern, dass sie sich gerne an einige wichtige Regeln im Umgang mit mir halten:<\/p>\n<p>Sie br\u00fcllen nicht und machen keine lauten Ger\u00e4usche, weil ich ein viel besseres Geh\u00f6r als Menschen habe und mir das unangenehm w\u00e4re.<\/p>\n<p>Sie schlagen, treten und schubsen mich nicht, weil mir das Schmerzen zuf\u00fcgen w\u00fcrde und ich dann nicht mehr zur Schule k\u00e4me.<br \/>\nSie respektieren, dass ich meine Ruhe brauche, wenn ich mich in mein Haus zur\u00fcckziehe.<\/p>\n<p>Sie sagen auch keine Gemeinheiten zu mir oder \u00fcber mich, obwohl ich das ja vielleicht nicht mal so genau verstehen w\u00fcrde. Wenn sie mich in den Pausen drau\u00dfen im Wald f\u00fchren, lernen sie sich freundlich konsequent durchzusetzen ohne an meiner Leine zu rei\u00dfen oder mich anzumeckern. Wenn sie mir unter Aufsicht eine Leckerei zukommen lassen, lernen sie, mich auf Handzeichen hin setzen zu lassen oder Kunstst\u00fccke machen zu lassen. Dabei haben sie keine Angst, dass ich ihnen mit meinen Z\u00e4hnen weh tun k\u00f6nnte.<\/p>\n<p>Das alles nennt mein Frauchen SOZIALTRAINING! Die Sch\u00fclerinnen und Sch\u00fcler lernen mein Verhalten und meine Bed\u00fcrfnisse kennen und zu respektieren. Sie \u00fcben sich im Umgang mit mir und halten sich dabei an Regeln. Sie bauen eine emotionale Beziehung zu mir auf und suchen meine N\u00e4he. Sie lernen ihre Anliegen freundlich und konsequent durchzusetzen und st\u00e4rken im Umgang mit mir ihr Selbstvertrauen. Sie \u00fcbernehmen Verantwortung f\u00fcr mein Wohlergehen und stellen auch mal eigene Bed\u00fcrfnisse in den Hintergrund.<\/p>\n<p>Au\u00dferdem h\u00f6re ich allen Sch\u00fclerinnen und Sch\u00fclern gerne beim Lesen zu. Das hilft manchen sch\u00fcchternen Kindern beim lauten Vorlesen. Sie trauen sich dann viel mehr zu, denn ich bin geduldig und liebe Geschichten.<\/p>\n<p>Eure Marly<\/p>\n<p>&nbsp;<\/p>\n","protected":false},"excerpt":{"rendered":"<p>Mein Name ist Marly Das ist englisch und bedeutet so viel wie \u201eWeide neben dem Teich\u201c. Ich bin eine Eloh\u00fcndin. Seit August 2010 bin ich &hellip; <\/p>\n","protected":false},"author":1276,"featured_media":0,"parent":185,"menu_order":0,"comment_status":"closed","ping_status":"closed","template":"","meta":{"footnotes":""},"class_list":["post-496","page","type-page","status-publish","hentry"],"_links":{"self":[{"href":"https:\/\/wordpress.nibis.de\/gsmarie\/wp-json\/wp\/v2\/pages\/496","targetHints":{"allow":["GET"]}}],"collection":[{"href":"https:\/\/wordpress.nibis.de\/gsmarie\/wp-json\/wp\/v2\/pages"}],"about":[{"href":"https:\/\/wordpress.nibis.de\/gsmarie\/wp-json\/wp\/v2\/types\/page"}],"author":[{"embeddable":true,"href":"https:\/\/wordpress.nibis.de\/gsmarie\/wp-json\/wp\/v2\/users\/1276"}],"replies":[{"embeddable":true,"href":"https:\/\/wordpress.nibis.de\/gsmarie\/wp-json\/wp\/v2\/comments?post=496"}],"version-history":[{"count":9,"href":"https:\/\/wordpress.nibis.de\/gsmarie\/wp-json\/wp\/v2\/pages\/496\/revisions"}],"predecessor-version":[{"id":689,"href":"https:\/\/wordpress.nibis.de\/gsmarie\/wp-json\/wp\/v2\/pages\/496\/revisions\/689"}],"up":[{"embeddable":true,"href":"https:\/\/wordpress.nibis.de\/gsmarie\/wp-json\/wp\/v2\/pages\/185"}],"wp:attachment":[{"href":"https:\/\/wordpress.nibis.de\/gsmarie\/wp-json\/wp\/v2\/media?parent=496"}],"curies":[{"name":"wp","href":"https:\/\/api.w.org\/{rel}","templated":true}]}}