{"id":5497,"date":"2024-04-09T08:44:13","date_gmt":"2024-04-09T06:44:13","guid":{"rendered":"https:\/\/wordpress.nibis.de\/gsmarschacht\/?page_id=5497"},"modified":"2024-04-09T08:44:58","modified_gmt":"2024-04-09T06:44:58","slug":"antraege","status":"publish","type":"page","link":"https:\/\/wordpress.nibis.de\/gsmarschacht\/antraege\/","title":{"rendered":"Antr\u00e4ge"},"content":{"rendered":"\n<p>Liebe Eltern,<\/p>\n<p>auf den folgenden Seiten finden Sie Antr\u00e4ge, die Sie im Sekretariat ausgef\u00fcllt abgeben k\u00f6nnen.<\/p>\n","protected":false},"excerpt":{"rendered":"<p>Liebe Eltern, auf den folgenden Seiten finden Sie Antr\u00e4ge, die Sie im Sekretariat ausgef\u00fcllt abgeben k\u00f6nnen.<\/p>\n","protected":false},"author":9194350,"featured_media":0,"parent":0,"menu_order":0,"comment_status":"closed","ping_status":"closed","template":"","meta":{"footnotes":""},"class_list":["post-5497","page","type-page","status-publish","hentry"],"_links":{"self":[{"href":"https:\/\/wordpress.nibis.de\/gsmarschacht\/wp-json\/wp\/v2\/pages\/5497","targetHints":{"allow":["GET"]}}],"collection":[{"href":"https:\/\/wordpress.nibis.de\/gsmarschacht\/wp-json\/wp\/v2\/pages"}],"about":[{"href":"https:\/\/wordpress.nibis.de\/gsmarschacht\/wp-json\/wp\/v2\/types\/page"}],"author":[{"embeddable":true,"href":"https:\/\/wordpress.nibis.de\/gsmarschacht\/wp-json\/wp\/v2\/users\/9194350"}],"replies":[{"embeddable":true,"href":"https:\/\/wordpress.nibis.de\/gsmarschacht\/wp-json\/wp\/v2\/comments?post=5497"}],"version-history":[{"count":2,"href":"https:\/\/wordpress.nibis.de\/gsmarschacht\/wp-json\/wp\/v2\/pages\/5497\/revisions"}],"predecessor-version":[{"id":5501,"href":"https:\/\/wordpress.nibis.de\/gsmarschacht\/wp-json\/wp\/v2\/pages\/5497\/revisions\/5501"}],"wp:attachment":[{"href":"https:\/\/wordpress.nibis.de\/gsmarschacht\/wp-json\/wp\/v2\/media?parent=5497"}],"curies":[{"name":"wp","href":"https:\/\/api.w.org\/{rel}","templated":true}]}}