{"id":5547,"date":"2024-04-23T10:45:23","date_gmt":"2024-04-23T08:45:23","guid":{"rendered":"https:\/\/wordpress.nibis.de\/gsmarschacht\/?page_id=5547"},"modified":"2026-02-17T10:56:25","modified_gmt":"2026-02-17T09:56:25","slug":"einschulung-2024-25","status":"publish","type":"page","link":"https:\/\/wordpress.nibis.de\/gsmarschacht\/einschulung-2024-25\/","title":{"rendered":"Einschulung 2026\/27"},"content":{"rendered":"\n<div>\n<div dir=\"ltr\">\n<div dir=\"ltr\">\n<p>Liebe Eltern der zuk\u00fcnftigen Erstkl\u00e4ssler,<\/p>\n<p>ihr Kind wird zum kommenden Sommer schulpflichtig und soll bei uns an der Grundschule Marschacht eingeschult werden. Ich freue mich schon sehr darauf, Sie und insbesondere Ihre Kinder ab dem Sommer bei uns begr\u00fc\u00dfen zu d\u00fcrfen. Heute m\u00f6chte ich Ihnen erste Informationen und Termine schreiben, so dass sich hoffentlich die ersten Fragen kl\u00e4ren lassen.<\/p>\n<p><strong>Schuleingangsuntersuchungen<\/strong>: Die ersten Schuleingangsuntersuchungen (Flexi-Kinder) f\u00fcr die Grundschule Marschacht haben bereits stattgefunden. Die weiteren Termine werden im Juni folgen. Wir sichten gerade die ersten R\u00fcckmeldungen der Schul\u00e4rztin. Falls sich dort Auff\u00e4lligkeiten gezeigt haben, die einen Austausch n\u00f6tig machen, melden wir uns in der n\u00e4chsten Zeit bei Ihnen. Sollten sich bei Ihnen Fragen ergeben haben, k\u00f6nnen Sie sich ebenfalls gern bei uns melden (<a href=\"&#x6d;&#97;&#105;l&#x74;&#x6f;&#58;s&#x63;&#x68;&#117;l&#x6c;&#x65;&#105;t&#x75;&#x6e;&#103;&#64;&#x67;&#x73;&#109;a&#x72;&#x73;&#99;&#104;a&#x63;&#x68;&#116;&#46;&#x73;&#x63;&#104;u&#x6c;&#x73;&#101;r&#x76;&#x65;&#114;&#46;&#x64;&#x65;\">&#x73;&#x63;&#x68;&#x75;&#108;&#108;&#101;it&#x75;&#x6e;&#x67;&#x40;&#x67;&#115;&#109;&#97;rs&#x63;&#x68;&#x61;&#x63;&#x68;&#116;&#46;&#115;ch&#x75;&#x6c;&#x73;&#x65;&#x72;&#118;&#101;&#114;&#46;d&#x65;<\/a>), um einen Beratungstermin zu vereinbaren. Melden Sie sich auch gern bei uns, wenn Sie unsicher bez\u00fcglich der Einschulung sind, die Untersuchung aber erst im Juni stattfindet.<\/p>\n<p><strong>erster Elternabend<\/strong>: Ein erster Elternabend ist bereits in Planung und soll am 04. Mai 2026 um 19 Uhr stattfinden. Hierzu werden Sie nach den Osterferien noch eine genaue Einladung bekommen. Inhaltlich soll es bei diesem Elternabend um organisatorische Dinge, wie zum Beispiel auch den Ganztag, gehen. Ich werde Ihnen zu diesem fr\u00fchen Zeitpunkt jedoch noch <u>keine<\/u> Auskunft \u00fcber die Klassenlehrkr\u00e4fte oder unterrichtliche Inhalte geben k\u00f6nnen. Diese Informationen erhalten Sie rund um die Sommerferien.<\/p>\n<p><strong>Ganztag<\/strong>: Die Grundschule Marschacht ist seit dem Schuljahr 2024\/2025 offiziell eine Ganztagsschule. Den Aufbau bzw. die Inhalte werde ich Ihnen auf dem Elternabend Anfang Mai pr\u00e4sentieren. Hier erhalten Sie auch das Anmeldeformular f\u00fcr den Ganztag und es wird noch ausreichend Zeit f\u00fcr die Anmeldung sein. Ein Platz ist Ihnen auf jeden Fall sicher.<\/p>\n<p><strong>Schnuppertage<\/strong>: Es ist in Planung, dass die zuk\u00fcnftigen Erstkl\u00e4ssler die Grundschule Marschacht vorab einmal kennen lernen k\u00f6nnen und sie mindestens einmal besuchen. Hierf\u00fcr bin ich mit den Leitungen der Kinderg\u00e4rten in Marschacht im Gespr\u00e4ch und werde direkt dort einen Termin bzw. Termine vereinbaren. Kinder, die beispielsweise in Oldershausen die Kita besuchen, werde ich noch einmal direkt ansprechen, um auch diesen Kindern die M\u00f6glichkeit des Schnupperns zu erm\u00f6glichen.<\/p>\n<p><strong>Flexi-Kinder<\/strong>: Kinder, die <span dir=\"ltr\">zwischen dem 01.07. und dem 30.09.<\/span> des jeweiligen Jahres schulpflichtig werden, gelten als sogenannte Flexi-Kinder. Hier haben Sie als Eltern das Recht, die Einschulung um ein Schuljahr zu verschieben. Ich m\u00f6chte Sie jedoch noch einmal daran erinnern, dass wir in dem Fall, wenn Sie von der Regelung Gebrauch machen wollen, eine schriftliche Erkl\u00e4rung Ihrerseits ben\u00f6tigen. <strong>Stichtag hierf\u00fcr ist <span dir=\"ltr\">der 30.4<\/span><\/strong><span dir=\"ltr\">.<\/span> Sollten wir bis dahin keine Erkl\u00e4rung haben, gehen wir davon aus, dass Ihr Kind zum kommenden Schuljahr eingeschult wird. Gern k\u00f6nnen Sie sich auch noch einmal an mich wenden (<a href=\"&#109;a&#105;l&#116;o&#x3a;s&#x63;h&#x75;l&#x6c;e&#x69;t&#x75;n&#x67;&#64;&#x67;s&#x6d;a&#x72;&#115;&#x63;&#104;&#x61;&#99;&#x68;&#116;&#x2e;&#115;&#x63;&#104;&#x75;&#108;&#x73;&#101;&#x72;&#118;&#x65;&#114;&#x2e;&#100;&#x65;\">&#x73;&#99;h&#x75;&#108;l&#x65;&#105;t&#x75;&#x6e;&#103;&#x40;&#x67;&#115;m&#x61;&#114;s&#x63;&#104;a&#x63;&#x68;&#116;&#x2e;&#x73;&#99;h&#x75;&#108;s&#x65;&#114;v&#x65;&#114;&#46;&#x64;&#x65;<\/a>), wenn Sie einen Beratungstermin w\u00fcnschen.<\/p>\n<p><strong>Einschulung<\/strong>: Die Einschulung zum Schuljahr 2026\/2027 findet <span dir=\"ltr\">am 15.08.2026 <\/span>statt. Die genaue Uhrzeit, auch von einem eventuellen Kirchenbesuch, erhalten Sie rechtzeitig zu den Sommerferien.<\/p>\n<p><strong>erster Schultag<\/strong>: Der erste offizielle Schultag Ihres Kindes ist <span dir=\"ltr\">der 17.08.2026<\/span>.<\/p>\n<p>Ich hoffe, dass ich nun erst einmal an alle Punkte gedacht habe. Falls f\u00fcr Sie noch Fragen offen sind, k\u00f6nnen Sie sich gern an mich (<a href=\"&#x6d;&#97;i&#x6c;&#x74;&#111;:&#x73;&#x63;&#104;u&#x6c;&#108;e&#x69;&#x74;&#117;n&#x67;&#x40;&#103;s&#x6d;&#97;&#114;&#x73;&#x63;&#104;a&#x63;&#x68;&#116;&#46;&#x73;&#99;&#104;u&#x6c;&#115;e&#x72;&#x76;&#101;r&#x2e;&#x64;&#101;\">sc&#104;&#117;&#108;&#x6c;&#x65;&#x69;&#x74;un&#103;&#64;&#103;&#x73;&#x6d;&#x61;&#x72;sc&#104;&#97;&#99;&#x68;&#x74;&#x2e;&#x73;ch&#117;&#108;&#115;&#x65;&#x72;&#x76;&#x65;r&#46;&#100;&#101;<\/a>) wenden.<\/p>\n<p>Mit freundlichen Gr\u00fc\u00dfen<\/p>\n<p>S\u00f6ren Odau<\/p>\n<\/div>\n<\/div>\n<\/div>\n<p>Schulleiter\u00a0<\/p>\n","protected":false},"excerpt":{"rendered":"<p>Liebe Eltern der zuk\u00fcnftigen Erstkl\u00e4ssler, ihr Kind wird zum kommenden Sommer schulpflichtig und soll bei uns an der Grundschule Marschacht eingeschult werden. Ich freue mich schon sehr darauf, Sie und insbesondere Ihre Kinder ab dem Sommer bei uns begr\u00fc\u00dfen zu d\u00fcrfen. Heute m\u00f6chte ich Ihnen erste Informationen und Termine schreiben, so dass sich hoffentlich die [&hellip;]<\/p>\n","protected":false},"author":9194350,"featured_media":0,"parent":0,"menu_order":0,"comment_status":"closed","ping_status":"closed","template":"","meta":{"footnotes":""},"class_list":["post-5547","page","type-page","status-publish","hentry"],"_links":{"self":[{"href":"https:\/\/wordpress.nibis.de\/gsmarschacht\/wp-json\/wp\/v2\/pages\/5547","targetHints":{"allow":["GET"]}}],"collection":[{"href":"https:\/\/wordpress.nibis.de\/gsmarschacht\/wp-json\/wp\/v2\/pages"}],"about":[{"href":"https:\/\/wordpress.nibis.de\/gsmarschacht\/wp-json\/wp\/v2\/types\/page"}],"author":[{"embeddable":true,"href":"https:\/\/wordpress.nibis.de\/gsmarschacht\/wp-json\/wp\/v2\/users\/9194350"}],"replies":[{"embeddable":true,"href":"https:\/\/wordpress.nibis.de\/gsmarschacht\/wp-json\/wp\/v2\/comments?post=5547"}],"version-history":[{"count":6,"href":"https:\/\/wordpress.nibis.de\/gsmarschacht\/wp-json\/wp\/v2\/pages\/5547\/revisions"}],"predecessor-version":[{"id":6271,"href":"https:\/\/wordpress.nibis.de\/gsmarschacht\/wp-json\/wp\/v2\/pages\/5547\/revisions\/6271"}],"wp:attachment":[{"href":"https:\/\/wordpress.nibis.de\/gsmarschacht\/wp-json\/wp\/v2\/media?parent=5547"}],"curies":[{"name":"wp","href":"https:\/\/api.w.org\/{rel}","templated":true}]}}