{"id":6004,"date":"2025-10-29T07:28:17","date_gmt":"2025-10-29T06:28:17","guid":{"rendered":"https:\/\/wordpress.nibis.de\/gsmarschacht\/?page_id=6004"},"modified":"2025-10-29T07:28:17","modified_gmt":"2025-10-29T06:28:17","slug":"schulsozialarbeit","status":"publish","type":"page","link":"https:\/\/wordpress.nibis.de\/gsmarschacht\/schulsozialarbeit\/","title":{"rendered":"Schulsozialarbeit"},"content":{"rendered":"\n<p class=\"s17\"><span class=\"s16\">Liebe Eltern, Liebe Erziehungsberechtigten,<\/span><\/p>\n<p class=\"s17\"><span class=\"s16\">mein Name ist Lea Warnecke und ich freue mich sehr, mich Ihnen als Sozialarbeiterin an der Grundschule Marschacht vorstellen zu k\u00f6nnen. <\/span><\/p>\n<p class=\"s17\"><span class=\"s16\">Ich unterst\u00fctze Sch\u00fclerinnen und Sch\u00fcler, Eltern sowie Lehrkr\u00e4fte bei verschiedenen Anliegen die das Leben in der Schule oder zuhause erschweren k\u00f6nnen. Als Schulsozialarbeiterin bin ich eine neutrale Ansprechperson, die sich f\u00fcr das Wohl Ihres Kindes einsetzt. Mein Ziel ist es Kinder in ihrer pers\u00f6nlichen, sozialen und schulischen Entwicklung zu begleiten und zu st\u00e4rken. <\/span><\/p>\n<p class=\"s17\"><span class=\"s16\">Alle Gespr\u00e4che sind freiwillig, vertraulich und unterliegen der Schweigepflicht. Um ihr Kind optimal unterst\u00fctzen zu k\u00f6nnen ist eine enge Zusammenarbeit mit den Lehrkr\u00e4ften wichtig. Daf\u00fcr ist es erforderlich, dass Eltern eine Schweigepflichtentbindung unterzeichnen um den Austausch zwischen Schulsozialarbeiterin und Lehrkr\u00e4ften zu erm\u00f6glichen.<\/span><\/p>\n<p>\u00a0<\/p>\n<p class=\"s18\"><span class=\"s16\">Sie erreichen mich Montag bis Donnerstag von 9.00-15.00 Uhr.<\/span><\/p>\n<p class=\"s18\"><span class=\"s16\">Tele.: \u00a0<\/span><span class=\"s16\">015560679083<\/span><\/p>\n<p class=\"s18\"><span class=\"s16\">E-Mail: <\/span><a href=\"&#x6d;&#97;i&#x6c;&#x74;&#111;:&#x6c;&#x2e;&#119;a&#x72;&#x6e;&#101;c&#x6b;&#x65;&#64;s&#x67;&#101;&#108;b&#x6d;&#97;r&#x73;&#x63;&#104;&#46;&#x64;&#x65;\"><span class=\"s19\">&#108;&#x2e;w&#97;&#x72;n&#101;&#x63;k&#101;&#x40;s&#103;&#x65;l&#98;&#x6d;a&#114;&#x73;c&#104;&#x2e;d&#101;<\/span><\/a><\/p>\n<p class=\"s18\">\u00a0<\/p>\n<p class=\"s17\"><span class=\"s16\">Z\u00f6gern Sie nicht, sich bei Fragen, Sorgen oder Gespr\u00e4chsbedarf bei mir zu melden. Ich freue mich auf die Zusammenarbeit mit Ihnen.<\/span><\/p>\n<p class=\"s17\">\u00a0<\/p>\n<p class=\"s17\"><span class=\"s16\">Mit freundlichen Gr\u00fc\u00dfen<\/span><\/p>\n<p class=\"s17\"><span class=\"s16\">Lea Warnecke<\/span><\/p>\n<p class=\"s17\"><span class=\"s16\">Schulsozialarbeit <\/span><\/p>\n","protected":false},"excerpt":{"rendered":"<p>Liebe Eltern, Liebe Erziehungsberechtigten, mein Name ist Lea Warnecke und ich freue mich sehr, mich Ihnen als Sozialarbeiterin an der Grundschule Marschacht vorstellen zu k\u00f6nnen. Ich unterst\u00fctze Sch\u00fclerinnen und Sch\u00fcler, Eltern sowie Lehrkr\u00e4fte bei verschiedenen Anliegen die das Leben in der Schule oder zuhause erschweren k\u00f6nnen. Als Schulsozialarbeiterin bin ich eine neutrale Ansprechperson, die sich [&hellip;]<\/p>\n","protected":false},"author":9194350,"featured_media":0,"parent":0,"menu_order":0,"comment_status":"closed","ping_status":"closed","template":"","meta":{"footnotes":""},"class_list":["post-6004","page","type-page","status-publish","hentry"],"_links":{"self":[{"href":"https:\/\/wordpress.nibis.de\/gsmarschacht\/wp-json\/wp\/v2\/pages\/6004","targetHints":{"allow":["GET"]}}],"collection":[{"href":"https:\/\/wordpress.nibis.de\/gsmarschacht\/wp-json\/wp\/v2\/pages"}],"about":[{"href":"https:\/\/wordpress.nibis.de\/gsmarschacht\/wp-json\/wp\/v2\/types\/page"}],"author":[{"embeddable":true,"href":"https:\/\/wordpress.nibis.de\/gsmarschacht\/wp-json\/wp\/v2\/users\/9194350"}],"replies":[{"embeddable":true,"href":"https:\/\/wordpress.nibis.de\/gsmarschacht\/wp-json\/wp\/v2\/comments?post=6004"}],"version-history":[{"count":1,"href":"https:\/\/wordpress.nibis.de\/gsmarschacht\/wp-json\/wp\/v2\/pages\/6004\/revisions"}],"predecessor-version":[{"id":6005,"href":"https:\/\/wordpress.nibis.de\/gsmarschacht\/wp-json\/wp\/v2\/pages\/6004\/revisions\/6005"}],"wp:attachment":[{"href":"https:\/\/wordpress.nibis.de\/gsmarschacht\/wp-json\/wp\/v2\/media?parent=6004"}],"curies":[{"name":"wp","href":"https:\/\/api.w.org\/{rel}","templated":true}]}}