{"id":71,"date":"2020-07-26T17:17:43","date_gmt":"2020-07-26T15:17:43","guid":{"rendered":"https:\/\/wordpress.nibis.de\/gsmartfeld\/?page_id=71"},"modified":"2025-03-14T09:35:53","modified_gmt":"2025-03-14T08:35:53","slug":"links","status":"publish","type":"page","link":"https:\/\/wordpress.nibis.de\/gsmartfeld\/links\/","title":{"rendered":"Links"},"content":{"rendered":"<p style=\"text-align: right\"><img loading=\"lazy\" decoding=\"async\" class=\"alignnone  wp-image-223\" src=\"https:\/\/wordpress.nibis.de\/gsmartfeld\/files\/2020\/07\/Antolin_Grafik_4-300x300.jpeg\" alt=\"\" width=\"124\" height=\"124\" srcset=\"https:\/\/wordpress.nibis.de\/gsmartfeld\/files\/2020\/07\/Antolin_Grafik_4-300x300.jpeg 300w, https:\/\/wordpress.nibis.de\/gsmartfeld\/files\/2020\/07\/Antolin_Grafik_4-150x150.jpeg 150w, https:\/\/wordpress.nibis.de\/gsmartfeld\/files\/2020\/07\/Antolin_Grafik_4.jpeg 600w\" sizes=\"auto, (max-width: 124px) 100vw, 124px\" \/><\/p>\n<h3>Ab der zweiten Klasse bekommen die Sch\u00fcler*innen von der Deutschlehrkraft einen Code zu Antolin. Die ist ein Internetportal zur Lesef\u00f6rderung. Zu vielen Leseb\u00fcchern bietet dieses Portal Quizfragen.<\/h3>\n<h3>Die neusten Kinderbuchtitel werden immer wieder auf der Antolinseite erg\u00e4nzt, sodass Sch\u00fcler ein Quiz, auch zu ihrem neusten Lieblingsbuch l\u00f6sen k\u00f6nnen. Angespornt werden die Kinder auch durch Punkte, die sie mit den gelesenen B\u00fcchern und den gel\u00f6sten R\u00e4tseln sammeln k\u00f6nnen. Das Vorstellungsverm\u00f6gen, die Fantasie, sowie Sprach- und Ausdrucksweise werden gef\u00f6rdert.<\/h3>\n<p><a href=\"https:\/\/antolin.westermann.de\/\">https:\/\/antolin.westermann.de\/<\/a><\/p>\n<p>\u00a0<\/p>\n<p style=\"text-align: right\"><img loading=\"lazy\" decoding=\"async\" class=\"alignnone size-medium wp-image-224\" src=\"https:\/\/wordpress.nibis.de\/gsmartfeld\/files\/2020\/07\/Anton-300x146.png\" alt=\"\" width=\"300\" height=\"146\" srcset=\"https:\/\/wordpress.nibis.de\/gsmartfeld\/files\/2020\/07\/Anton-300x146.png 300w, https:\/\/wordpress.nibis.de\/gsmartfeld\/files\/2020\/07\/Anton.png 512w\" sizes=\"auto, (max-width: 300px) 100vw, 300px\" \/><\/p>\n<h3>Alle Sch\u00fcler*innen der GS Martfeld erhalten einen Code f\u00fcr die Lern-App Anton. Hier k\u00f6nnen Lerninhalte am Computer oder Handy ge\u00fcbt werden, die von der Lehrkraft freigeschaltet werden. Die Kinder sammeln Punkte und k\u00f6nnen diese f\u00fcr Spiele einl\u00f6sen.<\/h3>\n<p><a href=\"https:\/\/anton.app\/de\/\">https:\/\/anton.app\/de\/<\/a><\/p>\n<p>\u00a0<\/p>\n<p style=\"text-align: right\"><img loading=\"lazy\" decoding=\"async\" class=\"alignnone wp-image-1527 size-full\" src=\"https:\/\/wordpress.nibis.de\/gsmartfeld\/files\/2025\/03\/Download.png\" alt=\"\" width=\"204\" height=\"192\" \/><\/p>\n<p><strong>Wir arbeiten an unserer Schule mit Iserv. Hier kommunizieren wir mit den Eltern und Sch\u00fclern und verschicken \u00fcber dieses Portal auch unsere Elternbriefe. Au\u00dferdem wird hier\u00fcber der Elternsprechtag organisiert.<\/strong><\/p>\n<p><a href=\"_wp_link_placeholder\" data-wplink-edit=\"true\">gsmartfeld.de<\/a><\/p>\n\n","protected":false},"excerpt":{"rendered":"<p>Ab der zweiten Klasse bekommen die Sch\u00fcler*innen von der Deutschlehrkraft einen Code zu Antolin. Die ist ein Internetportal zur Lesef\u00f6rderung. Zu vielen Leseb\u00fcchern bietet dieses Portal Quizfragen. Die neusten Kinderbuchtitel werden immer wieder auf der Antolinseite erg\u00e4nzt, sodass Sch\u00fcler ein Quiz, auch zu ihrem neusten Lieblingsbuch l\u00f6sen k\u00f6nnen. Angespornt werden die Kinder auch durch Punkte, [&hellip;]<\/p>\n","protected":false},"author":9193548,"featured_media":0,"parent":0,"menu_order":0,"comment_status":"closed","ping_status":"closed","template":"","meta":{"footnotes":""},"class_list":["post-71","page","type-page","status-publish","hentry"],"_links":{"self":[{"href":"https:\/\/wordpress.nibis.de\/gsmartfeld\/wp-json\/wp\/v2\/pages\/71","targetHints":{"allow":["GET"]}}],"collection":[{"href":"https:\/\/wordpress.nibis.de\/gsmartfeld\/wp-json\/wp\/v2\/pages"}],"about":[{"href":"https:\/\/wordpress.nibis.de\/gsmartfeld\/wp-json\/wp\/v2\/types\/page"}],"author":[{"embeddable":true,"href":"https:\/\/wordpress.nibis.de\/gsmartfeld\/wp-json\/wp\/v2\/users\/9193548"}],"replies":[{"embeddable":true,"href":"https:\/\/wordpress.nibis.de\/gsmartfeld\/wp-json\/wp\/v2\/comments?post=71"}],"version-history":[{"count":7,"href":"https:\/\/wordpress.nibis.de\/gsmartfeld\/wp-json\/wp\/v2\/pages\/71\/revisions"}],"predecessor-version":[{"id":1530,"href":"https:\/\/wordpress.nibis.de\/gsmartfeld\/wp-json\/wp\/v2\/pages\/71\/revisions\/1530"}],"wp:attachment":[{"href":"https:\/\/wordpress.nibis.de\/gsmartfeld\/wp-json\/wp\/v2\/media?parent=71"}],"curies":[{"name":"wp","href":"https:\/\/api.w.org\/{rel}","templated":true}]}}