{"id":1531,"date":"2019-04-26T11:36:25","date_gmt":"2019-04-26T09:36:25","guid":{"rendered":"https:\/\/wordpress.nibis.de\/gsmartinus\/?page_id=1531"},"modified":"2019-08-21T13:49:41","modified_gmt":"2019-08-21T11:49:41","slug":"schulobst","status":"publish","type":"page","link":"https:\/\/wordpress.nibis.de\/gsmartinus\/schulobst\/","title":{"rendered":"Schulobst"},"content":{"rendered":"\n<p>Von montags bis mittwochs erhalten die Kinder Obst und Gem\u00fcse vom Biohof Kruse. Das Obst und Gem\u00fcse wird von den Eltern der Klassen zubereitet. In regelm\u00e4\u00dfigen Abst\u00e4nden gibt es eine Projektwoche zum Thema &#8222;Gesunde Ern\u00e4hrung&#8220;. Im Unterricht wird dieses Thema immer wieder aufgegriffen.<\/p>\n","protected":false},"excerpt":{"rendered":"<p>Von montags bis mittwochs erhalten die Kinder Obst und Gem\u00fcse vom Biohof Kruse. Das Obst und Gem\u00fcse wird von den Eltern der Klassen zubereitet. In regelm\u00e4\u00dfigen Abst\u00e4nden gibt es eine Projektwoche zum Thema &#8222;Gesunde Ern\u00e4hrung&#8220;. Im Unterricht wird dieses Thema &hellip; <a href=\"https:\/\/wordpress.nibis.de\/gsmartinus\/schulobst\/\">Weiterlesen <span class=\"meta-nav\">&rarr;<\/span><\/a><\/p>\n","protected":false},"author":9192899,"featured_media":1545,"parent":0,"menu_order":0,"comment_status":"closed","ping_status":"closed","template":"","meta":{"footnotes":""},"class_list":["post-1531","page","type-page","status-publish","has-post-thumbnail","hentry"],"_links":{"self":[{"href":"https:\/\/wordpress.nibis.de\/gsmartinus\/wp-json\/wp\/v2\/pages\/1531","targetHints":{"allow":["GET"]}}],"collection":[{"href":"https:\/\/wordpress.nibis.de\/gsmartinus\/wp-json\/wp\/v2\/pages"}],"about":[{"href":"https:\/\/wordpress.nibis.de\/gsmartinus\/wp-json\/wp\/v2\/types\/page"}],"author":[{"embeddable":true,"href":"https:\/\/wordpress.nibis.de\/gsmartinus\/wp-json\/wp\/v2\/users\/9192899"}],"replies":[{"embeddable":true,"href":"https:\/\/wordpress.nibis.de\/gsmartinus\/wp-json\/wp\/v2\/comments?post=1531"}],"version-history":[{"count":6,"href":"https:\/\/wordpress.nibis.de\/gsmartinus\/wp-json\/wp\/v2\/pages\/1531\/revisions"}],"predecessor-version":[{"id":1644,"href":"https:\/\/wordpress.nibis.de\/gsmartinus\/wp-json\/wp\/v2\/pages\/1531\/revisions\/1644"}],"wp:featuredmedia":[{"embeddable":true,"href":"https:\/\/wordpress.nibis.de\/gsmartinus\/wp-json\/wp\/v2\/media\/1545"}],"wp:attachment":[{"href":"https:\/\/wordpress.nibis.de\/gsmartinus\/wp-json\/wp\/v2\/media?parent=1531"}],"curies":[{"name":"wp","href":"https:\/\/api.w.org\/{rel}","templated":true}]}}