{"id":1034,"date":"2016-07-07T17:59:43","date_gmt":"2016-07-07T15:59:43","guid":{"rendered":"http:\/\/wordpress.nibis.de\/gsmelbeck\/?page_id=1034"},"modified":"2018-12-10T12:36:38","modified_gmt":"2018-12-10T11:36:38","slug":"evaluation-in-der-gs-melbeck","status":"publish","type":"page","link":"https:\/\/wordpress.nibis.de\/gsmelbeck\/evaluation-in-der-gs-melbeck\/","title":{"rendered":"Evaluation in der GS Melbeck"},"content":{"rendered":"<p>Im April 2016 haben Eltern, Sch\u00fclerinnen und Sch\u00fcler sowie die Lehrkr\u00e4fte unserer Schule eine Befragung durchgef\u00fchrt. Hier k\u00f6nnen Sie sich die Zusammenfassung anschauen: <a href=\"http:\/\/wordpress.nibis.de\/gsmelbeck\/files\/Evaluation-2016.pdf\">Evaluation 2016<\/a><\/p>\n<p>&nbsp;<\/p>\n<p><strong>Hier finden Sie die neuesten Ergebnisse von 2018:<\/strong><\/p>\n<p><a href=\"http:\/\/wordpress.nibis.de\/gsmelbeck\/unsere-schule\/leitbild\/schulprogramm\/frosin-gs-melbeckauswertung-schueler-jg-34\/\" rel=\"attachment wp-att-1240\">FrOSiN GS MelbeckAuswertung Sch\u00fcler Jg. 3+4<\/a><\/p>\n<p><a href=\"http:\/\/wordpress.nibis.de\/gsmelbeck\/unsere-schule\/leitbild\/schulprogramm\/frosin-gs-melbeckauswertung-erziehungsberechtigte\/\" rel=\"attachment wp-att-1239\">FrOSiN GS MelbeckAuswertung Erziehungsberechtigte<\/a><\/p>\n<p>&nbsp;<\/p>\n","protected":false},"excerpt":{"rendered":"<p>Im April 2016 haben Eltern, Sch\u00fclerinnen und Sch\u00fcler sowie die Lehrkr\u00e4fte unserer Schule eine Befragung durchgef\u00fchrt. Hier k\u00f6nnen Sie sich die Zusammenfassung anschauen: Evaluation 2016 &nbsp; Hier finden Sie die neuesten Ergebnisse von 2018: FrOSiN GS MelbeckAuswertung Sch\u00fcler Jg. 3+4 &hellip; <a href=\"https:\/\/wordpress.nibis.de\/gsmelbeck\/evaluation-in-der-gs-melbeck\/\">Weiterlesen <span class=\"meta-nav\">&rarr;<\/span><\/a><\/p>\n","protected":false},"author":34,"featured_media":0,"parent":0,"menu_order":0,"comment_status":"closed","ping_status":"closed","template":"","meta":{"footnotes":""},"class_list":["post-1034","page","type-page","status-publish","hentry"],"_links":{"self":[{"href":"https:\/\/wordpress.nibis.de\/gsmelbeck\/wp-json\/wp\/v2\/pages\/1034","targetHints":{"allow":["GET"]}}],"collection":[{"href":"https:\/\/wordpress.nibis.de\/gsmelbeck\/wp-json\/wp\/v2\/pages"}],"about":[{"href":"https:\/\/wordpress.nibis.de\/gsmelbeck\/wp-json\/wp\/v2\/types\/page"}],"author":[{"embeddable":true,"href":"https:\/\/wordpress.nibis.de\/gsmelbeck\/wp-json\/wp\/v2\/users\/34"}],"replies":[{"embeddable":true,"href":"https:\/\/wordpress.nibis.de\/gsmelbeck\/wp-json\/wp\/v2\/comments?post=1034"}],"version-history":[{"count":7,"href":"https:\/\/wordpress.nibis.de\/gsmelbeck\/wp-json\/wp\/v2\/pages\/1034\/revisions"}],"predecessor-version":[{"id":1268,"href":"https:\/\/wordpress.nibis.de\/gsmelbeck\/wp-json\/wp\/v2\/pages\/1034\/revisions\/1268"}],"wp:attachment":[{"href":"https:\/\/wordpress.nibis.de\/gsmelbeck\/wp-json\/wp\/v2\/media?parent=1034"}],"curies":[{"name":"wp","href":"https:\/\/api.w.org\/{rel}","templated":true}]}}