{"id":1073,"date":"2016-12-09T20:29:37","date_gmt":"2016-12-09T19:29:37","guid":{"rendered":"http:\/\/wordpress.nibis.de\/gsmelbeck\/?page_id=1073"},"modified":"2016-12-09T21:57:11","modified_gmt":"2016-12-09T20:57:11","slug":"sicherheit","status":"publish","type":"page","link":"https:\/\/wordpress.nibis.de\/gsmelbeck\/unsere-schule\/sicherheit\/","title":{"rendered":"Sicherheit"},"content":{"rendered":"<p>Sicherheit ist f\u00fcr unsere Sch\u00fclerinnen und Sch\u00fcler sowie f\u00fcr die Mitarbeiter unserer Schule wichtig.<br \/>\nUnser Sicherheitskonzept finden Sie hier: <a href=\"http:\/\/wordpress.nibis.de\/gsmelbeck\/unsere-schule\/sicherheit\/homepage-sicherheitskonzept-2\/\" rel=\"attachment wp-att-1098\">homepage-sicherheitskonzept<\/a><\/p>\n","protected":false},"excerpt":{"rendered":"<p>Sicherheit ist f\u00fcr unsere Sch\u00fclerinnen und Sch\u00fcler sowie f\u00fcr die Mitarbeiter unserer Schule wichtig. Unser Sicherheitskonzept finden Sie hier: homepage-sicherheitskonzept<\/p>\n","protected":false},"author":34,"featured_media":0,"parent":22,"menu_order":0,"comment_status":"closed","ping_status":"closed","template":"","meta":{"footnotes":""},"class_list":["post-1073","page","type-page","status-publish","hentry"],"_links":{"self":[{"href":"https:\/\/wordpress.nibis.de\/gsmelbeck\/wp-json\/wp\/v2\/pages\/1073","targetHints":{"allow":["GET"]}}],"collection":[{"href":"https:\/\/wordpress.nibis.de\/gsmelbeck\/wp-json\/wp\/v2\/pages"}],"about":[{"href":"https:\/\/wordpress.nibis.de\/gsmelbeck\/wp-json\/wp\/v2\/types\/page"}],"author":[{"embeddable":true,"href":"https:\/\/wordpress.nibis.de\/gsmelbeck\/wp-json\/wp\/v2\/users\/34"}],"replies":[{"embeddable":true,"href":"https:\/\/wordpress.nibis.de\/gsmelbeck\/wp-json\/wp\/v2\/comments?post=1073"}],"version-history":[{"count":2,"href":"https:\/\/wordpress.nibis.de\/gsmelbeck\/wp-json\/wp\/v2\/pages\/1073\/revisions"}],"predecessor-version":[{"id":1099,"href":"https:\/\/wordpress.nibis.de\/gsmelbeck\/wp-json\/wp\/v2\/pages\/1073\/revisions\/1099"}],"up":[{"embeddable":true,"href":"https:\/\/wordpress.nibis.de\/gsmelbeck\/wp-json\/wp\/v2\/pages\/22"}],"wp:attachment":[{"href":"https:\/\/wordpress.nibis.de\/gsmelbeck\/wp-json\/wp\/v2\/media?parent=1073"}],"curies":[{"name":"wp","href":"https:\/\/api.w.org\/{rel}","templated":true}]}}