{"id":84,"date":"2012-04-30T22:34:15","date_gmt":"2012-04-30T22:34:15","guid":{"rendered":"http:\/\/wordpress.nibis.de\/gsmelbeck\/?page_id=84"},"modified":"2012-04-30T23:33:35","modified_gmt":"2012-04-30T23:33:35","slug":"antolin-leselizenz","status":"publish","type":"page","link":"https:\/\/wordpress.nibis.de\/gsmelbeck\/schulleben\/antolin-leselizenz\/","title":{"rendered":"Antolin &#8211; Leselizenz"},"content":{"rendered":"<p>Um die Lesekompetenz unserer Sch\u00fcler zu f\u00f6rdern und sie zum Lesen zu motivieren, verf\u00fcgt unsere Schule \u00fcber eine &#8222;Leselizenz&#8220;. Das bedeutet, dass Ihr Kind von seiner Klassenlehrerin ein Passwort und einen Benutzernamen erh\u00e4lt, mit dem es im Internet beim Antolin &#8211; Leseprogramm Fragen zu B\u00fcchern beantworten kann, die es zuvor gelesen hat.<br \/>\nDies ist nicht nur von unserem Computerraum, sondern auch von zu Hause aus m\u00f6glich. Weitere Informationen finden Sie unter <a href=\"http:\/\/www.antolin.de\">www.antolin.de<\/a>.<br \/>\nWeiteren Zugang zu B\u00fcchern, mit denen die Kinder im Antolin-Programm arbeiten k\u00f6nnen, erhalten sie durch die <a title=\"B\u00fccherei\" href=\"http:\/\/wordpress.nibis.de\/gsmelbeck\/angebote\/bucherei\/\">Gemeindeb\u00fccherei<\/a>, die w\u00f6chentlich von allen Klassen in unserer Schule besucht wird.<\/p>\n","protected":false},"excerpt":{"rendered":"<p>Um die Lesekompetenz unserer Sch\u00fcler zu f\u00f6rdern und sie zum Lesen zu motivieren, verf\u00fcgt unsere Schule \u00fcber eine &#8222;Leselizenz&#8220;. Das bedeutet, dass Ihr Kind von seiner Klassenlehrerin ein Passwort und einen Benutzernamen erh\u00e4lt, mit dem es im Internet beim Antolin &hellip; <a href=\"https:\/\/wordpress.nibis.de\/gsmelbeck\/schulleben\/antolin-leselizenz\/\">Weiterlesen <span class=\"meta-nav\">&rarr;<\/span><\/a><\/p>\n","protected":false},"author":34,"featured_media":0,"parent":81,"menu_order":0,"comment_status":"closed","ping_status":"closed","template":"","meta":{"footnotes":""},"class_list":["post-84","page","type-page","status-publish","hentry"],"_links":{"self":[{"href":"https:\/\/wordpress.nibis.de\/gsmelbeck\/wp-json\/wp\/v2\/pages\/84","targetHints":{"allow":["GET"]}}],"collection":[{"href":"https:\/\/wordpress.nibis.de\/gsmelbeck\/wp-json\/wp\/v2\/pages"}],"about":[{"href":"https:\/\/wordpress.nibis.de\/gsmelbeck\/wp-json\/wp\/v2\/types\/page"}],"author":[{"embeddable":true,"href":"https:\/\/wordpress.nibis.de\/gsmelbeck\/wp-json\/wp\/v2\/users\/34"}],"replies":[{"embeddable":true,"href":"https:\/\/wordpress.nibis.de\/gsmelbeck\/wp-json\/wp\/v2\/comments?post=84"}],"version-history":[{"count":7,"href":"https:\/\/wordpress.nibis.de\/gsmelbeck\/wp-json\/wp\/v2\/pages\/84\/revisions"}],"predecessor-version":[{"id":119,"href":"https:\/\/wordpress.nibis.de\/gsmelbeck\/wp-json\/wp\/v2\/pages\/84\/revisions\/119"}],"up":[{"embeddable":true,"href":"https:\/\/wordpress.nibis.de\/gsmelbeck\/wp-json\/wp\/v2\/pages\/81"}],"wp:attachment":[{"href":"https:\/\/wordpress.nibis.de\/gsmelbeck\/wp-json\/wp\/v2\/media?parent=84"}],"curies":[{"name":"wp","href":"https:\/\/api.w.org\/{rel}","templated":true}]}}